147
CDUS42 KMLB 262023
CLIDAB


CLIMATE REPORT
NATIONAL WEATHER SERVICE MELBOURNE FL
423 PM EDT WED JUL 26 2017


...................................

...THE DAYTONA BEACH CLIMATE SUMMARY FOR JULY 26 2017...
VALID TODAY AS OF 0400 PM LOCAL TIME.

CLIMATE NORMAL PERIOD 1981 TO 2010
CLIMATE RECORD PERIOD 1923 TO 2017


WEATHER ITEM   OBSERVED TIME   RECORD YEAR NORMAL DEPARTURE LAST
                VALUE   (LST)  VALUE       VALUE  FROM      YEAR
                                                  NORMAL
..................................................................
TEMPERATURE (F)
 TODAY
  MAXIMUM         92   1216 PM  97    1992  91      1       95
  MINIMUM         77    627 AM  66    1939  73      4       74
  AVERAGE         85                        82      3       85

PRECIPITATION (IN)
  TODAY            0.00          3.13 1953   0.19  -0.19     0.00
  MONTH TO DATE    5.10                      4.86   0.24     0.71
  SINCE JUN 1     14.32                     10.69   3.63     4.28
  SINCE JAN 1     22.55                     25.76  -3.21    24.28

SNOWFALL (IN)
  TODAY            0.0
  MONTH TO DATE    0.0
  SINCE JUL 1      0.0

DEGREE DAYS
 HEATING
  TODAY            0                         0      0        0
  MONTH TO DATE    0                         0      0        0
  SINCE JUN 1      0                         0      0        0
  SINCE JUL 1      0                         0      0        0

 COOLING
  TODAY           20                        17      3       20
  MONTH TO DATE  467                       431     36      500
  SINCE JUN 1    940                       878     62     1001
  SINCE JAN 1   1757                      1479    278     1775
..................................................................


WIND (MPH)
  HIGHEST WIND SPEED    12   HIGHEST WIND DIRECTION     E (80)
  HIGHEST GUST SPEED    15   HIGHEST GUST DIRECTION    NW (300)
  AVERAGE WIND SPEED     4.0


SKY COVER
  AVERAGE SKY COVER 0.6


WEATHER CONDITIONS
 THE FOLLOWING WEATHER WAS RECORDED TODAY.
  NO SIGNIFICANT WEATHER WAS OBSERVED.


RELATIVE HUMIDITY (PERCENT)
 HIGHEST   100           100 AM
 LOWEST     56          1200 PM
 AVERAGE    78

..........................................................


THE DAYTONA BEACH CLIMATE NORMALS FOR TOMORROW
                         NORMAL    RECORD    YEAR
 MAXIMUM TEMPERATURE (F)   91        98      1992
 MINIMUM TEMPERATURE (F)   73        69      1941
                                             1939
                                             1938


SUNRISE AND SUNSET
JULY 26 2017..........SUNRISE   641 AM EDT   SUNSET   820 PM EDT
JULY 27 2017..........SUNRISE   642 AM EDT   SUNSET   819 PM EDT


-  INDICATES NEGATIVE NUMBERS.
R  INDICATES RECORD WAS SET OR TIED.
MM INDICATES DATA IS MISSING.
T  INDICATES TRACE AMOUNT.




$$
