000
CDUS42 KMLB 030643
CLIDAB


CLIMATE REPORT
NATIONAL WEATHER SERVICE MELBOURNE FL
142 AM EST TUE MAR 3 2015


...................................

...THE DAYTONA BEACH CLIMATE SUMMARY FOR MARCH 2 2015...

CLIMATE NORMAL PERIOD 1981 TO 2010
CLIMATE RECORD PERIOD 1923 TO 2015


WEATHER ITEM   OBSERVED TIME   RECORD YEAR NORMAL DEPARTURE LAST
                VALUE   (LST)  VALUE       VALUE  FROM      YEAR
                                                  NORMAL
..................................................................
TEMPERATURE (F)
 YESTERDAY
  MAXIMUM         80    350 PM  88    1953  73      7       74
                                      1939
  MINIMUM         57    513 AM  29    1980  52      5       51
  AVERAGE         69                        62      7       63

PRECIPITATION (IN)
  YESTERDAY        0.00          2.36 1994   0.13  -0.13     0.00
  MONTH TO DATE    T                         0.25  -0.25     0.00
  SINCE MAR 1      T                         0.25  -0.25     0.00
  SINCE JAN 1      5.43                      5.77  -0.34     6.58

SNOWFALL (IN)
  YESTERDAY        0.0
  MONTH TO DATE    0.0
  SINCE JUL 1      0.0

DEGREE DAYS
 HEATING
  YESTERDAY        0                         4     -4        2
  MONTH TO DATE    0                         9     -9        6
  SINCE MAR 1      0                         9     -9        6
  SINCE JUL 1    647                       691    -44      519

 COOLING
  YESTERDAY        4                         2      2        0
  MONTH TO DATE    6                         4      2        0
  SINCE MAR 1      6                         4      2        0
  SINCE JAN 1     46                        69    -23       84
..................................................................


WIND (MPH)
  HIGHEST WIND SPEED    10   HIGHEST WIND DIRECTION    NE (60)
  HIGHEST GUST SPEED    13   HIGHEST GUST DIRECTION    NE (60)
  AVERAGE WIND SPEED     3.7


SKY COVER
  AVERAGE SKY COVER 0.8


WEATHER CONDITIONS
 THE FOLLOWING WEATHER WAS RECORDED YESTERDAY.
  FOG
  FOG W/VISIBILITY <= 1/4 MILE


RELATIVE HUMIDITY (PERCENT)
 HIGHEST   100           300 AM
 LOWEST     62           300 PM
 AVERAGE    81

..........................................................


THE DAYTONA BEACH CLIMATE NORMALS FOR TODAY
                         NORMAL    RECORD    YEAR
 MAXIMUM TEMPERATURE (F)   73        88      2001
                                             1964
 MINIMUM TEMPERATURE (F)   52        26      1980


SUNRISE AND SUNSET
MARCH  3 2015.........SUNRISE   648 AM EST   SUNSET   625 PM EST
MARCH  4 2015.........SUNRISE   647 AM EST   SUNSET   626 PM EST


-  INDICATES NEGATIVE NUMBERS.
R  INDICATES RECORD WAS SET OR TIED.
MM INDICATES DATA IS MISSING.
T  INDICATES TRACE AMOUNT.




$$
