000
CDUS42 KMLB 020635
CLIDAB


CLIMATE REPORT
NATIONAL WEATHER SERVICE MELBOURNE FL
235 AM EDT SAT AUG 2 2014


...................................

...THE DAYTONA BEACH CLIMATE SUMMARY FOR AUGUST 1 2014...

CLIMATE NORMAL PERIOD 1981 TO 2010
CLIMATE RECORD PERIOD 1923 TO 2014


WEATHER ITEM   OBSERVED TIME   RECORD YEAR NORMAL DEPARTURE LAST
                VALUE   (LST)  VALUE       VALUE  FROM      YEAR
                                                  NORMAL
..................................................................
TEMPERATURE (F)
 YESTERDAY
  MAXIMUM         91    102 PM  99    1999  91      0       91
  MINIMUM         77    646 AM  68    1938  73      4       73
  AVERAGE         84                        82      2       82

PRECIPITATION (IN)
  YESTERDAY        0.03          1.84 2011   0.19  -0.16     0.03
  MONTH TO DATE    0.03                      0.19  -0.16     0.03
  SINCE JUN 1     11.21                     11.85  -0.64    14.21
  SINCE JAN 1     30.96                     26.92   4.04    29.04

SNOWFALL (IN)
  YESTERDAY        0.0
  MONTH TO DATE    0.0
  SINCE JUL 1      0.0

DEGREE DAYS
 HEATING
  YESTERDAY        0                         0      0        0
  MONTH TO DATE    0                         0      0        0
  SINCE JUN 1      0                         0      0        0
  SINCE JUL 1      0                         0      0        0

 COOLING
  YESTERDAY       19                        17      2       17
  MONTH TO DATE   19                        17      2       17
  SINCE JUN 1    981                       979      2     1012
  SINCE JAN 1   1647                      1580     67     1664
..................................................................


WIND (MPH)
  HIGHEST WIND SPEED    10   HIGHEST WIND DIRECTION     E (80)
  HIGHEST GUST SPEED    14   HIGHEST GUST DIRECTION     E (80)
  AVERAGE WIND SPEED     4.6


SKY COVER
  AVERAGE SKY COVER 0.5


WEATHER CONDITIONS
 THE FOLLOWING WEATHER WAS RECORDED YESTERDAY.
  LIGHT RAIN


RELATIVE HUMIDITY (PERCENT)
 HIGHEST    94           400 AM
 LOWEST     56          1200 PM
 AVERAGE    75

..........................................................


THE DAYTONA BEACH CLIMATE NORMALS FOR TODAY
                         NORMAL    RECORD    YEAR
 MAXIMUM TEMPERATURE (F)   91       100      1999
 MINIMUM TEMPERATURE (F)   73        69      1952
                                             1940
                                             1939


SUNRISE AND SUNSET
AUGUST  2 2014........SUNRISE   645 AM EDT   SUNSET   815 PM EDT
AUGUST  3 2014........SUNRISE   646 AM EDT   SUNSET   815 PM EDT


-  INDICATES NEGATIVE NUMBERS.
R  INDICATES RECORD WAS SET OR TIED.
MM INDICATES DATA IS MISSING.
T  INDICATES TRACE AMOUNT.




$$
