000
CDUS42 KMLB 270635
CLIDAB


CLIMATE REPORT
NATIONAL WEATHER SERVICE MELBOURNE FL
235 AM EDT SAT MAY 27 2017


...................................

...THE DAYTONA BEACH CLIMATE SUMMARY FOR MAY 26 2017...

CLIMATE NORMAL PERIOD 1981 TO 2010
CLIMATE RECORD PERIOD 1923 TO 2017


WEATHER ITEM   OBSERVED TIME   RECORD YEAR NORMAL DEPARTURE LAST
                VALUE   (LST)  VALUE       VALUE  FROM      YEAR
                                                  NORMAL
..................................................................
TEMPERATURE (F)
 YESTERDAY
  MAXIMUM         82    323 PM 100    1953  86     -4       84
  MINIMUM         57R   402 AM  57    1979  68    -11       64
                                      1935
  AVERAGE         70                        77     -7       74

PRECIPITATION (IN)
  YESTERDAY        0.00          4.22 1947   0.13  -0.13     0.00
  MONTH TO DATE    1.90                      2.35  -0.45     4.52
  SINCE MAR 1      4.19                      8.77  -4.58     8.11
  SINCE JAN 1      8.20                     14.29  -6.09    18.82

SNOWFALL (IN)
  YESTERDAY        0.0
  MONTH TO DATE    0.0
  SINCE JUL 1      0.0

DEGREE DAYS
 HEATING
  YESTERDAY        0                         0      0        0
  MONTH TO DATE    0                         0      0        0
  SINCE MAR 1     95                       125    -30       43
  SINCE JUL 1    401                       807   -406      508

 COOLING
  YESTERDAY        5                        12     -7        9
  MONTH TO DATE  277                       249     28      269
  SINCE MAR 1    623                       471    152      653
  SINCE JAN 1    743                       536    207      703
..................................................................


WIND (MPH)
  HIGHEST WIND SPEED    15   HIGHEST WIND DIRECTION     E (70)
  HIGHEST GUST SPEED    18   HIGHEST GUST DIRECTION     E (70)
  AVERAGE WIND SPEED     4.8


SKY COVER
  AVERAGE SKY COVER 0.1


WEATHER CONDITIONS
 THE FOLLOWING WEATHER WAS RECORDED YESTERDAY.
  NO SIGNIFICANT WEATHER WAS OBSERVED.


RELATIVE HUMIDITY (PERCENT)
 HIGHEST    93           300 AM
 LOWEST     37          1100 AM
 AVERAGE    65

..........................................................


THE DAYTONA BEACH CLIMATE NORMALS FOR TODAY
                         NORMAL    RECORD    YEAR
 MAXIMUM TEMPERATURE (F)   87        97      1967
 MINIMUM TEMPERATURE (F)   68        53      1935


SUNRISE AND SUNSET
MAY 27 2017...........SUNRISE   627 AM EDT   SUNSET   816 PM EDT
MAY 28 2017...........SUNRISE   626 AM EDT   SUNSET   817 PM EDT


-  INDICATES NEGATIVE NUMBERS.
R  INDICATES RECORD WAS SET OR TIED.
MM INDICATES DATA IS MISSING.
T  INDICATES TRACE AMOUNT.




$$
