000
CDUS42 KMLB 280629
CLIDAB


CLIMATE REPORT
NATIONAL WEATHER SERVICE MELBOURNE FL
228 AM EDT SUN AUG 28 2016


...................................

...THE DAYTONA BEACH CLIMATE SUMMARY FOR AUGUST 27 2016...

CLIMATE NORMAL PERIOD 1981 TO 2010
CLIMATE RECORD PERIOD 1923 TO 2016


WEATHER ITEM   OBSERVED TIME   RECORD YEAR NORMAL DEPARTURE LAST
                VALUE   (LST)  VALUE       VALUE  FROM      YEAR
                                                  NORMAL
..................................................................
TEMPERATURE (F)
 YESTERDAY
  MAXIMUM         91    225 PM 101    1938  89      2       88
  MINIMUM         76    317 AM  67    1984  73      3       72
  AVERAGE         84                        81      3       80

PRECIPITATION (IN)
  YESTERDAY        0.00          4.41 1949   0.22  -0.22     0.14
  MONTH TO DATE    1.29                      5.54  -4.25     5.30
  SINCE JUN 1      5.57                     17.20 -11.63    14.73
  SINCE JAN 1     25.57                     32.27  -6.70    29.07

SNOWFALL (IN)
  YESTERDAY        0.0
  MONTH TO DATE    0.0
  SINCE JUL 1      0.0

DEGREE DAYS
 HEATING
  YESTERDAY        0                         0      0        0
  MONTH TO DATE    0                         0      0        0
  SINCE JUN 1      0                         0      0        0
  SINCE JUL 1      0                         0      0        0

 COOLING
  YESTERDAY       19                        16      3       15
  MONTH TO DATE  518                       449     69      474
  SINCE JUN 1   1620                      1411    209     1519
  SINCE JAN 1   2394                      2012    382     2432
..................................................................


WIND (MPH)
  HIGHEST WIND SPEED    16   HIGHEST WIND DIRECTION    NE (50)
  HIGHEST GUST SPEED    23   HIGHEST GUST DIRECTION    NE (60)
  AVERAGE WIND SPEED     8.7


SKY COVER
  AVERAGE SKY COVER 0.5


WEATHER CONDITIONS
 THE FOLLOWING WEATHER WAS RECORDED YESTERDAY.
  NO SIGNIFICANT WEATHER WAS OBSERVED.


RELATIVE HUMIDITY (PERCENT)
 HIGHEST    91          1100 PM
 LOWEST     56          1200 PM
 AVERAGE    74

..........................................................


THE DAYTONA BEACH CLIMATE NORMALS FOR TODAY
                         NORMAL    RECORD    YEAR
 MAXIMUM TEMPERATURE (F)   89        95      1965
 MINIMUM TEMPERATURE (F)   73        67      1997
                                             1984


SUNRISE AND SUNSET
AUGUST 28 2016........SUNRISE   700 AM EDT   SUNSET   750 PM EDT
AUGUST 29 2016........SUNRISE   701 AM EDT   SUNSET   749 PM EDT


-  INDICATES NEGATIVE NUMBERS.
R  INDICATES RECORD WAS SET OR TIED.
MM INDICATES DATA IS MISSING.
T  INDICATES TRACE AMOUNT.

&&

DAYTONA BEACH SURF TEMPERATURE IS 82 DEGREES.

$$
