000
CDUS42 KMLB 270626
CLIDAB


CLIMATE REPORT
NATIONAL WEATHER SERVICE MELBOURNE FL
226 AM EDT MON MAR 27 2017


...................................

...THE DAYTONA BEACH CLIMATE SUMMARY FOR MARCH 26 2017...

CLIMATE NORMAL PERIOD 1981 TO 2010
CLIMATE RECORD PERIOD 1923 TO 2017


WEATHER ITEM   OBSERVED TIME   RECORD YEAR NORMAL DEPARTURE LAST
                VALUE   (LST)  VALUE       VALUE  FROM      YEAR
                                                  NORMAL
..................................................................
TEMPERATURE (F)
 YESTERDAY
  MAXIMUM         80   1129 AM  89    1944  76      4       83
  MINIMUM         57    613 AM  36    1956  56      1       66
  AVERAGE         69                        66      3       75

PRECIPITATION (IN)
  YESTERDAY        0.00          1.62 1982   0.14  -0.14     0.19
  MONTH TO DATE    1.07                      3.57  -2.50     1.23
  SINCE MAR 1      1.07                      3.57  -2.50     1.23
  SINCE JAN 1      5.08                      9.09  -4.01    11.94

SNOWFALL (IN)
  YESTERDAY        0.0
  MONTH TO DATE    0.0
  SINCE JUL 1      0.0

DEGREE DAYS
 HEATING
  YESTERDAY        0                         2     -2        0
  MONTH TO DATE   82                        86     -4       38
  SINCE MAR 1     82                        86     -4       38
  SINCE JUL 1    388                       768   -380      503

 COOLING
  YESTERDAY        4                         3      1       10
  MONTH TO DATE   80                        63     17      131
  SINCE MAR 1     80                        63     17      131
  SINCE JAN 1    200                       128     72      181
..................................................................


WIND (MPH)
  HIGHEST WIND SPEED    16   HIGHEST WIND DIRECTION     E (70)
  HIGHEST GUST SPEED    23   HIGHEST GUST DIRECTION     E (70)
  AVERAGE WIND SPEED     4.4


SKY COVER
  AVERAGE SKY COVER 0.2


WEATHER CONDITIONS
 THE FOLLOWING WEATHER WAS RECORDED YESTERDAY.
  FOG


RELATIVE HUMIDITY (PERCENT)
 HIGHEST   100           200 AM
 LOWEST     48          1100 AM
 AVERAGE    74

..........................................................


THE DAYTONA BEACH CLIMATE NORMALS FOR TODAY
                         NORMAL    RECORD    YEAR
 MAXIMUM TEMPERATURE (F)   76        91      2011
                                             1994
 MINIMUM TEMPERATURE (F)   56        39      2013
                                             2006
                                             1955


SUNRISE AND SUNSET
MARCH 27 2017.........SUNRISE   720 AM EDT   SUNSET   740 PM EDT
MARCH 28 2017.........SUNRISE   718 AM EDT   SUNSET   740 PM EDT


-  INDICATES NEGATIVE NUMBERS.
R  INDICATES RECORD WAS SET OR TIED.
MM INDICATES DATA IS MISSING.
T  INDICATES TRACE AMOUNT.




$$
