990
CDUS42 KMLB 310635
CLIDAB


CLIMATE REPORT
NATIONAL WEATHER SERVICE MELBOURNE FL
235 AM EDT SUN JUL 31 2016


...................................

...THE DAYTONA BEACH CLIMATE SUMMARY FOR JULY 30 2016...

CLIMATE NORMAL PERIOD 1981 TO 2010
CLIMATE RECORD PERIOD 1923 TO 2016


WEATHER ITEM   OBSERVED TIME   RECORD YEAR NORMAL DEPARTURE LAST
                VALUE   (LST)  VALUE       VALUE  FROM      YEAR
                                                  NORMAL
..................................................................
TEMPERATURE (F)
 YESTERDAY
  MAXIMUM         94    122 PM  99    2010  91      3       93
                                      1930
  MINIMUM         73    531 AM  66    1940  73      0       74
  AVERAGE         84                        82      2       84

PRECIPITATION (IN)
  YESTERDAY        0.00          2.17 1997   0.20  -0.20     0.08
                                      1937
  MONTH TO DATE    0.71                      5.63  -4.92     4.04
  SINCE JUN 1      4.28                     11.46  -7.18     9.43
  SINCE JAN 1     24.28                     26.53  -2.25    23.77

SNOWFALL (IN)
  YESTERDAY        0.0
  MONTH TO DATE    0.0
  SINCE JUL 1      0.0

DEGREE DAYS
 HEATING
  YESTERDAY        0                         0      0        0
  MONTH TO DATE    0                         0      0        0
  SINCE JUN 1      0                         0      0        0
  SINCE JUL 1      0                         0      0        0

 COOLING
  YESTERDAY       19                        17      2       19
  MONTH TO DATE  582                       499     83      529
  SINCE JUN 1   1083                       946    137     1026
  SINCE JAN 1   1857                      1547    310     1939
..................................................................


WIND (MPH)
  HIGHEST WIND SPEED    15   HIGHEST WIND DIRECTION     E (70)
  HIGHEST GUST SPEED    19   HIGHEST GUST DIRECTION    NE (60)
  AVERAGE WIND SPEED     4.2


SKY COVER
  AVERAGE SKY COVER 0.3


WEATHER CONDITIONS
 THE FOLLOWING WEATHER WAS RECORDED YESTERDAY.
  NO SIGNIFICANT WEATHER WAS OBSERVED.


RELATIVE HUMIDITY (PERCENT)
 HIGHEST   100           200 AM
 LOWEST     49           100 PM
 AVERAGE    75

..........................................................


THE DAYTONA BEACH CLIMATE NORMALS FOR TODAY
                         NORMAL    RECORD    YEAR
 MAXIMUM TEMPERATURE (F)   91        98      1999
                                             1993
 MINIMUM TEMPERATURE (F)   73        63      1940


SUNRISE AND SUNSET
JULY 31 2016..........SUNRISE   644 AM EDT   SUNSET   816 PM EDT
AUGUST  1 2016........SUNRISE   645 AM EDT   SUNSET   816 PM EDT


-  INDICATES NEGATIVE NUMBERS.
R  INDICATES RECORD WAS SET OR TIED.
MM INDICATES DATA IS MISSING.
T  INDICATES TRACE AMOUNT.




$$
