000
CDUS41 KRNK 280818
CLIDAN


CLIMATE REPORT
NATIONAL WEATHER SERVICE BLACKSBURG VA
416 AM EDT SUN MAY 28 2017


...................................

...THE DANVILLE VA CLIMATE SUMMARY FOR MAY 27 2017...

CLIMATE NORMAL PERIOD 1981 TO 2010
CLIMATE RECORD PERIOD 1948 TO 2017


WEATHER ITEM   OBSERVED TIME   RECORD YEAR NORMAL DEPARTURE LAST
                VALUE   (LST)  VALUE       VALUE  FROM      YEAR
                                                  NORMAL
..................................................................
TEMPERATURE (F)
 YESTERDAY
  MAXIMUM         86    413 PM  98    1965  80      6       86
  MINIMUM         55    453 AM  31    1961  59     -4       64
  AVERAGE         71                        69      2       75

PRECIPITATION (IN)
  YESTERDAY        0.00          2.07 1968   0.13  -0.13     0.00
  MONTH TO DATE    5.93                      3.31   2.62     7.22
  SINCE MAR 1     16.12                     10.88   5.24    12.35
  SINCE JAN 1     20.89                     17.31   3.58    19.20

SNOWFALL (IN)
  YESTERDAY        0.0                                       0.0
  MONTH TO DATE    0.0                                       0.0
  SINCE MAR 1      T                                         0.0
  SINCE JUL 1      8.8                                      11.1
  SNOW DEPTH       0

DEGREE DAYS
 HEATING
  YESTERDAY        0                         1     -1        0
  MONTH TO DATE   72                        65      7       79
  SINCE MAR 1    686                       807   -121      599
  SINCE JUL 1   3142                      3808   -666     3061

 COOLING
  YESTERDAY        6                         5      1       10
  MONTH TO DATE   80                        87     -7       61
  SINCE MAR 1    158                       121     37      108
  SINCE JAN 1    163                       121     42      108
..................................................................


WIND (MPH)
  HIGHEST WIND SPEED    14   HIGHEST WIND DIRECTION    SW (240)
  HIGHEST GUST SPEED    24   HIGHEST GUST DIRECTION    NW (310)
  AVERAGE WIND SPEED     4.9


SKY COVER
  AVERAGE SKY COVER 0.2


WEATHER CONDITIONS
 THE FOLLOWING WEATHER WAS RECORDED YESTERDAY.
  FOG


RELATIVE HUMIDITY (PERCENT)
 HIGHEST   100          1200 AM
 LOWEST     58          1100 AM
 AVERAGE    79

..........................................................


THE DANVILLE VA CLIMATE NORMALS FOR TODAY
                         NORMAL    RECORD    YEAR
 MAXIMUM TEMPERATURE (F)   80        97      1965
 MINIMUM TEMPERATURE (F)   60        38      1961


SUNRISE AND SUNSET
MAY 28 2017...........SUNRISE   602 AM EDT   SUNSET   828 PM EDT
MAY 29 2017...........SUNRISE   601 AM EDT   SUNSET   828 PM EDT


-  INDICATES NEGATIVE NUMBERS.
R  INDICATES RECORD WAS SET OR TIED.
MM INDICATES DATA IS MISSING.
T  INDICATES TRACE AMOUNT.

$$
RCS
