000
CDUS41 KRNK 202103
CLIDAN


CLIMATE REPORT
NATIONAL WEATHER SERVICE BLACKSBURG VA
503 PM EDT THU JUL 20 2017


...................................

...THE DANVILLE VA CLIMATE SUMMARY FOR JULY 20 2017...
VALID TODAY AS OF 0500 PM LOCAL TIME.

CLIMATE NORMAL PERIOD 1981 TO 2010
CLIMATE RECORD PERIOD 1948 TO 2017


WEATHER ITEM   OBSERVED TIME   RECORD YEAR NORMAL DEPARTURE LAST
                VALUE   (LST)  VALUE       VALUE  FROM      YEAR
                                                  NORMAL
..................................................................
TEMPERATURE (F)
 TODAY
  MAXIMUM         93    223 PM 102    1977  88      5       88
  MINIMUM         69    552 AM  58    1969  69      0       66
  AVERAGE         81                        78      3       77

PRECIPITATION (IN)
  TODAY            0.00          1.34 2009   0.16  -0.16     0.00
  MONTH TO DATE    3.71                      3.03   0.68     2.84
  SINCE JUN 1      8.13                      6.88   1.25    10.54
  SINCE JAN 1     29.13                     24.76   4.37    30.09

SNOWFALL (IN)
  TODAY            0.0                                       0.0
  MONTH TO DATE    0.0                                       0.0
  SINCE JUN 1      0.0                                       0.0
  SINCE JUL 1      0.0                                       0.0
  SNOW DEPTH       0

DEGREE DAYS
 HEATING
  TODAY            0                         0      0        0
  MONTH TO DATE    0                         0      0        0
  SINCE JUN 1      3                         3      0        0
  SINCE JUL 1      0                         0      0        0

 COOLING
  TODAY           16                        13      3       12
  MONTH TO DATE  277                       260     17      262
  SINCE JUN 1    518                       557    -39      538
  SINCE JAN 1    714                       701     13      677
..................................................................


WIND (MPH)
  HIGHEST WIND SPEED     8   HIGHEST WIND DIRECTION    SW (230)
  HIGHEST GUST SPEED    12   HIGHEST GUST DIRECTION    SW (230)
  AVERAGE WIND SPEED     3.0


SKY COVER
  AVERAGE SKY COVER 0.0


WEATHER CONDITIONS
 THE FOLLOWING WEATHER WAS RECORDED TODAY.
  NO SIGNIFICANT WEATHER WAS OBSERVED.


RELATIVE HUMIDITY (PERCENT)
 HIGHEST   100          1200 AM
 LOWEST     49           300 PM
 AVERAGE    75

..........................................................


THE DANVILLE VA CLIMATE NORMALS FOR TOMORROW
                         NORMAL    RECORD    YEAR
 MAXIMUM TEMPERATURE (F)   88       103      1952
 MINIMUM TEMPERATURE (F)   69        55      1969


SUNRISE AND SUNSET
JULY 20 2017..........SUNRISE   614 AM EDT   SUNSET   833 PM EDT
JULY 21 2017..........SUNRISE   615 AM EDT   SUNSET   832 PM EDT


-  INDICATES NEGATIVE NUMBERS.
R  INDICATES RECORD WAS SET OR TIED.
MM INDICATES DATA IS MISSING.
T  INDICATES TRACE AMOUNT.




$$
