000
CDUS41 KRNK 050525
CLIDAN


CLIMATE REPORT
NATIONAL WEATHER SERVICE BLACKSBURG VA
122 AM EDT THU MAY 5 2016


...................................

...THE DANVILLE VA CLIMATE SUMMARY FOR MAY 4 2016...

CLIMATE NORMAL PERIOD 1981 TO 2010
CLIMATE RECORD PERIOD 1948 TO 2016


WEATHER ITEM   OBSERVED TIME   RECORD YEAR NORMAL DEPARTURE LAST
                VALUE   (LST)  VALUE       VALUE  FROM      YEAR
                                                  NORMAL
..................................................................
TEMPERATURE (F)
 YESTERDAY
  MAXIMUM         72    152 PM  92    1949  75     -3       83
  MINIMUM         50   1159 PM  33    1986  52     -2       49
  AVERAGE         61                        63     -2       66

PRECIPITATION (IN)
  YESTERDAY        T             1.78 2009   0.11  -0.11     0.00
  MONTH TO DATE    2.04                      0.41   1.63     0.39
  SINCE MAR 1      7.17                      7.98  -0.81     5.36
  SINCE JAN 1     14.02                     14.41  -0.39     9.15

SNOWFALL (IN)
  YESTERDAY        0.0                                       0.0
  MONTH TO DATE    0.0                                       0.0
  SINCE MAR 1      0.0                                        T
  SINCE JUL 1     11.1                                       9.8
  SNOW DEPTH       0

DEGREE DAYS
 HEATING
  YESTERDAY        4                         4      0        0
  MONTH TO DATE    4                        16    -12       14
  SINCE MAR 1    524                       758   -234      670
  SINCE JUL 1   2986                      3759   -773     3764

 COOLING
  YESTERDAY        0                         2     -2        1
  MONTH TO DATE   13                         8      5        1
  SINCE MAR 1     60                        42     18       35
  SINCE JAN 1     60                        42     18       35
..................................................................


WIND (MPH)
  HIGHEST WIND SPEED    15   HIGHEST WIND DIRECTION     W (270)
  HIGHEST GUST SPEED    19   HIGHEST GUST DIRECTION     W (280)
  AVERAGE WIND SPEED     4.7


SKY COVER
  AVERAGE SKY COVER 0.5


WEATHER CONDITIONS
 THE FOLLOWING WEATHER WAS RECORDED YESTERDAY.
  LIGHT RAIN
  FOG


RELATIVE HUMIDITY (PERCENT)
 HIGHEST    96           900 PM
 LOWEST     40           300 PM
 AVERAGE    68

..........................................................


THE DANVILLE VA CLIMATE NORMALS FOR TODAY
                         NORMAL    RECORD    YEAR
 MAXIMUM TEMPERATURE (F)   75        93      1950
 MINIMUM TEMPERATURE (F)   52        33      1986


SUNRISE AND SUNSET
MAY  5 2016...........SUNRISE   619 AM EDT   SUNSET   809 PM EDT
MAY  6 2016...........SUNRISE   618 AM EDT   SUNSET   810 PM EDT


-  INDICATES NEGATIVE NUMBERS.
R  INDICATES RECORD WAS SET OR TIED.
MM INDICATES DATA IS MISSING.
T  INDICATES TRACE AMOUNT.


REMARKS:
DUE TO A SENSOR FAILURE CAUSING MISSING TEMPERATURES ON FEBRUARY
25...THE SEASONAL HEATING DEGREE DAY TOTAL AND DEPARTURE FROM
NORMAL WILL BE CALCULATED WITHOUT DATA FROM THIS DATE.


$$

PW
