000
CDUS41 KRNK 180749
CLIDAN


CLIMATE REPORT
NATIONAL WEATHER SERVICE BLACKSBURG VA
238 AM EST WED JAN 18 2017


...................................

...THE DANVILLE VA CLIMATE SUMMARY FOR JANUARY 17 2017...

CLIMATE NORMAL PERIOD 1981 TO 2010
CLIMATE RECORD PERIOD 1948 TO 2017


WEATHER ITEM   OBSERVED TIME   RECORD YEAR NORMAL DEPARTURE LAST
                VALUE   (LST)  VALUE       VALUE  FROM      YEAR
                                                  NORMAL
..................................................................
TEMPERATURE (F)
 YESTERDAY
  MAXIMUM         58    313 PM  72    1974  46     12       43
  MINIMUM         42   1205 AM   0    1977  29     13       28
  AVERAGE         50                        38     12       36

PRECIPITATION (IN)
  YESTERDAY        0.09          2.55 2013   0.09   0.00     0.15
  MONTH TO DATE    2.05                      1.86   0.19     1.53
  SINCE DEC 1      3.67                      5.13  -1.46     7.09
  SINCE JAN 1      2.05                      1.86   0.19     1.53

SNOWFALL (IN)
  YESTERDAY        0.0                                       0.9
  MONTH TO DATE    8.8                                       0.9
  SINCE DEC 1      8.8                                       0.9
  SINCE JUL 1      8.8                                       0.9
  SNOW DEPTH       0

DEGREE DAYS
 HEATING
  YESTERDAY       15                        27    -12       29
  MONTH TO DATE  433                       470    -37      450
  SINCE DEC 1   1167                      1243    -76      841
  SINCE JUL 1   1737                      1952   -215     1383

 COOLING
  YESTERDAY        0                         0      0        0
  MONTH TO DATE    0                         0      0        0
  SINCE DEC 1      0                         0      0       11
  SINCE JAN 1      0                         0      0        0
..................................................................


WIND (MPH)
  HIGHEST WIND SPEED    10   HIGHEST WIND DIRECTION    SW (230)
  HIGHEST GUST SPEED    18   HIGHEST GUST DIRECTION     S (190)
  AVERAGE WIND SPEED     5.1


SKY COVER
  AVERAGE SKY COVER 0.8


WEATHER CONDITIONS
 THE FOLLOWING WEATHER WAS RECORDED YESTERDAY.
  LIGHT RAIN
  FOG


RELATIVE HUMIDITY (PERCENT)
 HIGHEST   100           500 AM
 LOWEST     83           100 AM
 AVERAGE    92

..........................................................


THE DANVILLE VA CLIMATE NORMALS FOR TODAY
                         NORMAL    RECORD    YEAR
 MAXIMUM TEMPERATURE (F)   46        72      1974
 MINIMUM TEMPERATURE (F)   29         0      1977


SUNRISE AND SUNSET
JANUARY 18 2017.......SUNRISE   727 AM EST   SUNSET   529 PM EST
JANUARY 19 2017.......SUNRISE   727 AM EST   SUNSET   530 PM EST


-  INDICATES NEGATIVE NUMBERS.
R  INDICATES RECORD WAS SET OR TIED.
MM INDICATES DATA IS MISSING.
T  INDICATES TRACE AMOUNT.




$$
