000
CDUS41 KRNK 300912
CLIDAN


CLIMATE REPORT
NATIONAL WEATHER SERVICE BLACKSBURG VA
509 AM EDT SAT AUG 30 2014


...................................

...THE DANVILLE VA CLIMATE SUMMARY FOR AUGUST 29 2014...

CLIMATE NORMAL PERIOD 1981 TO 2010
CLIMATE RECORD PERIOD 1948 TO 2014


WEATHER ITEM   OBSERVED TIME   RECORD YEAR NORMAL DEPARTURE LAST
                VALUE   (LST)  VALUE       VALUE  FROM      YEAR
                                                  NORMAL
..................................................................
TEMPERATURE (F)
 YESTERDAY
  MAXIMUM         82    217 PM 100    1953  85     -3       86
  MINIMUM         70    728 AM  50    1986  66      4       71
  AVERAGE         76                        75      1

PRECIPITATION (IN)
  YESTERDAY        0.00          1.59 1988   0.13  -0.13     0.00
  MONTH TO DATE    6.23                      3.69   2.54     3.65
  SINCE JUN 1     11.19                     12.13  -0.94    21.09
  SINCE JAN 1     29.75                     30.01  -0.26    41.30

SNOWFALL (IN)
  YESTERDAY        0.0
  MONTH TO DATE    0.0
  SINCE JUN 1      0.0
  SINCE JUL 1      0.0
  SNOW DEPTH       0

DEGREE DAYS
 HEATING
  YESTERDAY        0                         0      0
  MONTH TO DATE    0                         0      0
  SINCE JUN 1      0                         3     -3
  SINCE JUL 1      0                         0      0

 COOLING
  YESTERDAY       11                        10      1
  MONTH TO DATE  268                       355    -87
  SINCE JUN 1    996                      1064    -68
  SINCE JAN 1   1157                      1208    -51
..................................................................


WIND (MPH)
  HIGHEST WIND SPEED    13   HIGHEST WIND DIRECTION    NE (50)
  HIGHEST GUST SPEED    17   HIGHEST GUST DIRECTION    NE (50)
  AVERAGE WIND SPEED     4.9


SKY COVER
  POSSIBLE SUNSHINE  MM
  AVERAGE SKY COVER 0.7


WEATHER CONDITIONS
 THE FOLLOWING WEATHER WAS RECORDED YESTERDAY.
  NO SIGNIFICANT WEATHER WAS OBSERVED.


RELATIVE HUMIDITY (PERCENT)
 HIGHEST    87          1200 AM
 LOWEST     62          1200 PM
 AVERAGE    75

..........................................................


THE DANVILLE VA CLIMATE NORMALS FOR TODAY
                         NORMAL    RECORD    YEAR
 MAXIMUM TEMPERATURE (F)   85       100      1953
 MINIMUM TEMPERATURE (F)   66        47      1986


SUNRISE AND SUNSET
AUGUST 30 2014........SUNRISE   647 AM EDT   SUNSET   748 PM EDT
AUGUST 31 2014........SUNRISE   648 AM EDT   SUNSET   747 PM EDT


-  INDICATES NEGATIVE NUMBERS.
R  INDICATES RECORD WAS SET OR TIED.
MM INDICATES DATA IS MISSING.
T  INDICATES TRACE AMOUNT.



$$
