000
CDUS41 KRNK 250540
CLIDAN


CLIMATE REPORT
NATIONAL WEATHER SERVICE BLACKSBURG VA
1237 AM EST SAT FEB 25 2017


...................................

...THE DANVILLE VA CLIMATE SUMMARY FOR FEBRUARY 24 2017...

CLIMATE NORMAL PERIOD 1981 TO 2010
CLIMATE RECORD PERIOD 1948 TO 2017


WEATHER ITEM   OBSERVED TIME   RECORD YEAR NORMAL DEPARTURE LAST
                VALUE   (LST)  VALUE       VALUE  FROM      YEAR
                                                  NORMAL
..................................................................
TEMPERATURE (F)
 YESTERDAY
  MAXIMUM         76    418 PM  79    2012  53     23       73
  MINIMUM         44    720 AM  18    2009  33     11       42
                                      1978
  AVERAGE         60                        43     17       58

PRECIPITATION (IN)
  YESTERDAY        0.00          1.12 1994   0.10  -0.10     0.63
  MONTH TO DATE    0.81                      2.62  -1.81     4.31
  SINCE DEC 1      6.31                      9.31  -3.00    12.41
  SINCE JAN 1      4.69                      6.04  -1.35     6.85

SNOWFALL (IN)
  YESTERDAY        0.0                                       0.0
  MONTH TO DATE    T                                         1.9
  SINCE DEC 1      8.8                                      11.1
  SINCE JUL 1      8.8                                      11.1
  SNOW DEPTH       0

DEGREE DAYS
 HEATING
  YESTERDAY        5                        22    -17        7
  MONTH TO DATE  389                       588   -199      565
  SINCE DEC 1   1829                      2207   -378     1839
  SINCE JUL 1   2399                      2916   -517     2381

 COOLING
  YESTERDAY        0                         0      0        0
  MONTH TO DATE    5                         0      5        0
  SINCE DEC 1      5                         0      5       11
  SINCE JAN 1      5                         0      5        0
..................................................................


WIND (MPH)
  HIGHEST WIND SPEED    12   HIGHEST WIND DIRECTION    SW (210)
  HIGHEST GUST SPEED    17   HIGHEST GUST DIRECTION    SW (220)
  AVERAGE WIND SPEED     3.1


SKY COVER
  AVERAGE SKY COVER 0.2


WEATHER CONDITIONS
 THE FOLLOWING WEATHER WAS RECORDED YESTERDAY.
  FOG


RELATIVE HUMIDITY (PERCENT)
 HIGHEST   100           100 AM
 LOWEST     46           300 PM
 AVERAGE    73

..........................................................


THE DANVILLE VA CLIMATE NORMALS FOR TODAY
                         NORMAL    RECORD    YEAR
 MAXIMUM TEMPERATURE (F)   53        81      1982
 MINIMUM TEMPERATURE (F)   33         9      1967


SUNRISE AND SUNSET
FEBRUARY 25 2017......SUNRISE   653 AM EST   SUNSET   608 PM EST
FEBRUARY 26 2017......SUNRISE   652 AM EST   SUNSET   609 PM EST


-  INDICATES NEGATIVE NUMBERS.
R  INDICATES RECORD WAS SET OR TIED.
MM INDICATES DATA IS MISSING.
T  INDICATES TRACE AMOUNT.




$$
