403
CDUS41 KRNK 240636
CLIDAN


CLIMATE REPORT
NATIONAL WEATHER SERVICE BLACKSBURG VA
134 AM EST FRI NOV 24 2017


...................................

...THE DANVILLE VA CLIMATE SUMMARY FOR NOVEMBER 23 2017...

CLIMATE NORMAL PERIOD 1981 TO 2010
CLIMATE RECORD PERIOD 1948 TO 2017


WEATHER ITEM   OBSERVED TIME   RECORD YEAR NORMAL DEPARTURE LAST
                VALUE   (LST)  VALUE       VALUE  FROM      YEAR
                                                  NORMAL
..................................................................
TEMPERATURE (F)
 YESTERDAY
  MAXIMUM         48    359 PM  75    1979  57     -9       59
  MINIMUM         26   1156 PM  19    1981  36    -10       23
  AVERAGE         37                        46     -9       41

PRECIPITATION (IN)
  YESTERDAY        0.00          1.04 1957   0.11  -0.11     0.00
  MONTH TO DATE    2.07                      2.60  -0.53     0.04
  SINCE SEP 1      7.59                     10.09  -2.50     7.96
  SINCE JAN 1     41.69                     40.38   1.31    44.22

SNOWFALL (IN)
  YESTERDAY        0.0                                       0.0
  MONTH TO DATE    0.0                                       0.0
  SINCE SEP 1      0.0                                       0.0
  SINCE JUL 1      0.0                                       0.0
  SNOW DEPTH       0

DEGREE DAYS
 HEATING
  YESTERDAY       28                        19      9       24
  MONTH TO DATE  384                       336     48      349
  SINCE SEP 1    583                       569     14      485
  SINCE JUL 1    583                       569     14      485

 COOLING
  YESTERDAY        0                         0      0        0
  MONTH TO DATE    0                         0      0        5
  SINCE SEP 1    227                       209     18      343
  SINCE JAN 1   1401                      1436    -35     1648
..................................................................


WIND (MPH)
  HIGHEST WIND SPEED     7   HIGHEST WIND DIRECTION     E (110)
  HIGHEST GUST SPEED    10   HIGHEST GUST DIRECTION     E (80)
  AVERAGE WIND SPEED     1.4


SKY COVER
  AVERAGE SKY COVER 0.0


WEATHER CONDITIONS
 THE FOLLOWING WEATHER WAS RECORDED YESTERDAY.
  NO SIGNIFICANT WEATHER WAS OBSERVED.


RELATIVE HUMIDITY (PERCENT)
 HIGHEST   100          1100 PM
 LOWEST     42           400 PM
 AVERAGE    71

..........................................................


THE DANVILLE VA CLIMATE NORMALS FOR TODAY
                         NORMAL    RECORD    YEAR
 MAXIMUM TEMPERATURE (F)   57        75      1979
 MINIMUM TEMPERATURE (F)   36        19      1981


SUNRISE AND SUNSET
NOVEMBER 24 2017......SUNRISE   704 AM EST   SUNSET   504 PM EST
NOVEMBER 25 2017......SUNRISE   705 AM EST   SUNSET   503 PM EST


-  INDICATES NEGATIVE NUMBERS.
R  INDICATES RECORD WAS SET OR TIED.
MM INDICATES DATA IS MISSING.
T  INDICATES TRACE AMOUNT.

REMARKS:
DUE TO MISSING RAINFALL ON AUGUST 21-24...ALL PRECIPITATION DATA
WILL BE CALCULATED WITHOUT DATA FROM THESE DATES.

$$
RCS
