000
CDUS41 KILN 290637
CLIDAY


CLIMATE REPORT
NATIONAL WEATHER SERVICE WILMINGTON OH
237 AM EDT THU SEP 29 2016


...................................

...THE DAYTON OH CLIMATE SUMMARY FOR SEPTEMBER 28 2016...

CLIMATE NORMAL PERIOD 1981 TO 2010
CLIMATE RECORD PERIOD 1869 TO 2016


WEATHER ITEM   OBSERVED TIME   RECORD YEAR NORMAL DEPARTURE LAST
                VALUE   (LST)  VALUE       VALUE  FROM      YEAR
                                                  NORMAL
..................................................................
TEMPERATURE (F)
 YESTERDAY
  MAXIMUM         60    333 AM  91    1905  71    -11       84
  MINIMUM         50   1159 PM  32    1909  50      0       61
  AVERAGE         55                        60     -5       73

PRECIPITATION (IN)
  YESTERDAY        1.06          1.69 1934   0.11   0.95      T
  MONTH TO DATE    3.04                      3.10  -0.06     0.77
  SINCE SEP 1      3.04                      3.10  -0.06     0.77
  SINCE JAN 1     29.57                     31.41  -1.84    30.51

SNOWFALL (IN)
  YESTERDAY        0.0          MM      MM   0.0    0.0      0.0
  MONTH TO DATE    0.0                       0.0    0.0      0.0
  SINCE SEP 1      0.0                       0.0    0.0      0.0
  SINCE JUL 1      0.0                       0.0    0.0      0.0
  SNOW DEPTH       0

DEGREE DAYS
 HEATING
  YESTERDAY       10                         6      4        0
  MONTH TO DATE   16                        75    -59       23
  SINCE SEP 1     16                        75    -59       23
  SINCE JUL 1     19                        77    -58       32

 COOLING
  YESTERDAY        0                         1     -1        8
  MONTH TO DATE  175                        97     78      163
  SINCE SEP 1    175                        97     78      163
  SINCE JAN 1   1203                       879    324     1064
..................................................................


WIND (MPH)
  RESULTANT WIND SPEED   4   RESULTANT WIND DIRECTION   S (160)
  HIGHEST WIND SPEED    17   HIGHEST WIND DIRECTION     E (100)
  HIGHEST GUST SPEED    21   HIGHEST GUST DIRECTION    SE (130)
  AVERAGE WIND SPEED     6.1



WEATHER CONDITIONS
 THE FOLLOWING WEATHER WAS RECORDED YESTERDAY.
  THUNDERSTORM
  HEAVY RAIN
  RAIN
  LIGHT RAIN
  FOG


RELATIVE HUMIDITY (PERCENT)
 HIGHEST   100           900 AM
 LOWEST     62          1200 AM
 AVERAGE    81

..........................................................


THE DAYTON OH CLIMATE NORMALS FOR TODAY
                         NORMAL    RECORD    YEAR
 MAXIMUM TEMPERATURE (F)   70        94      1953
 MINIMUM TEMPERATURE (F)   50        34      1951


SUNRISE AND SUNSET
SEPTEMBER 29 2016.....SUNRISE   732 AM EDT   SUNSET   722 PM EDT
SEPTEMBER 30 2016.....SUNRISE   733 AM EDT   SUNSET   720 PM EDT


-  INDICATES NEGATIVE NUMBERS.
R  INDICATES RECORD WAS SET OR TIED.
MM INDICATES DATA IS MISSING.
T  INDICATES TRACE AMOUNT.




$$
