000
CDUS41 KILN 110540
CLIDAY


CLIMATE REPORT
NATIONAL WEATHER SERVICE WILMINGTON OH
1239 AM EST THU FEB 11 2016


...................................

...THE DAYTON OH CLIMATE SUMMARY FOR FEBRUARY 10 2016...

CLIMATE NORMAL PERIOD 1981 TO 2010
CLIMATE RECORD PERIOD 1869 TO 2016


WEATHER ITEM   OBSERVED TIME   RECORD YEAR NORMAL DEPARTURE LAST
                VALUE   (LST)  VALUE       VALUE  FROM      YEAR
                                                  NORMAL
..................................................................
TEMPERATURE (F)
 YESTERDAY
  MAXIMUM         18    253 PM  72    1932  37    -19       29
  MINIMUM         11   1159 PM -22    1899  22    -11       19
  AVERAGE         15                        30    -15       24

PRECIPITATION (IN)
  YESTERDAY        0.02          2.17 1959   0.08  -0.06     0.00
  MONTH TO DATE    1.36                      0.81   0.55     0.58
  SINCE DEC 1      7.25                      6.64   0.61     6.34
  SINCE JAN 1      2.86                      3.52  -0.66     3.55

SNOWFALL (IN)
  YESTERDAY        0.5           2.5  1944   0.2    0.3      0.0
                                      1921
  MONTH TO DATE    1.8                       2.2   -0.4      1.0
  SINCE DEC 1      6.8                      14.6   -7.8      8.8
  SINCE JUL 1      6.8                      15.6   -8.8     12.9
  SNOW DEPTH       2

DEGREE DAYS
 HEATING
  YESTERDAY       50                        35     15       41
  MONTH TO DATE  323                       360    -37      338
  SINCE DEC 1   2118                      2572   -454     2444
  SINCE JUL 1   2954                      3683   -729     3660

 COOLING
  YESTERDAY        0                         0      0        0
  MONTH TO DATE    0                         0      0        0
  SINCE DEC 1      0                         0      0        0
  SINCE JAN 1      0                         0      0        0
..................................................................


WIND (MPH)
  RESULTANT WIND SPEED  17   RESULTANT WIND DIRECTION   W (260)
  HIGHEST WIND SPEED    23   HIGHEST WIND DIRECTION     W (250)
  HIGHEST GUST SPEED    28   HIGHEST GUST DIRECTION     W (280)
  AVERAGE WIND SPEED    17.1



WEATHER CONDITIONS
 THE FOLLOWING WEATHER WAS RECORDED YESTERDAY.
  LIGHT SNOW
  FOG
  HAZE


RELATIVE HUMIDITY (PERCENT)
 HIGHEST    88           800 AM
 LOWEST     61           300 PM
 AVERAGE    75

..........................................................


THE DAYTON OH CLIMATE NORMALS FOR TODAY
                         NORMAL    RECORD    YEAR
 MAXIMUM TEMPERATURE (F)   38        73      1999
 MINIMUM TEMPERATURE (F)   22       -12      1899


SUNRISE AND SUNSET
FEBRUARY 11 2016......SUNRISE   735 AM EST   SUNSET   608 PM EST
FEBRUARY 12 2016......SUNRISE   734 AM EST   SUNSET   609 PM EST


-  INDICATES NEGATIVE NUMBERS.
R  INDICATES RECORD WAS SET OR TIED.
MM INDICATES DATA IS MISSING.
T  INDICATES TRACE AMOUNT.




$$
