000
CDUS41 KILN 252152
CLIDAY


CLIMATE REPORT
NATIONAL WEATHER SERVICE WILMINGTON OH
450 PM EST TUE NOV 25 2014


...................................

...THE DAYTON OH CLIMATE SUMMARY FOR NOVEMBER 25 2014...
VALID TODAY AS OF 0400 PM LOCAL TIME.

CLIMATE NORMAL PERIOD 1981 TO 2010
CLIMATE RECORD PERIOD 1869 TO 2014


WEATHER ITEM   OBSERVED TIME   RECORD YEAR NORMAL DEPARTURE LAST
                VALUE   (LST)  VALUE       VALUE  FROM      YEAR
                                                  NORMAL
..................................................................
TEMPERATURE (F)
 TODAY
  MAXIMUM         39    207 PM  71    1908  46     -7       36
  MINIMUM         35    437 PM   3    1950  31      4       19
  AVERAGE         37                        39     -2       28

PRECIPITATION (IN)
  TODAY            0.00          1.94 1979   0.12  -0.12      T
  MONTH TO DATE    1.94                      2.83  -0.89     1.60
  SINCE SEP 1      5.19                      9.06  -3.87     9.57
  SINCE JAN 1     33.09                     37.37  -4.28    31.95

SNOWFALL (IN)
  TODAY            0.0           8.0  1950   0.0    0.0       T
  MONTH TO DATE    4.1                       0.4    3.7      1.0
  SINCE SEP 1      4.1                       0.8    3.3      2.0
  SINCE JUL 1      4.1                       0.8    3.3      2.0
  SNOW DEPTH       0

DEGREE DAYS
 HEATING
  TODAY           28                        26      2       37
  MONTH TO DATE  674                       525    149      567
  SINCE SEP 1   1071                       970    101      942
  SINCE JUL 1   1078                       972    106      954

 COOLING
  TODAY            0                         0      0        0
  MONTH TO DATE    0                         0      0        0
  SINCE SEP 1    107                       109     -2      175
  SINCE JAN 1    977                       891     86     1062
..................................................................


WIND (MPH)
  RESULTANT WIND SPEED  13   RESULTANT WIND DIRECTION  SW (240)
  HIGHEST WIND SPEED    21   HIGHEST WIND DIRECTION     W (250)
  HIGHEST GUST SPEED    29   HIGHEST GUST DIRECTION    SW (240)
  AVERAGE WIND SPEED    14.0


SKY COVER
  POSSIBLE SUNSHINE  MM
  AVERAGE SKY COVER 0.9


WEATHER CONDITIONS
 THE FOLLOWING WEATHER WAS RECORDED TODAY.
  NO SIGNIFICANT WEATHER WAS OBSERVED.


RELATIVE HUMIDITY (PERCENT)
 HIGHEST    76           300 PM
 LOWEST     64           100 PM
 AVERAGE    70

..........................................................


THE DAYTON OH CLIMATE NORMALS FOR TOMORROW
                         NORMAL    RECORD    YEAR
 MAXIMUM TEMPERATURE (F)   46        70      1896
 MINIMUM TEMPERATURE (F)   31         8      1930


SUNRISE AND SUNSET
NOVEMBER 25 2014......SUNRISE   733 AM EST   SUNSET   514 PM EST
NOVEMBER 26 2014......SUNRISE   734 AM EST   SUNSET   514 PM EST


-  INDICATES NEGATIVE NUMBERS.
R  INDICATES RECORD WAS SET OR TIED.
MM INDICATES DATA IS MISSING.
T  INDICATES TRACE AMOUNT.




$$
