000
CDUS41 KILN 040601
CLIDAY


CLIMATE REPORT
NATIONAL WEATHER SERVICE WILMINGTON OH
201 AM EDT TUE AUG 4 2015


...................................

...THE DAYTON OH CLIMATE SUMMARY FOR AUGUST 3 2015...

CLIMATE NORMAL PERIOD 1981 TO 2010
CLIMATE RECORD PERIOD 1869 TO 2015


WEATHER ITEM   OBSERVED TIME   RECORD YEAR NORMAL DEPARTURE LAST
                VALUE   (LST)  VALUE       VALUE  FROM      YEAR
                                                  NORMAL
..................................................................
TEMPERATURE (F)
 YESTERDAY
  MAXIMUM         83    234 PM 100    1964  83      0       84
                                      1897
  MINIMUM         61    339 AM  40    1965  64     -3       57
  AVERAGE         72                        74     -2       71

PRECIPITATION (IN)
  YESTERDAY        0.66          2.13 1978   0.10   0.56     0.00
  MONTH TO DATE    0.66                      0.30   0.36     0.20
  SINCE JUN 1     13.14                      8.58   4.56     6.96
  SINCE JAN 1     28.46                     25.62   2.84    25.04

SNOWFALL (IN)
  YESTERDAY        0.0           0.0    MM   0.0    0.0      0.0
  MONTH TO DATE    0.0                       0.0    0.0      0.0
  SINCE JUN 1      0.0                       0.0    0.0      0.0
  SINCE JUL 1      0.0                       0.0    0.0      0.0
  SNOW DEPTH       0

DEGREE DAYS
 HEATING
  YESTERDAY        0                         0      0        0
  MONTH TO DATE    0                         0      0        0
  SINCE JUN 1     20                        22     -2        6
  SINCE JUL 1      0                         0      0        4

 COOLING
  YESTERDAY        7                         9     -2        6
  MONTH TO DATE   24                        27     -3       20
  SINCE JUN 1    557                       496     61      475
  SINCE JAN 1    732                       566    166      604
..................................................................


WIND (MPH)
  RESULTANT WIND SPEED  11   RESULTANT WIND DIRECTION  SW (230)
  HIGHEST WIND SPEED    43   HIGHEST WIND DIRECTION     N (360)
  HIGHEST GUST SPEED    49   HIGHEST GUST DIRECTION     N (10)
  AVERAGE WIND SPEED    12.8



WEATHER CONDITIONS
 THE FOLLOWING WEATHER WAS RECORDED YESTERDAY.
  THUNDERSTORM
  HEAVY RAIN
  RAIN
  LIGHT RAIN
  FOG


RELATIVE HUMIDITY (PERCENT)
 HIGHEST   100           500 AM
 LOWEST     60           500 PM
 AVERAGE    80

..........................................................


THE DAYTON OH CLIMATE NORMALS FOR TODAY
                         NORMAL    RECORD    YEAR
 MAXIMUM TEMPERATURE (F)   83        98      1930
 MINIMUM TEMPERATURE (F)   64        48      1912


SUNRISE AND SUNSET
AUGUST  4 2015........SUNRISE   638 AM EDT   SUNSET   847 PM EDT
AUGUST  5 2015........SUNRISE   639 AM EDT   SUNSET   846 PM EDT


-  INDICATES NEGATIVE NUMBERS.
R  INDICATES RECORD WAS SET OR TIED.
MM INDICATES DATA IS MISSING.
T  INDICATES TRACE AMOUNT.




$$
