674
CDUS41 KILN 190538
CLIDAY


CLIMATE REPORT
NATIONAL WEATHER SERVICE WILMINGTON OH
1238 AM EST MON FEB 19 2018


...................................

...THE DAYTON OH CLIMATE SUMMARY FOR FEBRUARY 18 2018...

CLIMATE NORMAL PERIOD 1981 TO 2010
CLIMATE RECORD PERIOD 1869 TO 2018


WEATHER ITEM   OBSERVED TIME   RECORD YEAR NORMAL DEPARTURE LAST
                VALUE   (LST)  VALUE       VALUE  FROM      YEAR
                                                  NORMAL
..................................................................
TEMPERATURE (F)
 YESTERDAY
  MAXIMUM         44    336 PM  66    2017  40      4       66
  MINIMUM         30    918 AM  -9    1936  24      6       45
                                      1900
  AVERAGE         37                        32      5       56

PRECIPITATION (IN)
  YESTERDAY        0.00          0.80 1914   0.07  -0.07     0.00
  MONTH TO DATE    1.69                      1.43   0.26     1.00
  SINCE DEC 1      5.92                      7.26  -1.34     7.41
  SINCE JAN 1      4.38                      4.14   0.24     4.42

SNOWFALL (IN)
  YESTERDAY        0.0           3.5  1908   0.2   -0.2      0.0
  MONTH TO DATE    2.6                       3.9   -1.3      1.2
  SINCE DEC 1     17.5                      16.3    1.2      7.2
  SINCE JUL 1     17.5                      17.3    0.2      7.2
  SNOW DEPTH       0

DEGREE DAYS
 HEATING
  YESTERDAY       28                        33     -5        9
  MONTH TO DATE  628                       634     -6      502
  SINCE DEC 1   2950                      2846    104     2513
  SINCE JUL 1   3957                      3957      0     3286

 COOLING
  YESTERDAY        0                         0      0        0
  MONTH TO DATE    0                         0      0        0
  SINCE DEC 1      0                         0      0        0
  SINCE JAN 1      0                         0      0        0
..................................................................


WIND (MPH)
  RESULTANT WIND SPEED   3   RESULTANT WIND DIRECTION   S (160)
  HIGHEST WIND SPEED    22   HIGHEST WIND DIRECTION    NW (300)
  HIGHEST GUST SPEED    29   HIGHEST GUST DIRECTION    NW (300)
  AVERAGE WIND SPEED    11.9



WEATHER CONDITIONS
 THE FOLLOWING WEATHER WAS RECORDED YESTERDAY.
  NO SIGNIFICANT WEATHER WAS OBSERVED.


RELATIVE HUMIDITY (PERCENT)
 HIGHEST    96          1200 AM
 LOWEST     62           300 PM
 AVERAGE    79

..........................................................


THE DAYTON OH CLIMATE NORMALS FOR TODAY
                         NORMAL    RECORD    YEAR
 MAXIMUM TEMPERATURE (F)   40        70      1939
 MINIMUM TEMPERATURE (F)   24       -11      1910


SUNRISE AND SUNSET
FEBRUARY 19 2018......SUNRISE   724 AM EST   SUNSET   618 PM EST
FEBRUARY 20 2018......SUNRISE   723 AM EST   SUNSET   619 PM EST


-  INDICATES NEGATIVE NUMBERS.
R  INDICATES RECORD WAS SET OR TIED.
MM INDICATES DATA IS MISSING.
T  INDICATES TRACE AMOUNT.




$$
