000
CDUS43 KDVN 291007
CLIDBQ


CLIMATE REPORT
NATIONAL WEATHER SERVICE QUAD CITIES IA IL
406 AM CST THU JAN 29 2015


...................................

...THE DUBUQUE IA CLIMATE SUMMARY FOR JANUARY 28 2015...

CLIMATE NORMAL PERIOD 1981 TO 2010
CLIMATE RECORD PERIOD 1873 TO 2015


WEATHER ITEM   OBSERVED TIME   RECORD YEAR NORMAL DEPARTURE LAST
                VALUE   (LST)  VALUE       VALUE  FROM      YEAR
                                                  NORMAL
..................................................................
TEMPERATURE (F)
 YESTERDAY
  MAXIMUM         33    919 PM  53    1914  27      6        2
  MINIMUM         24    501 AM -22    1915  12     12      -21
                                      1885
  AVERAGE         29                        20      9       -9

PRECIPITATION (IN)
  YESTERDAY        0.00          0.79 2006   0.04  -0.04     0.00
  MONTH TO DATE    0.61                      1.05  -0.44     0.88
  SINCE DEC 1      1.54                      2.89  -1.35     2.12
  SINCE JAN 1      0.61                      1.05  -0.44     0.88

SNOWFALL (IN)
  YESTERDAY        0.0          MM      MM   0.4   -0.4      0.0
  MONTH TO DATE    7.9                       9.0   -1.1     13.0
  SINCE DEC 1      7.9                      20.8  -12.9     31.4
  SINCE JUL 1     11.4                      23.6  -12.2     35.3
  SNOW DEPTH       2

DEGREE DAYS
 HEATING
  YESTERDAY       36                        46    -10       74
  MONTH TO DATE 1283                      1288     -5     1553
  SINCE DEC 1   2427                      2598   -171     3079
  SINCE JUL 1   4209                      4098    111     4678

 COOLING
  YESTERDAY        0                         0      0        0
  MONTH TO DATE    0                         0      0        0
  SINCE DEC 1      0                         0      0        0
  SINCE JAN 1      0                         0      0        0
..................................................................


WIND (MPH)
  HIGHEST WIND SPEED    26   HIGHEST WIND DIRECTION    SE (150)
  HIGHEST GUST SPEED    31   HIGHEST GUST DIRECTION    SE (150)
  AVERAGE WIND SPEED    15.6


SKY COVER
  POSSIBLE SUNSHINE  MM
  AVERAGE SKY COVER 0.5


WEATHER CONDITIONS
 THE FOLLOWING WEATHER WAS RECORDED YESTERDAY.
  FOG
  HAZE


RELATIVE HUMIDITY (PERCENT)
 HIGHEST    92           600 AM
 LOWEST     69          1200 PM
 AVERAGE    81

..........................................................


THE DUBUQUE IA CLIMATE NORMALS FOR TODAY
                         NORMAL    RECORD    YEAR
 MAXIMUM TEMPERATURE (F)   28        55      2013
 MINIMUM TEMPERATURE (F)   12       -26      1951


SUNRISE AND SUNSET
JANUARY 29 2015.......SUNRISE   720 AM CST   SUNSET   513 PM CST
JANUARY 30 2015.......SUNRISE   719 AM CST   SUNSET   514 PM CST


-  INDICATES NEGATIVE NUMBERS.
R  INDICATES RECORD WAS SET OR TIED.
MM INDICATES DATA IS MISSING.
T  INDICATES TRACE AMOUNT.




$$
