000
CDUS43 KDVN 240914
CLIDBQ


CLIMATE REPORT
NATIONAL WEATHER SERVICE QUAD CITIES IA IL
412 AM CDT THU APR 24 2014


...................................

...THE DUBUQUE IA CLIMATE SUMMARY FOR APRIL 23 2014...

CLIMATE NORMAL PERIOD 1981 TO 2010
CLIMATE RECORD PERIOD 1873 TO 2014


WEATHER ITEM   OBSERVED TIME   RECORD YEAR NORMAL DEPARTURE LAST
                VALUE   (LST)  VALUE       VALUE  FROM      YEAR
                                                  NORMAL
..................................................................
TEMPERATURE (F)
 YESTERDAY
  MAXIMUM         50    410 PM  85    1925  62    -12       50
  MINIMUM         33    453 AM  22    1910  41     -8       35
  AVERAGE         42                        51     -9       43

PRECIPITATION (IN)
  YESTERDAY        0.06          2.00 1950   0.12  -0.06      T
  MONTH TO DATE    3.78                      2.72   1.06     8.50
  SINCE MAR 1      4.92                      5.13  -0.21    11.07
  SINCE JAN 1      7.40                      7.74  -0.34    14.49

SNOWFALL (IN)
  YESTERDAY        0.0          MM      MM   0.0    0.0      0.0
  MONTH TO DATE    0.7                       1.8   -1.1       T
  SINCE MAR 1     11.6                       8.1    3.5     12.6
  SINCE JUL 1     63.3                      41.7   21.6     54.5
  SNOW DEPTH       0

DEGREE DAYS
 HEATING
  YESTERDAY       23                        14      9       22
  MONTH TO DATE  446                       421     25      536
  SINCE MAR 1   1605                      1339    266     1709
  SINCE JUL 1   7981                      6732   1249     6959

 COOLING
  YESTERDAY        0                         0      0        0
  MONTH TO DATE    0                         0      0        0
  SINCE MAR 1      0                         0      0        0
  SINCE JAN 1      0                         0      0        0
..................................................................


WIND (MPH)
  HIGHEST WIND SPEED    18   HIGHEST WIND DIRECTION     E (110)
  HIGHEST GUST SPEED    24   HIGHEST GUST DIRECTION    SE (120)
  AVERAGE WIND SPEED     9.3


SKY COVER
  POSSIBLE SUNSHINE  MM
  AVERAGE SKY COVER 0.6


WEATHER CONDITIONS
 THE FOLLOWING WEATHER WAS RECORDED YESTERDAY.
  LIGHT RAIN


RELATIVE HUMIDITY (PERCENT)
 HIGHEST    82           600 AM
 LOWEST     42           300 PM
 AVERAGE    62

..........................................................


THE DUBUQUE IA CLIMATE NORMALS FOR TODAY
                         NORMAL    RECORD    YEAR
 MAXIMUM TEMPERATURE (F)   62        85      1939
 MINIMUM TEMPERATURE (F)   41        22      1956


SUNRISE AND SUNSET
APRIL 24 2014.........SUNRISE   608 AM CDT   SUNSET   755 PM CDT
APRIL 25 2014.........SUNRISE   606 AM CDT   SUNSET   756 PM CDT


-  INDICATES NEGATIVE NUMBERS.
R  INDICATES RECORD WAS SET OR TIED.
MM INDICATES DATA IS MISSING.
T  INDICATES TRACE AMOUNT.




$$
