000
CDUS43 KDVN 021010
CLIDBQ


CLIMATE REPORT
NATIONAL WEATHER SERVICE QUAD CITIES IA IL
410 AM CST FRI DEC 2 2016


...................................

...THE DUBUQUE IA CLIMATE SUMMARY FOR DECEMBER 1 2016...

CLIMATE NORMAL PERIOD 1981 TO 2010
CLIMATE RECORD PERIOD 1873 TO 2016


WEATHER ITEM   OBSERVED TIME   RECORD YEAR NORMAL DEPARTURE LAST
                VALUE   (LST)  VALUE       VALUE  FROM      YEAR
                                                  NORMAL
..................................................................
TEMPERATURE (F)
 YESTERDAY
  MAXIMUM         37   1222 PM  59    1970  36      1       38
  MINIMUM         34   1130 PM  -8    1893  21     13       30
  AVERAGE         36                        28      8       34

PRECIPITATION (IN)
  YESTERDAY        T             1.70 1985   0.08  -0.08     0.01
  MONTH TO DATE    T                         0.08  -0.08     0.01
  SINCE DEC 1      T                         0.08  -0.08     0.01
  SINCE JAN 1     39.43                     34.53   4.90    35.00

SNOWFALL (IN)
  YESTERDAY        T            MM      MM   0.3   -0.3       T
  MONTH TO DATE    T                         0.3   -0.3       T
  SINCE DEC 1      T                         0.3   -0.3       T
  SINCE JUL 1      T                         3.1   -3.1     11.8
  SNOW DEPTH       0

DEGREE DAYS
 HEATING
  YESTERDAY       29                        37     -8       31
  MONTH TO DATE   29                        37     -8       31
  SINCE DEC 1     29                        37     -8       31
  SINCE JUL 1   1021                      1537   -516     1238

 COOLING
  YESTERDAY        0                         0      0        0
  MONTH TO DATE    0                         0      0        0
  SINCE DEC 1      0                         0      0        0
  SINCE JAN 1    781                       643    138      637
..................................................................


WIND (MPH)
  HIGHEST WIND SPEED    21   HIGHEST WIND DIRECTION     W (270)
  HIGHEST GUST SPEED    24   HIGHEST GUST DIRECTION     W (270)
  AVERAGE WIND SPEED    13.0


SKY COVER
  POSSIBLE SUNSHINE  MM
  AVERAGE SKY COVER 1.0


WEATHER CONDITIONS
 THE FOLLOWING WEATHER WAS RECORDED YESTERDAY.
  LIGHT SNOW
  FOG


RELATIVE HUMIDITY (PERCENT)
 HIGHEST   100          1200 AM
 LOWEST     82           700 PM
 AVERAGE    91

..........................................................


THE DUBUQUE IA CLIMATE NORMALS FOR TODAY
                         NORMAL    RECORD    YEAR
 MAXIMUM TEMPERATURE (F)   35        62      1982
                                             1962
 MINIMUM TEMPERATURE (F)   20        -9      1886


SUNRISE AND SUNSET
DECEMBER  2 2016......SUNRISE   714 AM CST   SUNSET   431 PM CST
DECEMBER  3 2016......SUNRISE   715 AM CST   SUNSET   430 PM CST


-  INDICATES NEGATIVE NUMBERS.
R  INDICATES RECORD WAS SET OR TIED.
MM INDICATES DATA IS MISSING.
T  INDICATES TRACE AMOUNT.




$$
