000
CDUS43 KDVN 050904
CLIDBQ


CLIMATE REPORT
NATIONAL WEATHER SERVICE QUAD CITIES IA IL
404 AM CDT WED AUG 5 2015


...................................

...THE DUBUQUE IA CLIMATE SUMMARY FOR AUGUST 4 2015...

CLIMATE NORMAL PERIOD 1981 TO 2010
CLIMATE RECORD PERIOD 1873 TO 2015


WEATHER ITEM   OBSERVED TIME   RECORD YEAR NORMAL DEPARTURE LAST
                VALUE   (LST)  VALUE       VALUE  FROM      YEAR
                                                  NORMAL
..................................................................
TEMPERATURE (F)
 YESTERDAY
  MAXIMUM         80    328 PM  99    1947  81     -1       84
                                      1896
  MINIMUM         51    509 AM  43    1978  62    -11       62
  AVERAGE         66                        71     -5       73

PRECIPITATION (IN)
  YESTERDAY        0.00          1.79 2012   0.14  -0.14     0.03
  MONTH TO DATE    0.00                      0.56  -0.56     0.03
  SINCE JUN 1      9.54                      9.27   0.27    14.68
  SINCE JAN 1     20.31                     22.14  -1.83    27.06

SNOWFALL (IN)
  YESTERDAY        0.0          MM      MM   0.0    0.0      0.0
  MONTH TO DATE    0.0                       0.0    0.0      0.0
  SINCE JUN 1      T                         0.0    0.0      0.0
  SINCE JUL 1      0.0                       0.0    0.0      0.0
  SNOW DEPTH       0

DEGREE DAYS
 HEATING
  YESTERDAY        0                         0      0        0
  MONTH TO DATE    0                         0      0        0
  SINCE JUN 1     36                        48    -12       37
  SINCE JUL 1     13                         8      5       27

 COOLING
  YESTERDAY        1                         7     -6        8
  MONTH TO DATE   24                        28     -4       20
  SINCE JUN 1    336                       391    -55      276
  SINCE JAN 1    372                       428    -56      330
..................................................................


WIND (MPH)
  HIGHEST WIND SPEED    17   HIGHEST WIND DIRECTION    NW (310)
  HIGHEST GUST SPEED    21   HIGHEST GUST DIRECTION    NW (320)
  AVERAGE WIND SPEED     5.1


SKY COVER
  POSSIBLE SUNSHINE  MM
  AVERAGE SKY COVER 0.0


WEATHER CONDITIONS
 THE FOLLOWING WEATHER WAS RECORDED YESTERDAY.
  NO SIGNIFICANT WEATHER WAS OBSERVED.


RELATIVE HUMIDITY (PERCENT)
 HIGHEST    93           200 AM
 LOWEST     39           300 PM
 AVERAGE    66

..........................................................


THE DUBUQUE IA CLIMATE NORMALS FOR TODAY
                         NORMAL    RECORD    YEAR
 MAXIMUM TEMPERATURE (F)   81        98      1918
 MINIMUM TEMPERATURE (F)   61        47      1994
                                             1978


SUNRISE AND SUNSET
AUGUST  5 2015........SUNRISE   559 AM CDT   SUNSET   818 PM CDT
AUGUST  6 2015........SUNRISE   600 AM CDT   SUNSET   817 PM CDT


-  INDICATES NEGATIVE NUMBERS.
R  INDICATES RECORD WAS SET OR TIED.
MM INDICATES DATA IS MISSING.
T  INDICATES TRACE AMOUNT.




$$
