000
CDUS43 KDVN 210916
CLIDBQ


CLIMATE REPORT
NATIONAL WEATHER SERVICE QUAD CITIES IA IL
416 AM CDT THU AUG 21 2014


...................................

...THE DUBUQUE IA CLIMATE SUMMARY FOR AUGUST 20 2014...

CLIMATE NORMAL PERIOD 1981 TO 2010
CLIMATE RECORD PERIOD 1873 TO 2014


WEATHER ITEM   OBSERVED TIME   RECORD YEAR NORMAL DEPARTURE LAST
                VALUE   (LST)  VALUE       VALUE  FROM      YEAR
                                                  NORMAL
..................................................................
TEMPERATURE (F)
 YESTERDAY
  MAXIMUM         83    315 PM  99    1916  80      3       84
  MINIMUM         59    549 AM  44    1967  60     -1       63
  AVERAGE         71                        70      1       74

PRECIPITATION (IN)
  YESTERDAY        0.00          2.36 1952   0.14  -0.14     0.00
  MONTH TO DATE    0.04                      2.90  -2.86     0.47
  SINCE JUN 1     14.69                     11.61   3.08     6.60
  SINCE JAN 1     27.07                     24.48   2.59    28.18

SNOWFALL (IN)
  YESTERDAY        0.0          MM      MM   0.0    0.0      0.0
  MONTH TO DATE    0.0                       0.0    0.0      0.0
  SINCE JUN 1      0.0                       0.0    0.0      0.0
  SINCE JUL 1      0.0                       0.0    0.0      0.0
  SNOW DEPTH       0

DEGREE DAYS
 HEATING
  YESTERDAY        0                         1     -1        0
  MONTH TO DATE    2                         5     -3       10
  SINCE JUN 1     39                        53    -14       71
  SINCE JUL 1     29                        13     16       32

 COOLING
  YESTERDAY        6                         6      0        9
  MONTH TO DATE   81                       125    -44       64
  SINCE JUN 1    337                       488   -151      371
  SINCE JAN 1    391                       525   -134      416
..................................................................


WIND (MPH)
  HIGHEST WIND SPEED    18   HIGHEST WIND DIRECTION     S (200)
  HIGHEST GUST SPEED    23   HIGHEST GUST DIRECTION     S (200)
  AVERAGE WIND SPEED     6.3


SKY COVER
  POSSIBLE SUNSHINE  MM
  AVERAGE SKY COVER 0.2


WEATHER CONDITIONS
 THE FOLLOWING WEATHER WAS RECORDED YESTERDAY.
  NO SIGNIFICANT WEATHER WAS OBSERVED.


RELATIVE HUMIDITY (PERCENT)
 HIGHEST    97           600 AM
 LOWEST     55           200 PM
 AVERAGE    76

..........................................................


THE DUBUQUE IA CLIMATE NORMALS FOR TODAY
                         NORMAL    RECORD    YEAR
 MAXIMUM TEMPERATURE (F)   79        98      1947
 MINIMUM TEMPERATURE (F)   60        41      2004


SUNRISE AND SUNSET
AUGUST 21 2014........SUNRISE   616 AM CDT   SUNSET   755 PM CDT
AUGUST 22 2014........SUNRISE   617 AM CDT   SUNSET   753 PM CDT


-  INDICATES NEGATIVE NUMBERS.
R  INDICATES RECORD WAS SET OR TIED.
MM INDICATES DATA IS MISSING.
T  INDICATES TRACE AMOUNT.




$$
