000
CDUS43 KDVN 070929
CLIDBQ


CLIMATE REPORT
NATIONAL WEATHER SERVICE QUAD CITIES IA IL
427 AM CDT TUE JUL 7 2015


...................................

...THE DUBUQUE IA CLIMATE SUMMARY FOR JULY 6 2015...

CLIMATE NORMAL PERIOD 1981 TO 2010
CLIMATE RECORD PERIOD 1873 TO 2015


WEATHER ITEM   OBSERVED TIME   RECORD YEAR NORMAL DEPARTURE LAST
                VALUE   (LST)  VALUE       VALUE  FROM      YEAR
                                                  NORMAL
..................................................................
TEMPERATURE (F)
 YESTERDAY
  MAXIMUM         78    551 PM 102    1936  82     -4       83
  MINIMUM         62   1159 PM  46    1967  62      0       62
  AVERAGE         70                        72     -2       73

PRECIPITATION (IN)
  YESTERDAY        0.17          1.57 2002   0.14   0.03     0.00
  MONTH TO DATE    0.17                      0.81  -0.64     0.01
  SINCE JUN 1      8.51                      5.21   3.30    12.58
  SINCE JAN 1     19.28                     18.08   1.20    24.96

SNOWFALL (IN)
  YESTERDAY        0.0          MM      MM   0.0    0.0      0.0
  MONTH TO DATE    0.0                       0.0    0.0      0.0
  SINCE JUN 1      T                         0.0    0.0      0.0
  SINCE JUL 1      0.0                       0.0    0.0      0.0
  SNOW DEPTH       0

DEGREE DAYS
 HEATING
  YESTERDAY        0                         0      0        0
  MONTH TO DATE    7                         0      7       12
  SINCE JUN 1     30                        40    -10       22
  SINCE JUL 1      7                         0      7       12

 COOLING
  YESTERDAY        5                         7     -2        8
  MONTH TO DATE   12                        42    -30       11
  SINCE JUN 1    131                       181    -50      165
  SINCE JAN 1    167                       218    -51      219
..................................................................


WIND (MPH)
  HIGHEST WIND SPEED    23   HIGHEST WIND DIRECTION     S (200)
  HIGHEST GUST SPEED    28   HIGHEST GUST DIRECTION     S (200)
  AVERAGE WIND SPEED    12.0


SKY COVER
  POSSIBLE SUNSHINE  MM
  AVERAGE SKY COVER 0.6


WEATHER CONDITIONS
 THE FOLLOWING WEATHER WAS RECORDED YESTERDAY.
  HEAVY RAIN
  RAIN
  LIGHT RAIN
  FOG
  HAZE


RELATIVE HUMIDITY (PERCENT)
 HIGHEST   100           900 AM
 LOWEST     78          1100 PM
 AVERAGE    89

..........................................................


THE DUBUQUE IA CLIMATE NORMALS FOR TODAY
                         NORMAL    RECORD    YEAR
 MAXIMUM TEMPERATURE (F)   82       102      1936
 MINIMUM TEMPERATURE (F)   62        44      1984


SUNRISE AND SUNSET
JULY  7 2015..........SUNRISE   533 AM CDT   SUNSET   842 PM CDT
JULY  8 2015..........SUNRISE   534 AM CDT   SUNSET   842 PM CDT


-  INDICATES NEGATIVE NUMBERS.
R  INDICATES RECORD WAS SET OR TIED.
MM INDICATES DATA IS MISSING.
T  INDICATES TRACE AMOUNT.




$$
