396
CDUS41 KLWX 230522
CLIDCA


CLIMATE REPORT
NATIONAL WEATHER SERVICE BALTIMORE MD/WASHINGTON DC
121 AM EDT SAT JUL 23 2016


...................................

...THE WASHINGTON NATIONAL DC CLIMATE SUMMARY FOR JULY 22 2016...

CLIMATE NORMAL PERIOD 1981 TO 2010
CLIMATE RECORD PERIOD 1871 TO 2016


WEATHER ITEM   OBSERVED TIME   RECORD YEAR NORMAL DEPARTURE LAST
                VALUE   (LST)  VALUE       VALUE  FROM      YEAR
                                                  NORMAL
..................................................................
TEMPERATURE (F)
 YESTERDAY
  MAXIMUM         95    214 PM 103    1926  89      6       89
  MINIMUM         74    551 AM  53    1890  71      3       72
  AVERAGE         85                        80      5       81

PRECIPITATION (IN)
  YESTERDAY        0.00          4.35 1969   0.11  -0.11     0.00
  MONTH TO DATE    2.43                      2.68  -0.25     3.54
  SINCE JUN 1      6.11                      6.46  -0.35    15.48
  SINCE JAN 1     21.44                     22.42  -0.98    30.26

SNOWFALL (IN)
  YESTERDAY        0.0          MM      MM   0.0    0.0
  MONTH TO DATE    0.0                       0.0    0.0
  SINCE JUL 1      0.0                       0.0    0.0
  SNOW DEPTH       0

DEGREE DAYS
 HEATING
  YESTERDAY        0                         0      0        0
  MONTH TO DATE    0                         0      0        0
  SINCE JUN 1      0                         6     -6        6
  SINCE JUL 1      0                         0      0        0

 COOLING
  YESTERDAY       20                        15      5       16
  MONTH TO DATE  359                       325     34      360
  SINCE JUN 1    704                       639     65      767
  SINCE JAN 1    832                       773     59     1065
..................................................................


WIND (MPH)
  HIGHEST WIND SPEED    17   HIGHEST WIND DIRECTION     S (200)
  HIGHEST GUST SPEED    22   HIGHEST GUST DIRECTION    SW (210)
  AVERAGE WIND SPEED     8.1


SKY COVER
  POSSIBLE SUNSHINE  MM
  AVERAGE SKY COVER 0.8


WEATHER CONDITIONS
 THE FOLLOWING WEATHER WAS RECORDED YESTERDAY.
  NO SIGNIFICANT WEATHER WAS OBSERVED.


RELATIVE HUMIDITY (PERCENT)
 HIGHEST    87           500 AM
 LOWEST     46           300 PM
 AVERAGE    67

..........................................................


THE WASHINGTON NATIONAL DC CLIMATE NORMALS FOR TODAY
                         NORMAL    RECORD    YEAR
 MAXIMUM TEMPERATURE (F)   88       102      2011
 MINIMUM TEMPERATURE (F)   71        56      1890


SUNRISE AND SUNSET
JULY 23 2016..........SUNRISE   602 AM EDT   SUNSET   827 PM EDT
JULY 24 2016..........SUNRISE   603 AM EDT   SUNSET   826 PM EDT


-  INDICATES NEGATIVE NUMBERS.
R  INDICATES RECORD WAS SET OR TIED.
MM INDICATES DATA IS MISSING.
T  INDICATES TRACE AMOUNT.




$$
