000
CDUS41 KLWX 250520
CLIDCA


CLIMATE REPORT
NATIONAL WEATHER SERVICE BALTIMORE MD/WASHINGTON DC
120 AM EDT SAT OCT 25 2014


...................................

...THE WASHINGTON NATIONAL DC CLIMATE SUMMARY FOR OCTOBER 24 2014...

CLIMATE NORMAL PERIOD 1981 TO 2010
CLIMATE RECORD PERIOD 1871 TO 2014


WEATHER ITEM   OBSERVED TIME   RECORD YEAR NORMAL DEPARTURE LAST
                VALUE   (LST)  VALUE       VALUE  FROM      YEAR
                                                  NORMAL
..................................................................
TEMPERATURE (F)
 YESTERDAY
  MAXIMUM         71    348 PM  84    2012  66      5       54
                                      2001
  MINIMUM         55   1159 PM  29    1969  48      7       42
                                      1895
  AVERAGE         63                        57      6       48

PRECIPITATION (IN)
  YESTERDAY        0.00          2.01 1926   0.11  -0.11     0.00
  MONTH TO DATE    3.46                      2.62   0.84     6.19
  SINCE SEP 1      4.57                      6.34  -1.77     7.41
  SINCE JAN 1     38.24                     32.74   5.50    35.73

SNOWFALL (IN)
  YESTERDAY        0.0          MM      MM   0.0    0.0
  MONTH TO DATE    0.0                       0.0    0.0
  SINCE JUL 1      0.0                       0.0    0.0
  SNOW DEPTH       0

DEGREE DAYS
 HEATING
  YESTERDAY        2                         9     -7       17
  MONTH TO DATE   65                       137    -72       79
  SINCE SEP 1     65                       161    -96       88
  SINCE JUL 1     65                       161    -96       88

 COOLING
  YESTERDAY        0                         0      0        0
  MONTH TO DATE   42                        33      9       83
  SINCE SEP 1    315                       235     80      287
  SINCE JAN 1   1708                      1546    162     1717
..................................................................


WIND (MPH)
  HIGHEST WIND SPEED    10   HIGHEST WIND DIRECTION     N (340)
  HIGHEST GUST SPEED    14   HIGHEST GUST DIRECTION     N (340)
  AVERAGE WIND SPEED    11.0


SKY COVER
  POSSIBLE SUNSHINE  MM
  AVERAGE SKY COVER 0.6


WEATHER CONDITIONS
 THE FOLLOWING WEATHER WAS RECORDED YESTERDAY.
  NO SIGNIFICANT WEATHER WAS OBSERVED.


RELATIVE HUMIDITY (PERCENT)
 HIGHEST    61           500 AM
 LOWEST     28           300 PM
 AVERAGE    45

..........................................................


THE WASHINGTON NATIONAL DC CLIMATE NORMALS FOR TODAY
                         NORMAL    RECORD    YEAR
 MAXIMUM TEMPERATURE (F)   66        80      1902
 MINIMUM TEMPERATURE (F)   48        31      1937


SUNRISE AND SUNSET
OCTOBER 25 2014.......SUNRISE   728 AM EDT   SUNSET   616 PM EDT
OCTOBER 26 2014.......SUNRISE   729 AM EDT   SUNSET   615 PM EDT


-  INDICATES NEGATIVE NUMBERS.
R  INDICATES RECORD WAS SET OR TIED.
MM INDICATES DATA IS MISSING.
T  INDICATES TRACE AMOUNT.




$$
