000
CDUS41 KALY 190623
CLIDDH


CLIMATE REPORT
NATIONAL WEATHER SERVICE ALBANY NY
122 AM EST THU JAN 19 2017


...................................

...THE BENNINGTON VT CLIMATE SUMMARY FOR JANUARY 18 2017...

CLIMATE NORMAL PERIOD 1981 TO 2010
CLIMATE RECORD PERIOD 9999 TO 9999


WEATHER ITEM   OBSERVED TIME   NORMAL DEPARTURE LAST
                VALUE   (LST)  VALUE  FROM      YEAR
                                      NORMAL
......................................................
TEMPERATURE (F)
 YESTERDAY
  MAXIMUM         39   1254 PM  30      9       26
  MINIMUM         34   1159 PM  11     23       11
  AVERAGE         37            21     16       19

PRECIPITATION (IN)
  YESTERDAY        0.10          0.09   0.01     0.05
  MONTH TO DATE    1.46          1.76  -0.30     0.97
  SINCE DEC 1      3.55          4.55  -1.00     4.72
  SINCE JAN 1      1.46          1.76  -0.30     0.97

DEGREE DAYS
 HEATING
  YESTERDAY       28            44    -16       46
  MONTH TO DATE  685           788   -103      695
  SINCE DEC 1   1808          1947   -139     1440
  SINCE JUL 1   3178          3560   -382     2783

 COOLING
  YESTERDAY        0             0      0        0
  MONTH TO DATE    0             0      0        0
  SINCE DEC 1      0             0      0        0
  SINCE JAN 1      0             0      0        0
......................................................


WIND (MPH)
  HIGHEST WIND SPEED    15   HIGHEST WIND DIRECTION    SE (140)
  HIGHEST GUST SPEED    22   HIGHEST GUST DIRECTION    SE (130)
  AVERAGE WIND SPEED     3.6


SKY COVER
  AVERAGE SKY COVER 0.9



RELATIVE HUMIDITY (PERCENT)
 HIGHEST    96           900 PM
 LOWEST     70           200 AM
 AVERAGE    83

..........................................................


THE BENNINGTON VT CLIMATE NORMALS FOR TODAY
                         NORMAL
 MAXIMUM TEMPERATURE (F)   30
 MINIMUM TEMPERATURE (F)   11


SUNRISE AND SUNSET
JANUARY 19 2017.......SUNRISE   719 AM EST   SUNSET   449 PM EST
JANUARY 20 2017.......SUNRISE   718 AM EST   SUNSET   451 PM EST


-  INDICATES NEGATIVE NUMBERS.
R  INDICATES RECORD WAS SET OR TIED.
MM INDICATES DATA IS MISSING.
T  INDICATES TRACE AMOUNT.




$$
