000
CDUS41 KALY 040626
CLIDDH


CLIMATE REPORT
NATIONAL WEATHER SERVICE ALBANY NY
125 AM EST WED MAR 4 2015


...................................

...THE BENNINGTON VT CLIMATE SUMMARY FOR MARCH 3 2015...

CLIMATE NORMAL PERIOD 1981 TO 2010
CLIMATE RECORD PERIOD 9999 TO 9999


WEATHER ITEM   OBSERVED TIME   NORMAL DEPARTURE LAST
                VALUE   (LST)  VALUE  FROM      YEAR
                                      NORMAL
......................................................
TEMPERATURE (F)
 YESTERDAY
  MAXIMUM         34   1159 PM  39     -5       18
  MINIMUM          1    706 AM  19    -18        2
  AVERAGE         18            29    -11       10

PRECIPITATION (IN)
  YESTERDAY        0.11          0.08   0.03     0.00
  MONTH TO DATE    0.16          0.26  -0.10     0.01
  SINCE MAR 1      0.16          0.26  -0.10     0.01
  SINCE JAN 1      3.57          5.25  -1.68     5.87

DEGREE DAYS
 HEATING
  YESTERDAY       47            36     11       55
  MONTH TO DATE  141           109     32      145
  SINCE MAR 1    141           109     32      145
  SINCE JUL 1   5643          5360    283     5393

 COOLING
  YESTERDAY        0             0      0        0
  MONTH TO DATE    0             0      0        0
  SINCE MAR 1      0             0      0        0
  SINCE JAN 1      0             0      0        0
......................................................


WIND (MPH)
  HIGHEST WIND SPEED    22   HIGHEST WIND DIRECTION     S (180)
  HIGHEST GUST SPEED    30   HIGHEST GUST DIRECTION     S (200)
  AVERAGE WIND SPEED     7.1


SKY COVER
  AVERAGE SKY COVER 0.5



RELATIVE HUMIDITY (PERCENT)
 HIGHEST    95           700 AM
 LOWEST     31           300 PM
 AVERAGE    63

..........................................................


THE BENNINGTON VT CLIMATE NORMALS FOR TODAY
                         NORMAL
 MAXIMUM TEMPERATURE (F)   39
 MINIMUM TEMPERATURE (F)   19


SUNRISE AND SUNSET
MARCH  4 2015.........SUNRISE   624 AM EST   SUNSET   546 PM EST
MARCH  5 2015.........SUNRISE   623 AM EST   SUNSET   547 PM EST


-  INDICATES NEGATIVE NUMBERS.
R  INDICATES RECORD WAS SET OR TIED.
MM INDICATES DATA IS MISSING.
T  INDICATES TRACE AMOUNT.




$$
