000
CDUS41 KALY 180630
CLIDDH


CLIMATE REPORT
NATIONAL WEATHER SERVICE ALBANY NY
129 AM EST SAT NOV 18 2017


...................................

...THE BENNINGTON VT CLIMATE SUMMARY FOR NOVEMBER 17 2017...

CLIMATE NORMAL PERIOD 1981 TO 2010
CLIMATE RECORD PERIOD 9999 TO 9999


WEATHER ITEM   OBSERVED TIME   NORMAL DEPARTURE LAST
                VALUE   (LST)  VALUE  FROM      YEAR
                                      NORMAL
......................................................
TEMPERATURE (F)
 YESTERDAY
  MAXIMUM         40    104 PM  47     -7       52
  MINIMUM         22   1159 PM  30     -8       30
  AVERAGE         31            38     -7       41

PRECIPITATION (IN)
  YESTERDAY        0.00          0.10  -0.10     0.00
  MONTH TO DATE    0.78          1.75  -0.97     1.01
  SINCE SEP 1      6.54          9.01  -2.47     7.61
  SINCE JAN 1     38.89         36.55   2.34    28.92

DEGREE DAYS
 HEATING
  YESTERDAY       34            27      7       24
  MONTH TO DATE  430           415     15      396
  SINCE SEP 1    864          1164   -300      973
  SINCE JUL 1    931          1236   -305      995

 COOLING
  YESTERDAY        0             0      0        0
  MONTH TO DATE    0             0      0        0
  SINCE SEP 1     88            25     63       49
  SINCE JAN 1    395           313     82      488
......................................................


WIND (MPH)
  HIGHEST WIND SPEED    17   HIGHEST WIND DIRECTION     W (290)
  HIGHEST GUST SPEED    26   HIGHEST GUST DIRECTION    NW (310)
  AVERAGE WIND SPEED     9.2


SKY COVER
  AVERAGE SKY COVER 0.5



RELATIVE HUMIDITY (PERCENT)
 HIGHEST    81          1100 PM
 LOWEST     37           300 PM
 AVERAGE    59

..........................................................


THE BENNINGTON VT CLIMATE NORMALS FOR TODAY
                         NORMAL
 MAXIMUM TEMPERATURE (F)   47
 MINIMUM TEMPERATURE (F)   30


SUNRISE AND SUNSET
NOVEMBER 18 2017......SUNRISE   649 AM EST   SUNSET   427 PM EST
NOVEMBER 19 2017......SUNRISE   650 AM EST   SUNSET   426 PM EST


-  INDICATES NEGATIVE NUMBERS.
R  INDICATES RECORD WAS SET OR TIED.
MM INDICATES DATA IS MISSING.
T  INDICATES TRACE AMOUNT.




$$
