000
CDUS41 KALY 300640
CLIDDH


CLIMATE REPORT
NATIONAL WEATHER SERVICE ALBANY NY
240 AM EDT SAT MAY 30 2015


...................................

...THE BENNINGTON VT CLIMATE SUMMARY FOR MAY 29 2015...

CLIMATE NORMAL PERIOD 1981 TO 2010
CLIMATE RECORD PERIOD 9999 TO 9999


WEATHER ITEM   OBSERVED TIME   NORMAL DEPARTURE LAST
                VALUE   (LST)  VALUE  FROM      YEAR
                                      NORMAL
......................................................
TEMPERATURE (F)
 YESTERDAY
  MAXIMUM         82    306 PM  70     12       68
  MINIMUM         48    453 AM  47      1       36
  AVERAGE         65            59      6       52

PRECIPITATION (IN)
  YESTERDAY        0.00          0.14  -0.14     0.00
  MONTH TO DATE    0.42          3.36  -2.94     2.35
  SINCE MAR 1      3.60          9.78  -6.18     6.96
  SINCE JAN 1      7.01         14.77  -7.76    12.82

DEGREE DAYS
 HEATING
  YESTERDAY        0             7     -7       13
  MONTH TO DATE  155           303   -148      245
  SINCE MAR 1   1935          1875     60     1990
  SINCE JUL 1   7437          7126    311     7238

 COOLING
  YESTERDAY        0             1     -1        0
  MONTH TO DATE   57             2     55       12
  SINCE MAR 1     57             5     52       16
  SINCE JAN 1     57             5     52       16
......................................................


WIND (MPH)
  HIGHEST WIND SPEED    10   HIGHEST WIND DIRECTION     W (280)
  HIGHEST GUST SPEED    21   HIGHEST GUST DIRECTION     W (270)
  AVERAGE WIND SPEED     1.0


SKY COVER
  AVERAGE SKY COVER 0.1



RELATIVE HUMIDITY (PERCENT)
 HIGHEST    96           200 AM
 LOWEST     42           100 PM
 AVERAGE    69

..........................................................


THE BENNINGTON VT CLIMATE NORMALS FOR TODAY
                         NORMAL
 MAXIMUM TEMPERATURE (F)   71
 MINIMUM TEMPERATURE (F)   47


SUNRISE AND SUNSET
MAY 30 2015...........SUNRISE   518 AM EDT   SUNSET   823 PM EDT
MAY 31 2015...........SUNRISE   518 AM EDT   SUNSET   824 PM EDT


-  INDICATES NEGATIVE NUMBERS.
R  INDICATES RECORD WAS SET OR TIED.
MM INDICATES DATA IS MISSING.
T  INDICATES TRACE AMOUNT.




$$
