000
CDUS43 KILX 172130
CLIDEC


CLIMATE REPORT
NATIONAL WEATHER SERVICE LINCOLN IL
430 PM CDT WED SEP 17 2014


...................................

...THE DECATUR IL AIRPORT CLIMATE SUMMARY FOR SEPTEMBER 17 2014...
VALID TODAY AS OF 0400 PM LOCAL TIME.

CLIMATE NORMAL PERIOD 1981 TO 2010
CLIMATE RECORD PERIOD 9999 TO 9999


WEATHER ITEM   OBSERVED TIME   RECORD YEAR NORMAL DEPARTURE LAST
                VALUE   (LST)  VALUE       VALUE  FROM      YEAR
                                                  NORMAL
..................................................................
TEMPERATURE (F)
 TODAY
  MAXIMUM         68    208 PM  MM      MM  78    -10       76
  MINIMUM         45    525 AM  MM      MM  54     -9       48
  AVERAGE         57                        66     -9       62

PRECIPITATION (IN)
  TODAY            0.00         MM      MM   0.07  -0.07     0.00
  MONTH TO DATE    3.49                      1.96   1.53     0.14
  SINCE SEP 1      3.49                      1.96   1.53     0.14
  SINCE JAN 1     27.42                     28.27  -0.85    26.51

DEGREE DAYS
 HEATING
  TODAY            8                         2      6        3
  MONTH TO DATE   65                        14     51       19
  SINCE SEP 1     65                        14     51       19
  SINCE JUL 1     67                        20     47       29

 COOLING
  TODAY            0                         3     -3        0
  MONTH TO DATE   67                        83    -16      129
  SINCE SEP 1     67                        83    -16      129
  SINCE JAN 1    971                      1001    -30     1001
..................................................................


WIND (MPH)
  HIGHEST WIND SPEED    13   HIGHEST WIND DIRECTION    SW (210)
  HIGHEST GUST SPEED    17   HIGHEST GUST DIRECTION    SW (210)
  AVERAGE WIND SPEED     3.8


SKY COVER
  POSSIBLE SUNSHINE  MM
  AVERAGE SKY COVER 0.3


WEATHER CONDITIONS
 THE FOLLOWING WEATHER WAS RECORDED TODAY.
  FOG


RELATIVE HUMIDITY (PERCENT)
 HIGHEST   100           400 AM
 LOWEST     56           300 PM
 AVERAGE    78

..........................................................


THE DECATUR IL AIRPORT CLIMATE NORMALS FOR TOMORROW
                         NORMAL    RECORD    YEAR
 MAXIMUM TEMPERATURE (F)   78        MM        MM
 MINIMUM TEMPERATURE (F)   53        MM        MM


SUNRISE AND SUNSET
SEPTEMBER 17 2014.....SUNRISE   638 AM CDT   SUNSET   701 PM CDT
SEPTEMBER 18 2014.....SUNRISE   639 AM CDT   SUNSET   659 PM CDT


-  INDICATES NEGATIVE NUMBERS.
R  INDICATES RECORD WAS SET OR TIED.
MM INDICATES DATA IS MISSING.
T  INDICATES TRACE AMOUNT.




$$
