000
CDUS43 KILX 210652
CLIDEC


CLIMATE REPORT
NATIONAL WEATHER SERVICE LINCOLN IL
1252 AM CST FRI NOV 21 2014


...................................

...THE DECATUR IL AIRPORT CLIMATE SUMMARY FOR NOVEMBER 20 2014...

CLIMATE NORMAL PERIOD 1981 TO 2010
CLIMATE RECORD PERIOD 9999 TO 9999


WEATHER ITEM   OBSERVED TIME   RECORD YEAR NORMAL DEPARTURE LAST
                VALUE   (LST)  VALUE       VALUE  FROM      YEAR
                                                  NORMAL
..................................................................
TEMPERATURE (F)
 YESTERDAY
  MAXIMUM         33    347 PM  MM      MM  49    -16       46
  MINIMUM         19   1159 PM  MM      MM  32    -13       27
  AVERAGE         26                        41    -15       37

PRECIPITATION (IN)
  YESTERDAY        T            MM      MM   0.11  -0.11     0.04
  MONTH TO DATE    0.56                      2.26  -1.70     0.62
  SINCE SEP 1      9.65                      8.43   1.22     5.20
  SINCE JAN 1     33.58                     34.74  -1.16    31.57

DEGREE DAYS
 HEATING
  YESTERDAY       39                        24     15       28
  MONTH TO DATE  577                       396    181      415
  SINCE SEP 1    987                       808    179      794
  SINCE JUL 1    989                       814    175      804

 COOLING
  YESTERDAY        0                         0      0        0
  MONTH TO DATE    0                         0      0        0
  SINCE SEP 1    107                       130    -23      207
  SINCE JAN 1   1011                      1048    -37     1079
..................................................................


WIND (MPH)
  HIGHEST WIND SPEED    21   HIGHEST WIND DIRECTION     W (290)
  HIGHEST GUST SPEED    29   HIGHEST GUST DIRECTION    NW (300)
  AVERAGE WIND SPEED     9.7


SKY COVER
  POSSIBLE SUNSHINE  MM
  AVERAGE SKY COVER 0.2


WEATHER CONDITIONS
 THE FOLLOWING WEATHER WAS RECORDED YESTERDAY.
  LIGHT SNOW


RELATIVE HUMIDITY (PERCENT)
 HIGHEST    73           700 AM
 LOWEST     41           200 PM
 AVERAGE    57

..........................................................


THE DECATUR IL AIRPORT CLIMATE NORMALS FOR TODAY
                         NORMAL    RECORD    YEAR
 MAXIMUM TEMPERATURE (F)   49        MM        MM
 MINIMUM TEMPERATURE (F)   32        MM        MM


SUNRISE AND SUNSET
NOVEMBER 21 2014......SUNRISE   647 AM CST   SUNSET   435 PM CST
NOVEMBER 22 2014......SUNRISE   648 AM CST   SUNSET   435 PM CST


-  INDICATES NEGATIVE NUMBERS.
R  INDICATES RECORD WAS SET OR TIED.
MM INDICATES DATA IS MISSING.
T  INDICATES TRACE AMOUNT.




$$
