000
CDUS43 KILX 292132
CLIDEC


CLIMATE REPORT
NATIONAL WEATHER SERVICE LINCOLN IL
431 PM CDT WED MAR 29 2017


...................................

...THE DECATUR IL AIRPORT CLIMATE SUMMARY FOR MARCH 29 2017...
VALID TODAY AS OF 0400 PM LOCAL TIME.

CLIMATE NORMAL PERIOD 1981 TO 2010
CLIMATE RECORD PERIOD 9999 TO 9999


WEATHER ITEM   OBSERVED TIME   RECORD YEAR NORMAL DEPARTURE LAST
                VALUE   (LST)  VALUE       VALUE  FROM      YEAR
                                                  NORMAL
..................................................................
TEMPERATURE (F)
 TODAY
  MAXIMUM         53    259 PM  MM      MM  57     -4       60
  MINIMUM         44    254 AM  MM      MM  36      8       29
  AVERAGE         49                        46      3       45

PRECIPITATION (IN)
  TODAY            0.17         MM      MM   0.10   0.07     0.00
  MONTH TO DATE    1.46                      2.45  -0.99     2.06
  SINCE MAR 1      1.46                      2.45  -0.99     2.06
  SINCE JAN 1      3.56                      6.17  -2.61     3.25

DEGREE DAYS
 HEATING
  TODAY           16                        19     -3       20
  MONTH TO DATE  630                       690    -60      484
  SINCE MAR 1    630                       690    -60      484
  SINCE JUL 1   3989                      4947   -958     3976

 COOLING
  TODAY            0                         0      0        0
  MONTH TO DATE    0                         0      0        0
  SINCE MAR 1      0                         0      0        0
  SINCE JAN 1      0                         0      0        0
..................................................................


WIND (MPH)
  HIGHEST WIND SPEED    26   HIGHEST WIND DIRECTION     E (90)
  HIGHEST GUST SPEED    33   HIGHEST GUST DIRECTION     E (90)
  AVERAGE WIND SPEED    15.1


SKY COVER
  POSSIBLE SUNSHINE  MM
  AVERAGE SKY COVER 1.0


WEATHER CONDITIONS
 THE FOLLOWING WEATHER WAS RECORDED TODAY.
  RAIN
  LIGHT RAIN
  FOG


RELATIVE HUMIDITY (PERCENT)
 HIGHEST    89           400 AM
 LOWEST     77           900 AM
 AVERAGE    83

..........................................................


THE DECATUR IL AIRPORT CLIMATE NORMALS FOR TOMORROW
                         NORMAL    RECORD    YEAR
 MAXIMUM TEMPERATURE (F)   57        MM        MM
 MINIMUM TEMPERATURE (F)   36        MM        MM


SUNRISE AND SUNSET
MARCH 29 2017.........SUNRISE   644 AM CDT   SUNSET   717 PM CDT
MARCH 30 2017.........SUNRISE   642 AM CDT   SUNSET   718 PM CDT


-  INDICATES NEGATIVE NUMBERS.
R  INDICATES RECORD WAS SET OR TIED.
MM INDICATES DATA IS MISSING.
T  INDICATES TRACE AMOUNT.




$$
