000
CDUS43 KILX 240654
CLIDEC


CLIMATE REPORT
NATIONAL WEATHER SERVICE LINCOLN IL
153 AM CDT WED MAY 24 2017


...................................

...THE DECATUR IL AIRPORT CLIMATE SUMMARY FOR MAY 23 2017...

CLIMATE NORMAL PERIOD 1981 TO 2010
CLIMATE RECORD PERIOD 9999 TO 9999


WEATHER ITEM   OBSERVED TIME   RECORD YEAR NORMAL DEPARTURE LAST
                VALUE   (LST)  VALUE       VALUE  FROM      YEAR
                                                  NORMAL
..................................................................
TEMPERATURE (F)
 YESTERDAY
  MAXIMUM         69   1222 PM  MM      MM  76     -7       83
  MINIMUM         57   1159 PM  MM      MM  54      3       50
  AVERAGE         63                        65     -2       67

PRECIPITATION (IN)
  YESTERDAY        0.33         MM      MM   0.14   0.19     0.00
  MONTH TO DATE    8.47                      3.38   5.09     2.23
  SINCE MAR 1     16.75                      9.82   6.93     8.75
  SINCE JAN 1     18.85                     13.54   5.31     9.94

DEGREE DAYS
 HEATING
  YESTERDAY        2                         3     -1        0
  MONTH TO DATE  141                       120     21      138
  SINCE MAR 1   1045                      1226   -181      993
  SINCE JUL 1   4404                      5483  -1079     4485

 COOLING
  YESTERDAY        0                         3     -3        2
  MONTH TO DATE   50                        42      8       12
  SINCE MAR 1     73                        56     17       19
  SINCE JAN 1     73                        56     17       19
..................................................................


WIND (MPH)
  HIGHEST WIND SPEED    16   HIGHEST WIND DIRECTION    NW (320)
  HIGHEST GUST SPEED    20   HIGHEST GUST DIRECTION    NW (320)
  AVERAGE WIND SPEED     5.3


SKY COVER
  POSSIBLE SUNSHINE  MM
  AVERAGE SKY COVER 0.9


WEATHER CONDITIONS
 THE FOLLOWING WEATHER WAS RECORDED YESTERDAY.
  LIGHT RAIN
  FOG


RELATIVE HUMIDITY (PERCENT)
 HIGHEST    93           300 AM
 LOWEST     63          1100 AM
 AVERAGE    78

..........................................................


THE DECATUR IL AIRPORT CLIMATE NORMALS FOR TODAY
                         NORMAL    RECORD    YEAR
 MAXIMUM TEMPERATURE (F)   76        MM        MM
 MINIMUM TEMPERATURE (F)   54        MM        MM


SUNRISE AND SUNSET
MAY 24 2017...........SUNRISE   533 AM CDT   SUNSET   812 PM CDT
MAY 25 2017...........SUNRISE   533 AM CDT   SUNSET   813 PM CDT


-  INDICATES NEGATIVE NUMBERS.
R  INDICATES RECORD WAS SET OR TIED.
MM INDICATES DATA IS MISSING.
T  INDICATES TRACE AMOUNT.




$$
