000
CDUS43 KILX 180702
CLIDEC


CLIMATE REPORT
NATIONAL WEATHER SERVICE LINCOLN IL
100 AM CST THU JAN 18 2018


...................................

...THE DECATUR IL AIRPORT CLIMATE SUMMARY FOR JANUARY 17 2018...

CLIMATE NORMAL PERIOD 1981 TO 2010
CLIMATE RECORD PERIOD 9999 TO 9999


WEATHER ITEM   OBSERVED TIME   RECORD YEAR NORMAL DEPARTURE LAST
                VALUE   (LST)  VALUE       VALUE  FROM      YEAR
                                                  NORMAL
..................................................................
TEMPERATURE (F)
 YESTERDAY
  MAXIMUM         19    441 PM  MM      MM  35    -16       57
  MINIMUM          0    738 AM  MM      MM  19    -19       37
  AVERAGE         10                        27    -17       47

PRECIPITATION (IN)
  YESTERDAY        0.00         MM      MM   0.07  -0.07     0.01
  MONTH TO DATE    0.49                      1.12  -0.63     0.94
  SINCE DEC 1      0.61                      3.66  -3.05     1.63
  SINCE JAN 1      0.49                      1.12  -0.63     0.94

DEGREE DAYS
 HEATING
  YESTERDAY       55                        38     17       18
  MONTH TO DATE  847                       641    206      616
  SINCE DEC 1   1927                      1699    228     1650
  SINCE JUL 1   2869                      2780     89     2346

 COOLING
  YESTERDAY        0                         0      0        0
  MONTH TO DATE    0                         0      0        0
  SINCE DEC 1      0                         0      0        0
  SINCE JAN 1      0                         0      0        0
..................................................................


WIND (MPH)
  HIGHEST WIND SPEED    20   HIGHEST WIND DIRECTION    SW (240)
  HIGHEST GUST SPEED    27   HIGHEST GUST DIRECTION    SW (230)
  AVERAGE WIND SPEED    10.7


SKY COVER
  POSSIBLE SUNSHINE  MM
  AVERAGE SKY COVER 0.2


WEATHER CONDITIONS
 THE FOLLOWING WEATHER WAS RECORDED YESTERDAY.
  FOG


RELATIVE HUMIDITY (PERCENT)
 HIGHEST    95           500 AM
 LOWEST     67          1000 PM
 AVERAGE    81

..........................................................


THE DECATUR IL AIRPORT CLIMATE NORMALS FOR TODAY
                         NORMAL    RECORD    YEAR
 MAXIMUM TEMPERATURE (F)   35        MM        MM
 MINIMUM TEMPERATURE (F)   19        MM        MM


SUNRISE AND SUNSET
JANUARY 18 2018.......SUNRISE   714 AM CST   SUNSET   459 PM CST
JANUARY 19 2018.......SUNRISE   713 AM CST   SUNSET   500 PM CST


-  INDICATES NEGATIVE NUMBERS.
R  INDICATES RECORD WAS SET OR TIED.
MM INDICATES DATA IS MISSING.
T  INDICATES TRACE AMOUNT.




$$
