708
CDUS45 KBOU 080800
CLIDEN


CLIMATE REPORT
NATIONAL WEATHER SERVICE DENVER/BOULDER CO
1257 AM MST THU DEC 8 2016


...................................

...THE DENVER CO CLIMATE SUMMARY FOR DECEMBER 7 2016...

CLIMATE NORMAL PERIOD 1981 TO 2010
CLIMATE RECORD PERIOD 1872 TO 2016


WEATHER ITEM   OBSERVED TIME   RECORD YEAR NORMAL DEPARTURE LAST
                VALUE   (LST)  VALUE       VALUE  FROM      YEAR
                                                  NORMAL
..................................................................
TEMPERATURE (F)
 YESTERDAY
  MAXIMUM         17    119 AM  70    1906  43    -26       62
  MINIMUM         -8   1057 PM -13    2005  17    -25       25
  AVERAGE          5                        30    -25       44

PRECIPITATION (IN)
  YESTERDAY        0.03          0.35 1988   0.01   0.02     0.00
  MONTH TO DATE    0.06                      0.08  -0.02     0.00
  SINCE DEC 1      0.06                      0.08  -0.02     0.00
  SINCE JAN 1     11.13                     14.03  -2.90    17.60

SNOWFALL (IN)
  YESTERDAY        1.2
  MONTH TO DATE    1.3
  SINCE DEC 1      1.3
  SINCE JUL 1        3
  SNOW DEPTH       T


DEGREE DAYS
 HEATING
  YESTERDAY       60                        35     25       21
  MONTH TO DATE  284                       237     47      196
  SINCE DEC 1    284                       237     47      196
  SINCE JUL 1   1180                      1619   -439     1286

 COOLING
  YESTERDAY        0                         0      0        0
  MONTH TO DATE    0                         0      0        0
  SINCE DEC 1      0                         0      0        0
  SINCE JAN 1    878                       769    109      877
..................................................................


WIND (MPH)
  HIGHEST WIND SPEED    18   HIGHEST WIND DIRECTION    NE (40)
  HIGHEST GUST SPEED    22   HIGHEST GUST DIRECTION    NE (30)
  AVERAGE WIND SPEED     7.6


SKY COVER **
  POSSIBLE SUNSHINE  MM
  AVERAGE SKY COVER 0.7


WEATHER CONDITIONS
 THE FOLLOWING WEATHER WAS RECORDED YESTERDAY.
  LIGHT SNOW
  FOG
  HAZE


RELATIVE HUMIDITY (PERCENT)
 HIGHEST    88           300 AM
 LOWEST     66           200 PM
 AVERAGE    77

..........................................................


THE DENVER CO CLIMATE NORMALS FOR TODAY
                         NORMAL    RECORD    YEAR
 MAXIMUM TEMPERATURE (F)   43        73      1940
 MINIMUM TEMPERATURE (F)   17       -14      1919


SUNRISE AND SUNSET
DECEMBER  8 2016......SUNRISE   709 AM MST   SUNSET   433 PM MST
DECEMBER  9 2016......SUNRISE   709 AM MST   SUNSET   433 PM MST


-  INDICATES NEGATIVE NUMBERS.
R  INDICATES RECORD WAS SET OR TIED.
MM INDICATES DATA IS MISSING.
T  INDICATES TRACE AMOUNT.

&&

** SUNSHINE DATA WILL NO LONGER BE AVAILABLE EFFECTIVE OCTOBER 1ST 2009.




$$
