515
CDUS45 KBOU 222334
CLIDEN


CLIMATE REPORT
NATIONAL WEATHER SERVICE DENVER/BOULDER CO
534 PM MDT SAT JUL 22 2017


...................................

...THE DENVER CO CLIMATE SUMMARY FOR JULY 22 2017...
VALID TODAY AS OF 0500 PM LOCAL TIME.

CLIMATE NORMAL PERIOD 1981 TO 2010
CLIMATE RECORD PERIOD 1872 TO 2017


WEATHER ITEM   OBSERVED TIME   RECORD YEAR NORMAL DEPARTURE LAST
                VALUE   (LST)  VALUE       VALUE  FROM      YEAR
                                                  NORMAL
..................................................................
TEMPERATURE (F)
 TODAY
  MAXIMUM         91    320 PM 102    2005  90      1       96
  MINIMUM         61    320 AM  49    1990  60      1       70
                                      1961
  AVERAGE         76                        75      1       83

PRECIPITATION (IN)
  TODAY            0.00          1.53 1895   0.09  -0.09      T
  MONTH TO DATE    0.27                      1.45  -1.18     1.06
  SINCE JUN 1      0.60                      3.43  -2.83     2.68
  SINCE JAN 1      6.91                      8.96  -2.05     9.78

DEGREE DAYS
 HEATING
  TODAY            0                         0      0        0
  MONTH TO DATE    0                         1     -1        0
  SINCE JUN 1     25                        63    -38        4
  SINCE JUL 1      0                         1     -1        0

 COOLING
  TODAY           11                        10      1       18
  MONTH TO DATE  259                       199     60      240
  SINCE JUN 1    426                       332     94      425
  SINCE JAN 1    432                       354     78      428
..................................................................


WIND (MPH)
  HIGHEST WIND SPEED    15   HIGHEST WIND DIRECTION     N (10)
  HIGHEST GUST SPEED    19   HIGHEST GUST DIRECTION     N (360)
  AVERAGE WIND SPEED     6.7


SKY COVER **
  POSSIBLE SUNSHINE  MM
  AVERAGE SKY COVER 0.7


WEATHER CONDITIONS
 THE FOLLOWING WEATHER WAS RECORDED TODAY.
  NO SIGNIFICANT WEATHER WAS OBSERVED.


RELATIVE HUMIDITY (PERCENT)
 HIGHEST    90           100 AM
 LOWEST     21           300 PM
 AVERAGE    56

..........................................................


THE DENVER CO CLIMATE NORMALS FOR TOMORROW
                         NORMAL    RECORD    YEAR
 MAXIMUM TEMPERATURE (F)   90       102      2005
 MINIMUM TEMPERATURE (F)   60        49      1961


SUNRISE AND SUNSET
JULY 22 2017..........SUNRISE   549 AM MDT   SUNSET   821 PM MDT
JULY 23 2017..........SUNRISE   550 AM MDT   SUNSET   820 PM MDT


-  INDICATES NEGATIVE NUMBERS.
R  INDICATES RECORD WAS SET OR TIED.
MM INDICATES DATA IS MISSING.
T  INDICATES TRACE AMOUNT.




$$
