000
CDUS45 KBOU 020802
CLIDEN


CLIMATE REPORT
NATIONAL WEATHER SERVICE DENVER/BOULDER CO
200 AM MDT MON MAY 2 2016


...................................

...THE DENVER CO CLIMATE SUMMARY FOR MAY 1 2016...

CLIMATE NORMAL PERIOD 1981 TO 2010
CLIMATE RECORD PERIOD 1872 TO 2016


WEATHER ITEM   OBSERVED TIME   RECORD YEAR NORMAL DEPARTURE LAST
                VALUE   (LST)  VALUE       VALUE  FROM      YEAR
                                                  NORMAL
..................................................................
TEMPERATURE (F)
 YESTERDAY
  MAXIMUM         42    609 PM  87    1992  66    -24       64
  MINIMUM         32   1159 PM  23    1909  38     -6       47
  AVERAGE         37                        52    -15       56

PRECIPITATION (IN)
  YESTERDAY        0.05          1.11 1978   0.07  -0.02     0.02
  MONTH TO DATE    0.05                      0.07  -0.02     0.02
  SINCE MAR 1      3.79                      2.70   1.09     3.46
  SINCE JAN 1      4.77                      3.48   1.29     5.09

SNOWFALL (IN)
  YESTERDAY          T
  MONTH TO DATE      T
  SINCE MAR 1       34
  SINCE JUL 1     72.8
  SNOW DEPTH       T


DEGREE DAYS
 HEATING
  YESTERDAY       28                        13     15        9
  MONTH TO DATE   28                        13     15        9
  SINCE MAR 1   1270                      1305    -35     1101
  SINCE JUL 1   5258                      5744   -486     5214

 COOLING
  YESTERDAY        0                         0      0        0
  MONTH TO DATE    0                         0      0        0
  SINCE MAR 1      0                         1     -1        0
  SINCE JAN 1      0                         1     -1        0
..................................................................


WIND (MPH)
  HIGHEST WIND SPEED    22   HIGHEST WIND DIRECTION     N (340)
  HIGHEST GUST SPEED    25   HIGHEST GUST DIRECTION     N (340)
  AVERAGE WIND SPEED     9.3


SKY COVER **
  POSSIBLE SUNSHINE  MM
  AVERAGE SKY COVER 0.9


WEATHER CONDITIONS
 THE FOLLOWING WEATHER WAS RECORDED YESTERDAY.
  RAIN
  LIGHT RAIN
  SNOW
  LIGHT SNOW
  FOG


RELATIVE HUMIDITY (PERCENT)
 HIGHEST    89           700 AM
 LOWEST     53           600 PM
 AVERAGE    71

..........................................................


THE DENVER CO CLIMATE NORMALS FOR TODAY
                         NORMAL    RECORD    YEAR
 MAXIMUM TEMPERATURE (F)   66        90      1879
 MINIMUM TEMPERATURE (F)   38        19      2013


SUNRISE AND SUNSET
MAY  2 2016...........SUNRISE   556 AM MDT   SUNSET   755 PM MDT
MAY  3 2016...........SUNRISE   555 AM MDT   SUNSET   756 PM MDT


-  INDICATES NEGATIVE NUMBERS.
R  INDICATES RECORD WAS SET OR TIED.
MM INDICATES DATA IS MISSING.
T  INDICATES TRACE AMOUNT.

&&

** SUNSHINE DATA WILL NO LONGER BE AVAILABLE EFFECTIVE OCTOBER 1ST 2009.




$$
