000
CDUS45 KBOU 260820
CLIDEN


CLIMATE REPORT
NATIONAL WEATHER SERVICE DENVER/BOULDER CO
217 AM MDT WED APR 26 2017


...................................

...THE DENVER CO CLIMATE SUMMARY FOR APRIL 25 2017...

CLIMATE NORMAL PERIOD 1981 TO 2010
CLIMATE RECORD PERIOD 1872 TO 2017


WEATHER ITEM   OBSERVED TIME   RECORD YEAR NORMAL DEPARTURE LAST
                VALUE   (LST)  VALUE       VALUE  FROM      YEAR
                                                  NORMAL
..................................................................
TEMPERATURE (F)
 YESTERDAY
  MAXIMUM         58   1158 AM  83    1987  64     -6       72
                                      1938
  MINIMUM         31   1159 PM  20    1924  36     -5       38
  AVERAGE         45                        50     -5       55

PRECIPITATION (IN)
  YESTERDAY        0.06          0.94 1985   0.07  -0.01     0.02
  MONTH TO DATE    0.63                      1.36  -0.73     1.66
  SINCE MAR 1      1.53                      2.28  -0.75     2.84
  SINCE JAN 1      2.30                      3.06  -0.76     3.82

SNOWFALL (IN)
  YESTERDAY          T
  MONTH TO DATE    0.1
  SINCE MAR 1      0.1
  SINCE JUL 1     19.4
  SNOW DEPTH       0


DEGREE DAYS
 HEATING
  YESTERDAY       20                        15      5       10
  MONTH TO DATE  356                       457   -101      390
  SINCE MAR 1    879                      1220   -341     1106
  SINCE JUL 1   4681                      5659   -978     5094

 COOLING
  YESTERDAY        0                         0      0        0
  MONTH TO DATE    0                         0      0        0
  SINCE MAR 1      0                         0      0        0
  SINCE JAN 1      0                         0      0        0
..................................................................


WIND (MPH)
  HIGHEST WIND SPEED    35   HIGHEST WIND DIRECTION    NW (300)
  HIGHEST GUST SPEED    41   HIGHEST GUST DIRECTION    NW (310)
  AVERAGE WIND SPEED    12.2


SKY COVER **
  POSSIBLE SUNSHINE  MM
  AVERAGE SKY COVER 0.8


WEATHER CONDITIONS
 THE FOLLOWING WEATHER WAS RECORDED YESTERDAY.
  THUNDERSTORM
  LIGHT RAIN
  LIGHT SNOW


RELATIVE HUMIDITY (PERCENT)
 HIGHEST    92           400 AM
 LOWEST     26           900 AM
 AVERAGE    59

..........................................................


THE DENVER CO CLIMATE NORMALS FOR TODAY
                         NORMAL    RECORD    YEAR
 MAXIMUM TEMPERATURE (F)   64        84      1981
 MINIMUM TEMPERATURE (F)   36        18      1924


SUNRISE AND SUNSET
APRIL 26 2017.........SUNRISE   605 AM MDT   SUNSET   748 PM MDT
APRIL 27 2017.........SUNRISE   603 AM MDT   SUNSET   749 PM MDT


-  INDICATES NEGATIVE NUMBERS.
R  INDICATES RECORD WAS SET OR TIED.
MM INDICATES DATA IS MISSING.
T  INDICATES TRACE AMOUNT.

&&

** SUNSHINE DATA WILL NO LONGER BE AVAILABLE EFFECTIVE OCTOBER 1ST 2009.




$$
