000
CDUS45 KBOU 242324
CLIDEN


CLIMATE REPORT
NATIONAL WEATHER SERVICE DENVER/BOULDER CO
523 PM MDT SUN SEP 24 2017


...................................

...THE DENVER CO CLIMATE SUMMARY FOR SEPTEMBER 24 2017...
VALID TODAY AS OF 0500 PM LOCAL TIME.

CLIMATE NORMAL PERIOD 1981 TO 2010
CLIMATE RECORD PERIOD 1872 TO 2017


WEATHER ITEM   OBSERVED TIME   RECORD YEAR NORMAL DEPARTURE LAST
                VALUE   (LST)  VALUE       VALUE  FROM      YEAR
                                                  NORMAL
..................................................................
TEMPERATURE (F)
 TODAY
  MAXIMUM         50    229 PM  89    1992  75    -25       71
  MINIMUM         45    147 AM  29    2000  45      0       38
                                      1926
  AVERAGE         48                        60    -12       55

PRECIPITATION (IN)
  TODAY            0.02          0.67 1961   0.03  -0.01     0.00
  MONTH TO DATE    0.87                      0.77   0.10     0.28
  SINCE SEP 1      0.87                      0.77   0.10     0.28
  SINCE JAN 1      9.84                     12.13  -2.29    10.29

DEGREE DAYS
 HEATING
  TODAY           17                         6     11       10
  MONTH TO DATE   55                        78    -23       45
  SINCE SEP 1     55                        78    -23       45
  SINCE JUL 1     63                        94    -31       60

 COOLING
  TODAY            0                         1     -1        0
  MONTH TO DATE  131                        71     60       96
  SINCE SEP 1    131                        71     60       96
  SINCE JAN 1    880                       759    121      858
..................................................................


WIND (MPH)
  HIGHEST WIND SPEED    18   HIGHEST WIND DIRECTION     E (70)
  HIGHEST GUST SPEED    21   HIGHEST GUST DIRECTION     E (80)
  AVERAGE WIND SPEED     5.6


SKY COVER **
  POSSIBLE SUNSHINE  MM
  AVERAGE SKY COVER 1.0


WEATHER CONDITIONS
 THE FOLLOWING WEATHER WAS RECORDED TODAY.
  LIGHT RAIN
  FOG


RELATIVE HUMIDITY (PERCENT)
 HIGHEST    93           800 AM
 LOWEST     86           200 AM
 AVERAGE    90

..........................................................


THE DENVER CO CLIMATE NORMALS FOR TOMORROW
                         NORMAL    RECORD    YEAR
 MAXIMUM TEMPERATURE (F)   75        91      1998
 MINIMUM TEMPERATURE (F)   44        25      1926


SUNRISE AND SUNSET
SEPTEMBER 24 2017.....SUNRISE   649 AM MDT   SUNSET   652 PM MDT
SEPTEMBER 25 2017.....SUNRISE   650 AM MDT   SUNSET   651 PM MDT


-  INDICATES NEGATIVE NUMBERS.
R  INDICATES RECORD WAS SET OR TIED.
MM INDICATES DATA IS MISSING.
T  INDICATES TRACE AMOUNT.




$$
