000
CDUS45 KBOU 210808
CLIDEN


CLIMATE REPORT
NATIONAL WEATHER SERVICE DENVER/BOULDER CO
102 AM MST SUN JAN 21 2018


...................................

...THE DENVER CO CLIMATE SUMMARY FOR JANUARY 20 2018...

CLIMATE NORMAL PERIOD 1981 TO 2010
CLIMATE RECORD PERIOD 1872 TO 2018


WEATHER ITEM   OBSERVED TIME   RECORD YEAR NORMAL DEPARTURE LAST
                VALUE   (LST)  VALUE       VALUE  FROM      YEAR
                                                  NORMAL
..................................................................
TEMPERATURE (F)
 YESTERDAY
  MAXIMUM         48    231 AM  70    2005  44      4       45
  MINIMUM         27    744 PM -18    1883  17     10       26
  AVERAGE         38                        31      7       36

PRECIPITATION (IN)
  YESTERDAY        T             0.87 1973   0.01  -0.01      T
  MONTH TO DATE    0.24                      0.26  -0.02     0.54
  SINCE DEC 1      0.45                      0.61  -0.16     1.32
  SINCE JAN 1      0.24                      0.26  -0.02     0.54

SNOWFALL (IN)
  YESTERDAY        0.0
  MONTH TO DATE    0.7
  SINCE DEC 1      4.7
  SINCE JUL 1      7.5
  SNOW DEPTH       0

DEGREE DAYS
 HEATING
  YESTERDAY       27                        34     -7       29
  MONTH TO DATE  596                       685    -89      731
  SINCE DEC 1   1575                      1771   -196     1877
  SINCE JUL 1   2746                      3153   -407     2773

 COOLING
  YESTERDAY        0                         0      0        0
  MONTH TO DATE    0                         0      0        0
  SINCE DEC 1      0                         0      0        0
  SINCE JAN 1      0                         0      0        0
..................................................................


WIND (MPH)
  HIGHEST WIND SPEED    18   HIGHEST WIND DIRECTION    NE (30)
  HIGHEST GUST SPEED    21   HIGHEST GUST DIRECTION    NE (30)
  AVERAGE WIND SPEED     9.9


SKY COVER
  POSSIBLE SUNSHINE  MM
  AVERAGE SKY COVER 0.7


WEATHER CONDITIONS
 THE FOLLOWING WEATHER WAS RECORDED YESTERDAY.
  LIGHT RAIN
  LT FREEZING RAIN
  FOG


RELATIVE HUMIDITY (PERCENT)
 HIGHEST    92          1000 PM
 LOWEST     28          1200 AM
 AVERAGE    60

..........................................................


THE DENVER CO CLIMATE NORMALS FOR TODAY
                         NORMAL    RECORD    YEAR
 MAXIMUM TEMPERATURE (F)   44        71      2009
 MINIMUM TEMPERATURE (F)   17       -15      1930


SUNRISE AND SUNSET
JANUARY 21 2018.......SUNRISE   715 AM MST   SUNSET   505 PM MST
JANUARY 22 2018.......SUNRISE   715 AM MST   SUNSET   506 PM MST


-  INDICATES NEGATIVE NUMBERS.
R  INDICATES RECORD WAS SET OR TIED.
MM INDICATES DATA IS MISSING.
T  INDICATES TRACE AMOUNT.




$$
