000
CDUS44 KSHV 210831
CLIDEQ


CLIMATE REPORT
NATIONAL WEATHER SERVICE SHREVEPORT, LA
230 AM CST SUN DEC 21 2014


...................................

...THE DE QUEEN CLIMATE SUMMARY FOR DECEMBER 20 2014...

CLIMATE NORMAL PERIOD 1981 TO 2010
CLIMATE RECORD PERIOD 1902 TO 2014


WEATHER ITEM   OBSERVED TIME   RECORD YEAR NORMAL DEPARTURE LAST
                VALUE   (LST)  VALUE       VALUE  FROM      YEAR
                                                  NORMAL
..................................................................
TEMPERATURE (F)
 YESTERDAY
  MAXIMUM         50    319 PM  75    1978  54     -4       71
  MINIMUM         43    746 AM  10    1945  30     13       64
  AVERAGE         47                        42      5       68

PRECIPITATION (IN)
  YESTERDAY        0.00          0.99 1987   0.15  -0.15     0.02
  MONTH TO DATE    1.65                      2.50  -0.85     0.82
  SINCE DEC 1      1.65                      2.50  -0.85     0.82
  SINCE JAN 1     42.39                     47.13  -4.74    33.61

SNOWFALL (IN)
  YESTERDAY        0.0
  MONTH TO DATE    0.0
  SINCE DEC 1      0.0
  SINCE JUL 1      0.5
  SNOW DEPTH       0

DEGREE DAYS
 HEATING
  YESTERDAY       18                        23     -5        0
  MONTH TO DATE  353                       429    -76      427
  SINCE DEC 1    353                       429    -76      427
  SINCE JUL 1    975                       955     20     1040

 COOLING
  YESTERDAY        0                         0      0        3
  MONTH TO DATE    0                         0      0        3
  SINCE DEC 1      0                         0      0        3
  SINCE JAN 1   1712                      1941   -229     2032
..................................................................


WIND (MPH)
  HIGHEST WIND SPEED     6   HIGHEST WIND DIRECTION    NE (60)
  HIGHEST GUST SPEED     8   HIGHEST GUST DIRECTION     E (80)
  AVERAGE WIND SPEED     1.6


SKY COVER
  POSSIBLE SUNSHINE  MM
  AVERAGE SKY COVER 1.0


WEATHER CONDITIONS
 THE FOLLOWING WEATHER WAS RECORDED YESTERDAY.
  FOG
  HAZE


RELATIVE HUMIDITY (PERCENT)
 HIGHEST    96           700 AM
 LOWEST     80           200 PM
 AVERAGE    88

..........................................................


THE DE QUEEN CLIMATE NORMALS FOR TODAY
                         NORMAL    RECORD    YEAR
 MAXIMUM TEMPERATURE (F)   54        74      2010
 MINIMUM TEMPERATURE (F)   30        11      1976


SUNRISE AND SUNSET
DECEMBER 21 2014......SUNRISE   719 AM CST   SUNSET   512 PM CST
DECEMBER 22 2014......SUNRISE   720 AM CST   SUNSET   513 PM CST


-  INDICATES NEGATIVE NUMBERS.
R  INDICATES RECORD WAS SET OR TIED.
MM INDICATES DATA IS MISSING.
T  INDICATES TRACE AMOUNT.




$$
