000
CDUS44 KSHV 230745
CLIDEQ


CLIMATE REPORT
NATIONAL WEATHER SERVICE SHREVEPORT, LA
235 AM CDT SUN APR 23 2017


...................................

...THE DE QUEEN CLIMATE SUMMARY FOR APRIL 22 2017...

CLIMATE NORMAL PERIOD 1981 TO 2010
CLIMATE RECORD PERIOD 1902 TO 2017


WEATHER ITEM   OBSERVED TIME   RECORD YEAR NORMAL DEPARTURE LAST
                VALUE   (LST)  VALUE       VALUE  FROM      YEAR
                                                  NORMAL
..................................................................
TEMPERATURE (F)
 YESTERDAY
  MAXIMUM         68    108 AM  92    1955  76     -8       81
  MINIMUM         50   1046 PM  34    1993  50      0       48
  AVERAGE         59                        63     -4       65

PRECIPITATION (IN)
  YESTERDAY        0.08          3.70 1952   0.14  -0.06     0.00
  MONTH TO DATE    6.58                      2.59   3.99     4.23
  SINCE DEC 1     17.36                     18.59  -1.23    21.07
  SINCE JAN 1     14.65                     14.23   0.42    10.79

SNOWFALL (IN)
  YESTERDAY        0.0
  MONTH TO DATE    0.0
  SINCE MAR 1      0.0
  SINCE JUL 1      0.3
  SNOW DEPTH       0

DEGREE DAYS
 HEATING
  YESTERDAY        6                         3      3        0
  MONTH TO DATE   45                       132    -87       89
  SINCE MAR 1    278                       509   -231      343
  SINCE JUL 1   2047                      3000   -953     2295

 COOLING
  YESTERDAY        0                         1     -1        0
  MONTH TO DATE   54                        22     32        7
  SINCE MAR 1     81                        31     50       15
  SINCE JAN 1     91                        33     58       15
..................................................................


WIND (MPH)
  HIGHEST WIND SPEED    17   HIGHEST WIND DIRECTION    NW (320)
  HIGHEST GUST SPEED    23   HIGHEST GUST DIRECTION     N (350)
  AVERAGE WIND SPEED     8.1


SKY COVER
  POSSIBLE SUNSHINE  MM
  AVERAGE SKY COVER 0.9


WEATHER CONDITIONS
 THE FOLLOWING WEATHER WAS RECORDED YESTERDAY.
  THUNDERSTORM
  RAIN
  LIGHT RAIN
  FOG


RELATIVE HUMIDITY (PERCENT)
 HIGHEST   100           300 AM
 LOWEST     64           200 PM
 AVERAGE    82

..........................................................


THE DE QUEEN CLIMATE NORMALS FOR TODAY
                         NORMAL    RECORD    YEAR
 MAXIMUM TEMPERATURE (F)   76        89      2009
                                             1976
 MINIMUM TEMPERATURE (F)   51        35      1993


SUNRISE AND SUNSET
APRIL 23 2017.........SUNRISE   637 AM CDT   SUNSET   755 PM CDT
APRIL 24 2017.........SUNRISE   636 AM CDT   SUNSET   756 PM CDT


-  INDICATES NEGATIVE NUMBERS.
R  INDICATES RECORD WAS SET OR TIED.
MM INDICATES DATA IS MISSING.
T  INDICATES TRACE AMOUNT.




$$
