000
CDUS44 KSHV 270740
CLIDEQ


CLIMATE REPORT
NATIONAL WEATHER SERVICE SHREVEPORT, LA
235 AM CDT WED JUL 27 2016


...................................

...THE DE QUEEN CLIMATE SUMMARY FOR JULY 26 2016...

CLIMATE NORMAL PERIOD 1981 TO 2010
CLIMATE RECORD PERIOD 1902 TO 2016


WEATHER ITEM   OBSERVED TIME   RECORD YEAR NORMAL DEPARTURE LAST
                VALUE   (LST)  VALUE       VALUE  FROM      YEAR
                                                  NORMAL
..................................................................
TEMPERATURE (F)
 YESTERDAY
  MAXIMUM         97    311 PM 103    1998  93      4       98
  MINIMUM         74    553 AM  61    2000  70      4       72
  AVERAGE         86                        81      5       85

PRECIPITATION (IN)
  YESTERDAY        0.00          3.36 2013   0.09  -0.09     0.00
  MONTH TO DATE    0.60                      3.26  -2.66     2.69
  SINCE DEC 1     33.23                     33.26  -0.03    37.52
  SINCE JAN 1     22.95                     28.90  -5.95    35.80

SNOWFALL (IN)
  YESTERDAY        0.0
  MONTH TO DATE    0.0
  SINCE JUN 1      0.0
  SINCE JUL 1      0.0
  SNOW DEPTH       0

DEGREE DAYS
 HEATING
  YESTERDAY        0                         0      0        0
  MONTH TO DATE    0                         0      0        0
  SINCE JUN 1      0                         0      0        0
  SINCE JUL 1      0                         0      0        0

 COOLING
  YESTERDAY       21                        16      5       20
  MONTH TO DATE  498                       415     83      445
  SINCE JUN 1    940                       793    147      878
  SINCE JAN 1   1137                      1010    127     1112
..................................................................


WIND (MPH)
  HIGHEST WIND SPEED    13   HIGHEST WIND DIRECTION    SE (120)
  HIGHEST GUST SPEED    17   HIGHEST GUST DIRECTION    SE (120)
  AVERAGE WIND SPEED     3.2


SKY COVER
  POSSIBLE SUNSHINE  MM
  AVERAGE SKY COVER 0.1


WEATHER CONDITIONS
 THE FOLLOWING WEATHER WAS RECORDED YESTERDAY.
  FOG


RELATIVE HUMIDITY (PERCENT)
 HIGHEST   100           100 AM
 LOWEST     43           500 PM
 AVERAGE    72

..........................................................


THE DE QUEEN CLIMATE NORMALS FOR TODAY
                         NORMAL    RECORD    YEAR
 MAXIMUM TEMPERATURE (F)   93       103      2011
                                             1998
 MINIMUM TEMPERATURE (F)   70        58      2004


SUNRISE AND SUNSET
JULY 27 2016..........SUNRISE   626 AM CDT   SUNSET   822 PM CDT
JULY 28 2016..........SUNRISE   626 AM CDT   SUNSET   821 PM CDT


-  INDICATES NEGATIVE NUMBERS.
R  INDICATES RECORD WAS SET OR TIED.
MM INDICATES DATA IS MISSING.
T  INDICATES TRACE AMOUNT.




$$
