000
CDUS44 KSHV 170849
CLIDEQ


CLIMATE REPORT
NATIONAL WEATHER SERVICE SHREVEPORT, LA
248 AM CST SAT FEB 17 2018


...................................

...THE DE QUEEN CLIMATE SUMMARY FOR FEBRUARY 16 2018...

CLIMATE NORMAL PERIOD 1981 TO 2010
CLIMATE RECORD PERIOD 1902 TO 2018


WEATHER ITEM   OBSERVED TIME   RECORD YEAR NORMAL DEPARTURE LAST
                VALUE   (LST)  VALUE       VALUE  FROM      YEAR
                                                  NORMAL
..................................................................
TEMPERATURE (F)
 YESTERDAY
  MAXIMUM         63    708 AM  79    2006  59      4       64
                                      1976
  MINIMUM         47   1159 PM  14    2007  32     15       27
  AVERAGE         55                        45     10       46

PRECIPITATION (IN)
  YESTERDAY        T             2.73 2001   0.14  -0.14     0.00
  MONTH TO DATE    1.49                      2.36  -0.87     0.44
  SINCE DEC 1      8.97                     10.04  -1.07     5.76
  SINCE JAN 1      3.72                      5.68  -1.96     3.05

SNOWFALL (IN)
  YESTERDAY        0.0
  MONTH TO DATE    T
  SINCE DEC 1      0.1
  SINCE JUL 1      0.1
  SNOW DEPTH       0

DEGREE DAYS
 HEATING
  YESTERDAY       10                        20    -10       19
  MONTH TO DATE  337                       343     -6      211
  SINCE DEC 1   1774                      1753     21     1348
  SINCE JUL 1   2237                      2279    -42     1662

 COOLING
  YESTERDAY        0                         0      0        0
  MONTH TO DATE    0                         0      0        4
  SINCE DEC 1      1                         1      0        9
  SINCE JAN 1      0                         1     -1        7
..................................................................


WIND (MPH)
  HIGHEST WIND SPEED    20   HIGHEST WIND DIRECTION    NE (40)
  HIGHEST GUST SPEED    25   HIGHEST GUST DIRECTION    NE (40)
  AVERAGE WIND SPEED     6.1


SKY COVER
  POSSIBLE SUNSHINE  MM
  AVERAGE SKY COVER 1.0


WEATHER CONDITIONS
 THE FOLLOWING WEATHER WAS RECORDED YESTERDAY.
  LIGHT RAIN


RELATIVE HUMIDITY (PERCENT)
 HIGHEST   100           100 AM
 LOWEST     55           100 PM
 AVERAGE    78

..........................................................


THE DE QUEEN CLIMATE NORMALS FOR TODAY
                         NORMAL    RECORD    YEAR
 MAXIMUM TEMPERATURE (F)   59        78      1986
 MINIMUM TEMPERATURE (F)   33        14      1980


SUNRISE AND SUNSET
FEBRUARY 17 2018......SUNRISE   700 AM CST   SUNSET   603 PM CST
FEBRUARY 18 2018......SUNRISE   659 AM CST   SUNSET   604 PM CST


-  INDICATES NEGATIVE NUMBERS.
R  INDICATES RECORD WAS SET OR TIED.
MM INDICATES DATA IS MISSING.
T  INDICATES TRACE AMOUNT.




$$
