000
CDUS44 KSHV 250742
CLIDEQ


CLIMATE REPORT
NATIONAL WEATHER SERVICE SHREVEPORT, LA
241 AM CDT THU MAY 25 2017


...................................

...THE DE QUEEN CLIMATE SUMMARY FOR MAY 24 2017...

CLIMATE NORMAL PERIOD 1981 TO 2010
CLIMATE RECORD PERIOD 1902 TO 2017


WEATHER ITEM   OBSERVED TIME   RECORD YEAR NORMAL DEPARTURE LAST
                VALUE   (LST)  VALUE       VALUE  FROM      YEAR
                                                  NORMAL
..................................................................
TEMPERATURE (F)
 YESTERDAY
  MAXIMUM         71    512 PM  94    1958  83    -12       84
  MINIMUM         49   1144 PM  48    1940  61    -12       67
  AVERAGE         60                        72    -12       76

PRECIPITATION (IN)
  YESTERDAY        0.00          1.73 1993   0.13  -0.13      T
  MONTH TO DATE    2.59                      4.65  -2.06     1.27
  SINCE DEC 1     21.84                     24.58  -2.74    28.75
  SINCE JAN 1     19.13                     20.22  -1.09    18.47

SNOWFALL (IN)
  YESTERDAY        0.0
  MONTH TO DATE    0.0
  SINCE MAR 1      0.0
  SINCE JUL 1      0.3
  SNOW DEPTH       0

DEGREE DAYS
 HEATING
  YESTERDAY        5                         0      5        0
  MONTH TO DATE   24                        21      3       27
  SINCE MAR 1    332                       551   -219      370
  SINCE JUL 1   2101                      3042   -941     2322

 COOLING
  YESTERDAY        0                         7     -7       11
  MONTH TO DATE  103                       114    -11       76
  SINCE MAR 1    200                       159     41      126
  SINCE JAN 1    210                       161     49      126
..................................................................


WIND (MPH)
  HIGHEST WIND SPEED    17   HIGHEST WIND DIRECTION    NW (300)
  HIGHEST GUST SPEED    24   HIGHEST GUST DIRECTION    NW (300)
  AVERAGE WIND SPEED     6.4


SKY COVER
  POSSIBLE SUNSHINE  MM
  AVERAGE SKY COVER 0.2


WEATHER CONDITIONS
 THE FOLLOWING WEATHER WAS RECORDED YESTERDAY.
  FOG


RELATIVE HUMIDITY (PERCENT)
 HIGHEST   100          1200 AM
 LOWEST     44           500 PM
 AVERAGE    72

..........................................................


THE DE QUEEN CLIMATE NORMALS FOR TODAY
                         NORMAL    RECORD    YEAR
 MAXIMUM TEMPERATURE (F)   83        93      1964
 MINIMUM TEMPERATURE (F)   61        47      1979


SUNRISE AND SUNSET
MAY 25 2017...........SUNRISE   610 AM CDT   SUNSET   820 PM CDT
MAY 26 2017...........SUNRISE   609 AM CDT   SUNSET   820 PM CDT


-  INDICATES NEGATIVE NUMBERS.
R  INDICATES RECORD WAS SET OR TIED.
MM INDICATES DATA IS MISSING.
T  INDICATES TRACE AMOUNT.




$$
