262
CDUS44 KSHV 040733
CLIDEQ


CLIMATE REPORT
NATIONAL WEATHER SERVICE SHREVEPORT, LA
232 AM CDT WED MAY 4 2016


...................................

...THE DE QUEEN CLIMATE SUMMARY FOR MAY 3 2016...

CLIMATE NORMAL PERIOD 1981 TO 2010
CLIMATE RECORD PERIOD 1902 TO 2016


WEATHER ITEM   OBSERVED TIME   RECORD YEAR NORMAL DEPARTURE LAST
                VALUE   (LST)  VALUE       VALUE  FROM      YEAR
                                                  NORMAL
..................................................................
TEMPERATURE (F)
 YESTERDAY
  MAXIMUM         73    417 PM  89    1943  78     -5       82
  MINIMUM         44    557 AM  37    2013  55    -11       53
  AVERAGE         59                        66     -7       68

PRECIPITATION (IN)
  YESTERDAY        0.00          3.03 1984   0.23  -0.23     0.00
  MONTH TO DATE    0.30                      0.70  -0.40     0.00
  SINCE DEC 1     27.78                     20.63   7.15    17.94
  SINCE JAN 1     17.50                     16.27   1.23    16.22

SNOWFALL (IN)
  YESTERDAY        0.0
  MONTH TO DATE    0.0
  SINCE MAR 1      0.0
  SINCE JUL 1      0.0
  SNOW DEPTH       0

DEGREE DAYS
 HEATING
  YESTERDAY        6                         2      4        0
  MONTH TO DATE   13                         6      7        2
  SINCE MAR 1    356                       536   -180      447
  SINCE JUL 1   2308                      3027   -719     3099

 COOLING
  YESTERDAY        0                         3     -3        3
  MONTH TO DATE    3                         9     -6        3
  SINCE MAR 1     53                        54     -1       51
  SINCE JAN 1     53                        56     -3       51
..................................................................


WIND (MPH)
  HIGHEST WIND SPEED    13   HIGHEST WIND DIRECTION     N (350)
  HIGHEST GUST SPEED    18   HIGHEST GUST DIRECTION    NW (330)
  AVERAGE WIND SPEED     3.1


SKY COVER
  POSSIBLE SUNSHINE  MM
  AVERAGE SKY COVER 0.1


WEATHER CONDITIONS
 THE FOLLOWING WEATHER WAS RECORDED YESTERDAY.
  FOG


RELATIVE HUMIDITY (PERCENT)
 HIGHEST   100          1200 AM
 LOWEST     38           400 PM
 AVERAGE    69

..........................................................


THE DE QUEEN CLIMATE NORMALS FOR TODAY
                         NORMAL    RECORD    YEAR
 MAXIMUM TEMPERATURE (F)   78        89      2014
                                             1952
 MINIMUM TEMPERATURE (F)   55        33      2013


SUNRISE AND SUNSET
MAY  4 2016...........SUNRISE   625 AM CDT   SUNSET   804 PM CDT
MAY  5 2016...........SUNRISE   624 AM CDT   SUNSET   805 PM CDT


-  INDICATES NEGATIVE NUMBERS.
R  INDICATES RECORD WAS SET OR TIED.
MM INDICATES DATA IS MISSING.
T  INDICATES TRACE AMOUNT.




$$
