000
CDUS44 KSHV 040823
CLIDEQ


CLIMATE REPORT
NATIONAL WEATHER SERVICE SHREVEPORT, LA
312 AM CDT SAT JUL 4 2015


...................................

...THE DE QUEEN CLIMATE SUMMARY FOR JULY 3 2015...

CLIMATE NORMAL PERIOD 1981 TO 2010
CLIMATE RECORD PERIOD 1902 TO 2015


WEATHER ITEM   OBSERVED TIME   RECORD YEAR NORMAL DEPARTURE LAST
                VALUE   (LST)  VALUE       VALUE  FROM      YEAR
                                                  NORMAL
..................................................................
TEMPERATURE (F)
 YESTERDAY
  MAXIMUM         86    340 PM 102    2011  92     -6       85
                                      1980
  MINIMUM         75   1034 AM  59    2013  70      5       65
                                      1945
  AVERAGE         81                        81      0       75

PRECIPITATION (IN)
  YESTERDAY        0.52          1.74 1972   0.14   0.38     0.00
  MONTH TO DATE    0.52                      0.45   0.07     1.02
  SINCE DEC 1     35.35                     30.45   4.90    19.36
  SINCE JAN 1     33.63                     26.09   7.54    17.43

SNOWFALL (IN)
  YESTERDAY        0.0
  MONTH TO DATE    0.0
  SINCE JUN 1      0.0
  SINCE JUL 1      0.0
  SNOW DEPTH       0

DEGREE DAYS
 HEATING
  YESTERDAY        0                         0      0        0
  MONTH TO DATE    0                         0      0        0
  SINCE JUN 1      0                         0      0        0
  SINCE JUL 1      0                         0      0        0

 COOLING
  YESTERDAY       16                        16      0       10
  MONTH TO DATE   47                        47      0       39
  SINCE JUN 1    480                       425     55      361
  SINCE JAN 1    714                       642     72      568
..................................................................


WIND (MPH)
  HIGHEST WIND SPEED    21   HIGHEST WIND DIRECTION     W (250)
  HIGHEST GUST SPEED    27   HIGHEST GUST DIRECTION    SW (230)
  AVERAGE WIND SPEED     5.7


SKY COVER
  POSSIBLE SUNSHINE  MM
  AVERAGE SKY COVER 0.5


WEATHER CONDITIONS
 THE FOLLOWING WEATHER WAS RECORDED YESTERDAY.
  THUNDERSTORM
  HEAVY RAIN
  RAIN
  LIGHT RAIN
  FOG
  HAZE


RELATIVE HUMIDITY (PERCENT)
 HIGHEST    94          1200 AM
 LOWEST     70           600 PM
 AVERAGE    82

..........................................................


THE DE QUEEN CLIMATE NORMALS FOR TODAY
                         NORMAL    RECORD    YEAR
 MAXIMUM TEMPERATURE (F)   92       103      1978
 MINIMUM TEMPERATURE (F)   70        58      1968


SUNRISE AND SUNSET
JULY  4 2015..........SUNRISE   611 AM CDT   SUNSET   833 PM CDT
JULY  5 2015..........SUNRISE   612 AM CDT   SUNSET   833 PM CDT


-  INDICATES NEGATIVE NUMBERS.
R  INDICATES RECORD WAS SET OR TIED.
MM INDICATES DATA IS MISSING.
T  INDICATES TRACE AMOUNT.




$$
