000
CDUS44 KSHV 281245
CLIDEQ


CLIMATE REPORT
NATIONAL WEATHER SERVICE SHREVEPORT, LA
745 AM CDT SAT MAR 28 2015


...................................

...THE DE QUEEN CLIMATE SUMMARY FOR MARCH 27 2015...

CLIMATE NORMAL PERIOD 1981 TO 2010
CLIMATE RECORD PERIOD 1902 TO 2015


WEATHER ITEM   OBSERVED TIME   RECORD YEAR NORMAL DEPARTURE LAST
                VALUE   (LST)  VALUE       VALUE  FROM      YEAR
                                                  NORMAL
..................................................................
TEMPERATURE (F)
 YESTERDAY
  MAXIMUM         63    212 PM  85    1972  69     -6       67
  MINIMUM         39   1148 PM  17    1955  43     -4       53
  AVERAGE         51                        56     -5       60

PRECIPITATION (IN)
  YESTERDAY        0.00          1.94 1984   0.18  -0.18     0.05
  MONTH TO DATE    5.66                      3.87   1.79     3.08
  SINCE DEC 1     15.29                     15.23   0.06     6.95
  SINCE JAN 1     13.57                     10.87   2.70     5.02

SNOWFALL (IN)
  YESTERDAY        0.0
  MONTH TO DATE    2.6
  SINCE MAR 1      2.6
  SINCE JUL 1      7.9
  SNOW DEPTH      MM

DEGREE DAYS
 HEATING
  YESTERDAY       14                        10      4        5
  MONTH TO DATE  330                       340    -10      432
  SINCE MAR 1    330                       340    -10      432
  SINCE JUL 1   2982                      2831    151     3204

 COOLING
  YESTERDAY        0                         0      0        0
  MONTH TO DATE    2                         0      2        0
  SINCE MAR 1      2                         0      2        0
  SINCE JAN 1      2                         2      0        0
..................................................................


WIND (MPH)
  HIGHEST WIND SPEED    22   HIGHEST WIND DIRECTION     N (20)
  HIGHEST GUST SPEED    26   HIGHEST GUST DIRECTION     N (20)
  AVERAGE WIND SPEED     6.6


SKY COVER
  POSSIBLE SUNSHINE  MM
  AVERAGE SKY COVER 0.0


WEATHER CONDITIONS
 THE FOLLOWING WEATHER WAS RECORDED YESTERDAY.
  NO SIGNIFICANT WEATHER WAS OBSERVED.


RELATIVE HUMIDITY (PERCENT)
 HIGHEST    86          1100 PM
 LOWEST     32           200 PM
 AVERAGE    59

..........................................................


THE DE QUEEN CLIMATE NORMALS FOR TODAY
                         NORMAL    RECORD    YEAR
 MAXIMUM TEMPERATURE (F)   69        88      1967
 MINIMUM TEMPERATURE (F)   43        27      1942


SUNRISE AND SUNSET
MARCH 28 2015.........SUNRISE   711 AM CDT   SUNSET   735 PM CDT
MARCH 29 2015.........SUNRISE   709 AM CDT   SUNSET   736 PM CDT


-  INDICATES NEGATIVE NUMBERS.
R  INDICATES RECORD WAS SET OR TIED.
MM INDICATES DATA IS MISSING.
T  INDICATES TRACE AMOUNT.




$$
