000
CDUS44 KSHV 250844
CLIDEQ


CLIMATE REPORT
NATIONAL WEATHER SERVICE SHREVEPORT, LA
244 AM CST SAT NOV 25 2017


...................................

...THE DE QUEEN CLIMATE SUMMARY FOR NOVEMBER 24 2017...

CLIMATE NORMAL PERIOD 1981 TO 2010
CLIMATE RECORD PERIOD 1902 TO 2017


WEATHER ITEM   OBSERVED TIME   RECORD YEAR NORMAL DEPARTURE LAST
                VALUE   (LST)  VALUE       VALUE  FROM      YEAR
                                                  NORMAL
..................................................................
TEMPERATURE (F)
 YESTERDAY
  MAXIMUM         72    321 PM  79    1965  61     11       63
  MINIMUM         30    702 AM  15    1970  35     -5       35
  AVERAGE         51                        48      3       49

PRECIPITATION (IN)
  YESTERDAY        0.00          3.75 1974   0.16  -0.16     0.00
  MONTH TO DATE    0.58                      4.03  -3.45     2.66
  SINCE DEC 1     38.23                     48.11  -9.88    43.73
  SINCE JAN 1     35.52                     43.75  -8.23    33.45

SNOWFALL (IN)
  YESTERDAY        0.0
  MONTH TO DATE    0.0
  SINCE SEP 1      0.0
  SINCE JUL 1      0.0
  SNOW DEPTH       0

DEGREE DAYS
 HEATING
  YESTERDAY       14                        17     -3       16
  MONTH TO DATE  225                       285    -60      192
  SINCE SEP 1    396                       418    -22      220
  SINCE JUL 1    396                       418    -22      220

 COOLING
  YESTERDAY        0                         0      0        0
  MONTH TO DATE   45                         5     40       16
  SINCE SEP 1    454                       347    107      502
  SINCE JAN 1   2088                      1939    149     2239
..................................................................


WIND (MPH)
  HIGHEST WIND SPEED    15   HIGHEST WIND DIRECTION     S (180)
  HIGHEST GUST SPEED    21   HIGHEST GUST DIRECTION     S (170)
  AVERAGE WIND SPEED     2.0


SKY COVER
  POSSIBLE SUNSHINE  MM
  AVERAGE SKY COVER 0.0


WEATHER CONDITIONS
 THE FOLLOWING WEATHER WAS RECORDED YESTERDAY.
  FOG


RELATIVE HUMIDITY (PERCENT)
 HIGHEST   100           100 AM
 LOWEST     27           200 PM
 AVERAGE    64

..........................................................


THE DE QUEEN CLIMATE NORMALS FOR TODAY
                         NORMAL    RECORD    YEAR
 MAXIMUM TEMPERATURE (F)   61        80      1965
 MINIMUM TEMPERATURE (F)   35        15      1938


SUNRISE AND SUNSET
NOVEMBER 25 2017......SUNRISE   700 AM CST   SUNSET   509 PM CST
NOVEMBER 26 2017......SUNRISE   701 AM CST   SUNSET   509 PM CST


-  INDICATES NEGATIVE NUMBERS.
R  INDICATES RECORD WAS SET OR TIED.
MM INDICATES DATA IS MISSING.
T  INDICATES TRACE AMOUNT.




$$
