000
CDUS46 KOTX 200822
CLIDEW


CLIMATE REPORT
NATIONAL WEATHER SERVICE SPOKANE, WA
122 AM PDT WED SEP 20 2017


...................................

...THE DEER_PARK WA AIRPORT CLIMATE SUMMARY FOR SEPTEMBER 19 2017...

CLIMATE NORMAL PERIOD 1981 TO 2010
CLIMATE RECORD PERIOD 9999 TO 9999


WEATHER ITEM   OBSERVED TIME   RECORD YEAR NORMAL DEPARTURE LAST
                VALUE   (LST)  VALUE       VALUE  FROM      YEAR
                                                  NORMAL
..................................................................
TEMPERATURE (F)
 YESTERDAY
  MAXIMUM         51   1248 PM  MM      MM  72    -21       65
  MINIMUM         37   1157 PM  MM      MM  38     -1       38
  AVERAGE         44                        55    -11       52

PRECIPITATION (IN)
  YESTERDAY        0.41         MM      MM   0.04   0.37     0.00
  MONTH TO DATE    0.84                      0.60   0.24     0.29
  SINCE OCT 1     29.25                     21.86   7.39    23.53
  SINCE JAN 1     17.81                     14.04   3.77    14.54

SNOWFALL (IN)
  YESTERDAY       MM

DEGREE DAYS
 HEATING
  YESTERDAY       21                        10     11       13
  MONTH TO DATE  106                       138    -32      186
  SINCE SEP 1    106                       138    -32      186
  SINCE JUL 1    143                       282   -139      306

 COOLING
  YESTERDAY        0                         0      0        0
  MONTH TO DATE   36                        10     26        0
  SINCE SEP 1     36                        10     26        0
  SINCE JAN 1    305                       185    120      212
..................................................................


WIND (MPH)
  HIGHEST WIND SPEED    18   HIGHEST WIND DIRECTION     S (170)
  HIGHEST GUST SPEED    22   HIGHEST GUST DIRECTION     S (160)
  AVERAGE WIND SPEED     4.6


SKY COVER
  POSSIBLE SUNSHINE  MM
  AVERAGE SKY COVER 0.8


WEATHER CONDITIONS
 THE FOLLOWING WEATHER WAS RECORDED YESTERDAY.
  HEAVY RAIN
  RAIN
  LIGHT RAIN
  FOG


RELATIVE HUMIDITY (PERCENT)
 HIGHEST   100           800 AM
 LOWEST     80          1200 PM
 AVERAGE    90

..........................................................


THE DEER_PARK WA AIRPORT CLIMATE NORMALS FOR TODAY
                         NORMAL    RECORD    YEAR
 MAXIMUM TEMPERATURE (F)   72        MM        MM
 MINIMUM TEMPERATURE (F)   38        MM        MM


SUNRISE AND SUNSET
SEPTEMBER 20 2017.....SUNRISE   634 AM PDT   SUNSET   651 PM PDT
SEPTEMBER 21 2017.....SUNRISE   635 AM PDT   SUNSET   649 PM PDT


-  INDICATES NEGATIVE NUMBERS.
R  INDICATES RECORD WAS SET OR TIED.
MM INDICATES DATA IS MISSING.
T  INDICATES TRACE AMOUNT.




$$
