000
CDUS46 KOTX 270824
CLIDEW


CLIMATE REPORT
NATIONAL WEATHER SERVICE SPOKANE, WA
123 AM PDT WED JUL 27 2016


...................................

...THE DEER_PARK WA AIRPORT CLIMATE SUMMARY FOR JULY 26 2016...

CLIMATE NORMAL PERIOD 1981 TO 2010
CLIMATE RECORD PERIOD 9999 TO 9999


WEATHER ITEM   OBSERVED TIME   RECORD YEAR NORMAL DEPARTURE LAST
                VALUE   (LST)  VALUE       VALUE  FROM      YEAR
                                                  NORMAL
..................................................................
TEMPERATURE (F)
 YESTERDAY
  MAXIMUM         88    454 PM  MM      MM  85      3       74
  MINIMUM         53    337 AM  MM      MM  49      4       52
  AVERAGE         71                        67      4       63

PRECIPITATION (IN)
  YESTERDAY        0.50         MM      MM   0.01   0.49     0.00
  MONTH TO DATE    2.04                      0.83   1.21     0.15
  SINCE OCT 1     23.07                     20.35   2.72    16.62
  SINCE JAN 1     14.08                     12.53   1.55    10.23

SNOWFALL (IN)
  YESTERDAY       MM

DEGREE DAYS
 HEATING
  YESTERDAY        0                         1     -1        2
  MONTH TO DATE   82                        59     23        4
  SINCE JUN 1    253                       259     -6       82
  SINCE JUL 1     82                        59     23        4

 COOLING
  YESTERDAY        6                         3      3        0
  MONTH TO DATE   29                        60    -31      142
  SINCE JUN 1     76                        77     -1      245
  SINCE JAN 1     76                        80     -4      256
..................................................................


WIND (MPH)
  HIGHEST WIND SPEED    24   HIGHEST WIND DIRECTION     N (10)
  HIGHEST GUST SPEED    32   HIGHEST GUST DIRECTION     N (360)
  AVERAGE WIND SPEED     3.8


SKY COVER
  POSSIBLE SUNSHINE  MM
  AVERAGE SKY COVER 0.2


WEATHER CONDITIONS
 THE FOLLOWING WEATHER WAS RECORDED YESTERDAY.
  THUNDERSTORM
  HEAVY RAIN
  RAIN
  LIGHT RAIN
  FOG
  HAZE


RELATIVE HUMIDITY (PERCENT)
 HIGHEST    89           500 AM
 LOWEST     26           400 PM
 AVERAGE    58

..........................................................


THE DEER_PARK WA AIRPORT CLIMATE NORMALS FOR TODAY
                         NORMAL    RECORD    YEAR
 MAXIMUM TEMPERATURE (F)   85        MM        MM
 MINIMUM TEMPERATURE (F)   49        MM        MM


SUNRISE AND SUNSET
JULY 27 2016..........SUNRISE   520 AM PDT   SUNSET   831 PM PDT
JULY 28 2016..........SUNRISE   522 AM PDT   SUNSET   830 PM PDT


-  INDICATES NEGATIVE NUMBERS.
R  INDICATES RECORD WAS SET OR TIED.
MM INDICATES DATA IS MISSING.
T  INDICATES TRACE AMOUNT.




$$
