000
CDUS44 KFWD 240643
CLIDFW


CLIMATE REPORT
NATIONAL WEATHER SERVICE FORT WORTH TX
142 AM CDT WED AUG 24 2016


...................................

...THE DALLAS FORT WORTH CLIMATE SUMMARY FOR AUGUST 23 2016...

CLIMATE NORMAL PERIOD 1981 TO 2010
CLIMATE RECORD PERIOD 1898 TO 2016


WEATHER ITEM   OBSERVED TIME   RECORD YEAR NORMAL DEPARTURE LAST
                VALUE   (LST)  VALUE       VALUE  FROM      YEAR
                                                  NORMAL
..................................................................
TEMPERATURE (F)
 YESTERDAY
  MAXIMUM         94    438 PM 107    2010  96     -2       98
                                      1952
  MINIMUM         78    643 AM  64    1961  75      3       79
                                      1956
                                      1949
  AVERAGE         86                        85      1       89

PRECIPITATION (IN)
  YESTERDAY        0.00          1.46 1908   0.07  -0.07     0.00
  MONTH TO DATE    4.34                      1.30   3.04     0.46
  SINCE JUN 1     11.83                      7.25   4.58     5.33
  SINCE JAN 1     28.59                     23.50   5.09    36.96

DEGREE DAYS
 HEATING
  YESTERDAY        0                         0      0        0
  MONTH TO DATE    0                         0      0        0
  SINCE JUN 1      0                         0      0        0
  SINCE JUL 1      0                         0      0        0

 COOLING
  YESTERDAY       21                        20      1       24
  MONTH TO DATE  499                       480     19      531
  SINCE JUN 1   1774                      1602    172     1745
  SINCE JAN 1   2197                      2024    173     2064
..................................................................


WIND (MPH)
  HIGHEST WIND SPEED    25   HIGHEST WIND DIRECTION     S (180)
  HIGHEST GUST SPEED    33   HIGHEST GUST DIRECTION     S (170)
  AVERAGE WIND SPEED    15.7


SKY COVER
  POSSIBLE SUNSHINE  MM
  AVERAGE SKY COVER 0.6


WEATHER CONDITIONS
 THE FOLLOWING WEATHER WAS RECORDED YESTERDAY.
  NO SIGNIFICANT WEATHER WAS OBSERVED.


RELATIVE HUMIDITY (PERCENT)
 HIGHEST    91          1200 AM
 LOWEST     44           500 PM
 AVERAGE    68

..........................................................


THE DALLAS FORT WORTH CLIMATE NORMALS FOR TODAY
                         NORMAL    RECORD    YEAR
 MAXIMUM TEMPERATURE (F)   95       106      2011
 MINIMUM TEMPERATURE (F)   75        60      1961


SUNRISE AND SUNSET
AUGUST 24 2016........SUNRISE   658 AM CDT   SUNSET   802 PM CDT
AUGUST 25 2016........SUNRISE   658 AM CDT   SUNSET   801 PM CDT


-  INDICATES NEGATIVE NUMBERS.
R  INDICATES RECORD WAS SET OR TIED.
MM INDICATES DATA IS MISSING.
T  INDICATES TRACE AMOUNT.




$$
