000
CDUS44 KFWD 220640
CLIDFW

CLIMATE REPORT
NATIONAL WEATHER SERVICE FORT WORTH TX
139 AM CDT MON SEP 22 2014

...THE DALLAS FORT WORTH CLIMATE SUMMARY FOR SEPTEMBER 21 2014...

CLIMATE NORMAL PERIOD 1981 TO 2010
CLIMATE RECORD PERIOD 1898 TO 2014


WEATHER ITEM   OBSERVED TIME   RECORD YEAR NORMAL DEPARTURE LAST
                VALUE   (LST)  VALUE       VALUE  FROM      YEAR
                                                  NORMAL
..................................................................
TEMPERATURE (F)
 YESTERDAY
  MAXIMUM         95    323 PM  99    2005  86      9       84
                                      1956
  MINIMUM         71    652 AM  45    1983  65      6       61
  AVERAGE         83                        76      7       73

PRECIPITATION (IN)
  YESTERDAY        0.00          6.38 1900   0.07  -0.07     0.00
  MONTH TO DATE    0.06                      1.85  -1.79     2.29
  SINCE SEP 1      0.06                      1.85  -1.79     2.29
  SINCE JAN 1     15.97                     25.96  -9.99    20.96

DEGREE DAYS
 HEATING
  YESTERDAY        0                         0      0        0
  MONTH TO DATE    1                         0      1        0
  SINCE SEP 1      1                         0      1        0
  SINCE JUL 1      1                         0      1        0

 COOLING
  YESTERDAY       18                        11      7        8
  MONTH TO DATE  355                       308     47      426
  SINCE SEP 1    355                       308     47      426
  SINCE JAN 1   2611                      2490    121     2654
..................................................................


WIND (MPH)
  HIGHEST WIND SPEED    14   HIGHEST WIND DIRECTION    NE (40)
  HIGHEST GUST SPEED    18   HIGHEST GUST DIRECTION    NE (50)
  AVERAGE WIND SPEED     3.8


SKY COVER
  POSSIBLE SUNSHINE  MM
  AVERAGE SKY COVER 0.3


WEATHER CONDITIONS
 THE FOLLOWING WEATHER WAS RECORDED YESTERDAY.
  NO SIGNIFICANT WEATHER WAS OBSERVED.


RELATIVE HUMIDITY (PERCENT)
 HIGHEST    90           700 AM
 LOWEST     33           400 PM
 AVERAGE    62

..........................................................


THE DALLAS FORT WORTH CLIMATE NORMALS FOR TODAY
                         NORMAL    RECORD    YEAR
 MAXIMUM TEMPERATURE (F)   86       101      2005
 MINIMUM TEMPERATURE (F)   65        45      1983


SUNRISE AND SUNSET
SEPTEMBER 22 2014.....SUNRISE   716 AM CDT   SUNSET   725 PM CDT
SEPTEMBER 23 2014.....SUNRISE   717 AM CDT   SUNSET   723 PM CDT


-  INDICATES NEGATIVE NUMBERS.
R  INDICATES RECORD WAS SET OR TIED.
MM INDICATES DATA IS MISSING.
T  INDICATES TRACE AMOUNT.




$$
