000
CDUS44 KFWD 280645
CLIDFW


CLIMATE REPORT
NATIONAL WEATHER SERVICE FORT WORTH TX
1244 AM CST TUE FEB 28 2017


...................................

...THE DALLAS FORT WORTH CLIMATE SUMMARY FOR FEBRUARY 27 2017...

CLIMATE NORMAL PERIOD 1981 TO 2010
CLIMATE RECORD PERIOD 1898 TO 2017


WEATHER ITEM   OBSERVED TIME   RECORD YEAR NORMAL DEPARTURE LAST
                VALUE   (LST)  VALUE       VALUE  FROM      YEAR
                                                  NORMAL
..................................................................
TEMPERATURE (F)
 YESTERDAY
  MAXIMUM         80    517 PM  85    1918  63     17       72
  MINIMUM         59    126 AM  19    2002  43     16       41
  AVERAGE         70                        53     17       57

PRECIPITATION (IN)
  YESTERDAY        T             1.23 1907   0.11  -0.11     0.00
  MONTH TO DATE    2.33                      2.55  -0.22     2.20
  SINCE DEC 1      7.32                      7.23   0.09     7.07
  SINCE JAN 1      6.72                      4.68   2.04     3.24

SNOWFALL (IN)
  YESTERDAY        0.0           2.0  2015   0.0    0.0      0.0
  MONTH TO DATE    0.0                       0.9   -0.9      0.0
  SINCE DEC 1      0.1                       1.4   -1.3       T
  SINCE JUL 1      0.1                       1.4   -1.3       T
  SNOW DEPTH       0

DEGREE DAYS
 HEATING
  YESTERDAY        0                        12    -12        8
  MONTH TO DATE  175                       415   -240      289
  SINCE DEC 1   1086                      1566   -480     1195
  SINCE JUL 1   1188                      1920   -732     1410

 COOLING
  YESTERDAY        5                         0      5        0
  MONTH TO DATE   51                         0     51       11
  SINCE DEC 1     73                         6     67       20
  SINCE JAN 1     57                         2     55       11
..................................................................


WIND (MPH)
  HIGHEST WIND SPEED    23   HIGHEST WIND DIRECTION     S (200)
  HIGHEST GUST SPEED    29   HIGHEST GUST DIRECTION     S (190)
  AVERAGE WIND SPEED    10.8


SKY COVER
  POSSIBLE SUNSHINE  MM
  AVERAGE SKY COVER 0.9


WEATHER CONDITIONS
 THE FOLLOWING WEATHER WAS RECORDED YESTERDAY.
  THUNDERSTORM
  LIGHT RAIN
  FOG
  HAZE


RELATIVE HUMIDITY (PERCENT)
 HIGHEST   100           700 AM
 LOWEST     54           500 PM
 AVERAGE    77

..........................................................


THE DALLAS FORT WORTH CLIMATE NORMALS FOR TODAY
                         NORMAL    RECORD    YEAR
 MAXIMUM TEMPERATURE (F)   63        88      1932
 MINIMUM TEMPERATURE (F)   43        19      1962


SUNRISE AND SUNSET
FEBRUARY 28 2017......SUNRISE   657 AM CST   SUNSET   625 PM CST
MARCH  1 2017.........SUNRISE   656 AM CST   SUNSET   626 PM CST


-  INDICATES NEGATIVE NUMBERS.
R  INDICATES RECORD WAS SET OR TIED.
MM INDICATES DATA IS MISSING.
T  INDICATES TRACE AMOUNT.




$$
