000
CDUS44 KFWD 280656
CLIDFW


CLIMATE REPORT
NATIONAL WEATHER SERVICE FORT WORTH TX
151 AM CDT FRI APR 28 2017

...................................

...THE DALLAS FORT WORTH CLIMATE SUMMARY FOR APRIL 27 2017...

CLIMATE NORMAL PERIOD 1981 TO 2010
CLIMATE RECORD PERIOD 1898 TO 2017

WEATHER ITEM   OBSERVED TIME   RECORD YEAR NORMAL DEPARTURE LAST
                VALUE   (LST)  VALUE       VALUE  FROM      YEAR
                                                  NORMAL
..................................................................
TEMPERATURE (F)
 YESTERDAY
  MAXIMUM         77    458 PM  92    1987  79     -2       82
  MINIMUM         46    414 AM  44    1920  58    -12       62
  AVERAGE         62                        69     -7       72

PRECIPITATION (IN)
  YESTERDAY        0.00          2.69 1914   0.13  -0.13     0.00
  MONTH TO DATE    3.37                      2.68   0.69     4.53
  SINCE MAR 1      4.43                      6.17  -1.74     7.20
  SINCE JAN 1     11.15                     10.96   0.19    10.44

SNOWFALL (IN)
  YESTERDAY        0.0           0.0    MM   0.0    0.0      0.0
  MONTH TO DATE    0.0                       0.0    0.0      0.0
  SINCE MAR 1      0.0                       0.2   -0.2      0.0
  SINCE JUL 1      0.1                       1.6   -1.5       T
  SNOW DEPTH       0

DEGREE DAYS
 HEATING
  YESTERDAY        3                         1      2        0
  MONTH TO DATE   20                        80    -60       27
  SINCE MAR 1    113                       341   -228      169
  SINCE JUL 1   1301                      2273   -972     1580

 COOLING
  YESTERDAY        0                         5     -5        7
  MONTH TO DATE  139                        84     55      107
  SINCE MAR 1    262                       116    146      137
  SINCE JAN 1    330                       123    207      148
..................................................................

WIND (MPH)
  HIGHEST WIND SPEED    23   HIGHEST WIND DIRECTION     S (170)
  HIGHEST GUST SPEED    28   HIGHEST GUST DIRECTION     S (180)
  AVERAGE WIND SPEED    11.6


SKY COVER
  POSSIBLE SUNSHINE  MM
  AVERAGE SKY COVER 0.5


WEATHER CONDITIONS
 THE FOLLOWING WEATHER WAS RECORDED YESTERDAY.
  NO SIGNIFICANT WEATHER WAS OBSERVED.


RELATIVE HUMIDITY (PERCENT)
 HIGHEST   100           600 AM
 LOWEST     36           300 PM
 AVERAGE    68

..........................................................

THE DALLAS FORT WORTH CLIMATE NORMALS FOR TODAY
                         NORMAL    RECORD    YEAR
 MAXIMUM TEMPERATURE (F)   79        93      1989
 MINIMUM TEMPERATURE (F)   59        42      1979


SUNRISE AND SUNSET
APRIL 28 2017.........SUNRISE   643 AM CDT   SUNSET   808 PM CDT
APRIL 29 2017.........SUNRISE   642 AM CDT   SUNSET   809 PM CDT


-  INDICATES NEGATIVE NUMBERS.
R  INDICATES RECORD WAS SET OR TIED.
MM INDICATES DATA IS MISSING.
T  INDICATES TRACE AMOUNT.


$$
