000
CDUS44 KFWD 180647
CLIDFW

CLIMATE REPORT
NATIONAL WEATHER SERVICE FORT WORTH TX
148 AM CDT FRI APR 18 2014

...................................

...THE DALLAS FORT WORTH CLIMATE SUMMARY FOR APRIL 17 2014...

CLIMATE NORMAL PERIOD 1981 TO 2010
CLIMATE RECORD PERIOD 1898 TO 2014


WEATHER ITEM   OBSERVED TIME   RECORD YEAR NORMAL DEPARTURE LAST
                VALUE   (LST)  VALUE       VALUE  FROM      YEAR
                                                  NORMAL
..................................................................
TEMPERATURE (F)
 YESTERDAY
  MAXIMUM         63    359 PM 101    2006  77    -14       84
  MINIMUM         49    550 AM  35    1921  55     -6       72
  AVERAGE         56                        66    -10       78

PRECIPITATION (IN)
  YESTERDAY        0.07          1.60 1908   0.10  -0.03      T
  MONTH TO DATE    1.09                      1.50  -0.41     1.11
  SINCE MAR 1      2.54                      4.99  -2.45     3.38
  SINCE JAN 1      3.28                      9.78  -6.50     9.12

SNOWFALL (IN)
  YESTERDAY        0.0           0.0    MM   0.0    0.0      0.0
  MONTH TO DATE    0.0                       0.0    0.0      0.0
  SINCE MAR 1      0.1                       0.2   -0.1      0.0
  SINCE JUL 1      2.9                       1.2    1.7      0.8
  SNOW DEPTH       0

DEGREE DAYS
 HEATING
  YESTERDAY        9                         2      7        0
  MONTH TO DATE   94                        64     30       78
  SINCE MAR 1    415                       325     90      357
  SINCE JUL 1   2588                      2257    331     1947

 COOLING
  YESTERDAY        0                         3     -3       13
  MONTH TO DATE   61                        43     18       62
  SINCE MAR 1     83                        75      8       83
  SINCE JAN 1     83                        82      1       95
..................................................................


WIND (MPH)
  HIGHEST WIND SPEED    15   HIGHEST WIND DIRECTION    SE (150)
  HIGHEST GUST SPEED    18   HIGHEST GUST DIRECTION    SE (130)
  AVERAGE WIND SPEED     7.2


SKY COVER
  POSSIBLE SUNSHINE  MM
  AVERAGE SKY COVER 0.7


WEATHER CONDITIONS
 THE FOLLOWING WEATHER WAS RECORDED YESTERDAY.
  LIGHT RAIN
  FOG
  HAZE


RELATIVE HUMIDITY (PERCENT)
 HIGHEST    87           600 PM
 LOWEST     55          1200 AM
 AVERAGE    71

..........................................................


THE DALLAS FORT WORTH CLIMATE NORMALS FOR TODAY
                         NORMAL    RECORD    YEAR
 MAXIMUM TEMPERATURE (F)   77       100      1925
 MINIMUM TEMPERATURE (F)   55        36      1901


SUNRISE AND SUNSET
APRIL 18 2014.........SUNRISE   655 AM CDT   SUNSET   801 PM CDT
APRIL 19 2014.........SUNRISE   654 AM CDT   SUNSET   801 PM CDT


-  INDICATES NEGATIVE NUMBERS.
R  INDICATES RECORD WAS SET OR TIED.
MM INDICATES DATA IS MISSING.
T  INDICATES TRACE AMOUNT.

$$

58
