000
CDUS44 KFWD 030641
CLIDFW


CLIMATE REPORT
NATIONAL WEATHER SERVICE FORT WORTH TX
140 AM CDT FRI JUL 3 2015


...................................

...THE DALLAS FORT WORTH CLIMATE SUMMARY FOR JULY 2 2015...

CLIMATE NORMAL PERIOD 1981 TO 2010
CLIMATE RECORD PERIOD 1898 TO 2015


WEATHER ITEM   OBSERVED TIME   RECORD YEAR NORMAL DEPARTURE LAST
                VALUE   (LST)  VALUE       VALUE  FROM      YEAR
                                                  NORMAL
..................................................................
TEMPERATURE (F)
 YESTERDAY
  MAXIMUM         93    322 PM 110    1980  94     -1       93
  MINIMUM         74    543 AM  65    1943  74      0       77
                                      1924
  AVERAGE         84                        84      0       85

PRECIPITATION (IN)
  YESTERDAY        0.00          1.87 1951   0.10  -0.10     0.00
  MONTH TO DATE    0.00                      0.19  -0.19     0.00
  SINCE JUN 1      3.95                      3.98  -0.03     3.26
  SINCE JAN 1     35.58                     20.23  15.35    10.59

DEGREE DAYS
 HEATING
  YESTERDAY        0                         0      0        0
  MONTH TO DATE    0                         0      0        0
  SINCE JUN 1      0                         0      0        0
  SINCE JUL 1      0                         0      0        0

 COOLING
  YESTERDAY       19                        19      0       20
  MONTH TO DATE   39                        38      1       39
  SINCE JUN 1    559                       529     30      566
  SINCE JAN 1    878                       951    -73     1042
..................................................................


WIND (MPH)
  HIGHEST WIND SPEED    26   HIGHEST WIND DIRECTION    SW (210)
  HIGHEST GUST SPEED    32   HIGHEST GUST DIRECTION     S (200)
  AVERAGE WIND SPEED    17.0


SKY COVER
  POSSIBLE SUNSHINE  MM
  AVERAGE SKY COVER 0.6


WEATHER CONDITIONS
 THE FOLLOWING WEATHER WAS RECORDED YESTERDAY.
  NO SIGNIFICANT WEATHER WAS OBSERVED.


RELATIVE HUMIDITY (PERCENT)
 HIGHEST    87           500 AM
 LOWEST     41           200 PM
 AVERAGE    64

..........................................................


THE DALLAS FORT WORTH CLIMATE NORMALS FOR TODAY
                         NORMAL    RECORD    YEAR
 MAXIMUM TEMPERATURE (F)   94       109      1980
 MINIMUM TEMPERATURE (F)   74        63      1924


SUNRISE AND SUNSET
JULY  3 2015..........SUNRISE   624 AM CDT   SUNSET   840 PM CDT
JULY  4 2015..........SUNRISE   625 AM CDT   SUNSET   840 PM CDT


-  INDICATES NEGATIVE NUMBERS.
R  INDICATES RECORD WAS SET OR TIED.
MM INDICATES DATA IS MISSING.
T  INDICATES TRACE AMOUNT.




$$
