000
CDUS44 KFWD 250658
CLIDFW

CLIMATE REPORT
NATIONAL WEATHER SERVICE FORT WORTH TX
157 AM CDT FRI JUL 25 2014


...................................

...THE DALLAS FORT WORTH CLIMATE SUMMARY FOR JULY 24 2014...

CLIMATE NORMAL PERIOD 1981 TO 2010
CLIMATE RECORD PERIOD 1898 TO 2014


WEATHER ITEM   OBSERVED TIME   RECORD YEAR NORMAL DEPARTURE LAST
                VALUE   (LST)  VALUE       VALUE  FROM      YEAR
                                                  NORMAL
..................................................................
TEMPERATURE (F)
 YESTERDAY
  MAXIMUM         97    321 PM 108    1977  96      1       98
                                      1954
  MINIMUM         74    547 AM  64    1911  76     -2       76
  AVERAGE         86                        86      0       87

PRECIPITATION (IN)
  YESTERDAY        0.00          1.22 1913   0.06  -0.06      T
  MONTH TO DATE    0.81                      1.79  -0.98     1.96
  SINCE JUN 1      4.07                      5.58  -1.51     4.10
  SINCE JAN 1     11.40                     21.83 -10.43    17.26

DEGREE DAYS
 HEATING
  YESTERDAY        0                         0      0        0
  MONTH TO DATE    0                         0      0        0
  SINCE JUN 1      0                         0      0        0
  SINCE JUL 1      0                         0      0        0

 COOLING
  YESTERDAY       21                        21      0       22
  MONTH TO DATE  451                       483    -32      462
  SINCE JUN 1    978                       974      4     1000
  SINCE JAN 1   1454                      1396     58     1389
..................................................................


WIND (MPH)
  HIGHEST WIND SPEED    15   HIGHEST WIND DIRECTION     W (290)
  HIGHEST GUST SPEED    18   HIGHEST GUST DIRECTION     W (290)
  AVERAGE WIND SPEED     7.0


SKY COVER
  POSSIBLE SUNSHINE  MM
  AVERAGE SKY COVER 0.4


WEATHER CONDITIONS
 THE FOLLOWING WEATHER WAS RECORDED YESTERDAY.
  NO SIGNIFICANT WEATHER WAS OBSERVED.


RELATIVE HUMIDITY (PERCENT)
 HIGHEST    82           700 AM
 LOWEST     33           400 PM
 AVERAGE    58

..........................................................


THE DALLAS FORT WORTH CLIMATE NORMALS FOR TODAY
                         NORMAL    RECORD    YEAR
 MAXIMUM TEMPERATURE (F)   97       109      1954
 MINIMUM TEMPERATURE (F)   76        65      1915


SUNRISE AND SUNSET
JULY 25 2014..........SUNRISE   637 AM CDT   SUNSET   832 PM CDT
JULY 26 2014..........SUNRISE   638 AM CDT   SUNSET   831 PM CDT


-  INDICATES NEGATIVE NUMBERS.
R  INDICATES RECORD WAS SET OR TIED.
MM INDICATES DATA IS MISSING.
T  INDICATES TRACE AMOUNT.




$$
