000
CDUS44 KFWD 302125
CLIDFW

CLIMATE REPORT
NATIONAL WEATHER SERVICE FORT WORTH TX
425 PM CDT SAT AUG 30 2014


...................................

...THE DALLAS FORT WORTH CLIMATE SUMMARY FOR AUGUST 30 2014...
VALID AS OF 0400 PM LOCAL TIME.

CLIMATE NORMAL PERIOD 1981 TO 2010
CLIMATE RECORD PERIOD 1898 TO 2014


WEATHER ITEM   OBSERVED TIME   RECORD YEAR NORMAL DEPARTURE LAST
                VALUE   (LST)  VALUE       VALUE  FROM      YEAR
                                                  NORMAL
..................................................................
TEMPERATURE (F)
 TODAY
  MAXIMUM         94    317 PM 106    2000  94      0      103
                                      1954
  MINIMUM         76    616 AM  59    1915  73      3       77
  AVERAGE         85

PRECIPITATION (IN)
  TODAY            0.00          1.35 1991   0.08  -0.08     0.00
  MONTH TO DATE    4.34                      1.82   2.52     1.32
  SINCE JUN 1      8.58                      7.77   0.81     5.51
  SINCE JAN 1     15.91                     24.02  -8.11    18.67

..................................................................


WIND (MPH)
  HIGHEST WIND SPEED    12   HIGHEST WIND DIRECTION     S (170)
  HIGHEST GUST SPEED    14   HIGHEST GUST DIRECTION     S (170)
  AVERAGE WIND SPEED     6.0




..........................................................


THE DALLAS FORT WORTH CLIMATE NORMALS FOR TOMORROW
                         NORMAL    RECORD    YEAR
 MAXIMUM TEMPERATURE (F)   94       108      2000
 MINIMUM TEMPERATURE (F)   73        55      1915


SUNRISE AND SUNSET
AUGUST 30 2014........SUNRISE   701 AM CDT   SUNSET   755 PM CDT
AUGUST 31 2014........SUNRISE   702 AM CDT   SUNSET   754 PM CDT


-  INDICATES NEGATIVE NUMBERS.
R  INDICATES RECORD WAS SET OR TIED.
MM INDICATES DATA IS MISSING.
T  INDICATES TRACE AMOUNT.




$$
