028
CDUS44 KFWD 190700
CLIDFW


CLIMATE REPORT
NATIONAL WEATHER SERVICE FORT WORTH TX
200 AM CDT THU OCT 19 2017


...................................

...THE DALLAS FORT WORTH CLIMATE SUMMARY FOR OCTOBER 18 2017...

CLIMATE NORMAL PERIOD 1981 TO 2010
CLIMATE RECORD PERIOD 1898 TO 2017


WEATHER ITEM   OBSERVED TIME   RECORD YEAR NORMAL DEPARTURE LAST
                VALUE   (LST)  VALUE       VALUE  FROM      YEAR
                                                  NORMAL
..................................................................
TEMPERATURE (F)
 YESTERDAY
  MAXIMUM         84    409 PM  93    2005  78      6       92
                                      2004
                                      1921
  MINIMUM         49    604 AM  38    1948  56     -7       74
  AVERAGE         67                        67      0       83

PRECIPITATION (IN)
  YESTERDAY        0.00          3.54 2002   0.16  -0.16     0.00
  MONTH TO DATE    0.55                      2.26  -1.71     1.70
  SINCE SEP 1      1.02                      4.81  -3.79     2.68
  SINCE JAN 1     29.68                     28.92   0.76    31.35

SNOWFALL (IN)
  YESTERDAY        0.0           0.0    MM   0.0    0.0      0.0
  MONTH TO DATE    0.0                       0.0    0.0      0.0
  SINCE SEP 1      0.0                       0.0    0.0      0.0
  SINCE JUL 1      0.0                       0.0    0.0      0.0
  SNOW DEPTH       0

DEGREE DAYS
 HEATING
  YESTERDAY        0                         2     -2        0
  MONTH TO DATE    7                        23    -16        0
  SINCE SEP 1      7                        29    -22        0
  SINCE JUL 1      7                        29    -22        0

 COOLING
  YESTERDAY        2                         4     -2       18
  MONTH TO DATE  177                       105     72      185
  SINCE SEP 1    653                       500    153      686
  SINCE JAN 1   3154                      2682    472     3037
..................................................................


WIND (MPH)
  HIGHEST WIND SPEED    17   HIGHEST WIND DIRECTION     S (180)
  HIGHEST GUST SPEED    22   HIGHEST GUST DIRECTION     S (190)
  AVERAGE WIND SPEED     8.6


SKY COVER
  POSSIBLE SUNSHINE  MM
  AVERAGE SKY COVER 0.3


WEATHER CONDITIONS
 THE FOLLOWING WEATHER WAS RECORDED YESTERDAY.
  NO SIGNIFICANT WEATHER WAS OBSERVED.


RELATIVE HUMIDITY (PERCENT)
 HIGHEST    80           600 AM
 LOWEST     20           500 PM
 AVERAGE    50

..........................................................


THE DALLAS FORT WORTH CLIMATE NORMALS FOR TODAY
                         NORMAL    RECORD    YEAR
 MAXIMUM TEMPERATURE (F)   77        94      1921
 MINIMUM TEMPERATURE (F)   56        38      1989


SUNRISE AND SUNSET
OCTOBER 19 2017.......SUNRISE   736 AM CDT   SUNSET   650 PM CDT
OCTOBER 20 2017.......SUNRISE   736 AM CDT   SUNSET   649 PM CDT


-  INDICATES NEGATIVE NUMBERS.
R  INDICATES RECORD WAS SET OR TIED.
MM INDICATES DATA IS MISSING.
T  INDICATES TRACE AMOUNT.




$$
