000
CDUS43 KDDC 230712
CLIDGC


CLIMATE REPORT
NATIONAL WEATHER SERVICE DODGE CITY KS
212 AM CDT FRI JUN 23 2017


...................................

...THE DODGE CITY KS CLIMATE SUMMARY FOR JUNE 22 2017...

CLIMATE NORMAL PERIOD 1981 TO 2010
CLIMATE RECORD PERIOD 1875 TO 2017


WEATHER ITEM   OBSERVED TIME   RECORD YEAR NORMAL DEPARTURE LAST
                VALUE   (LST)  VALUE       VALUE  FROM      YEAR
                                                  NORMAL
..................................................................
TEMPERATURE (F)
 YESTERDAY
  MAXIMUM         95    457 PM 102    1988  89      6      101
  MINIMUM         62    355 AM  50    1990  63     -1       72
                                      1902
  AVERAGE         79                        76      3       87

PRECIPITATION (IN)
  YESTERDAY        0.25          1.77 2014   0.11   0.14     0.00
  MONTH TO DATE    2.72                      2.44   0.28     1.18
  SINCE JUN 1      2.72                      2.44   0.28     1.18
  SINCE JAN 1     20.15                      9.96  10.19    12.30

SNOWFALL (IN)
  YESTERDAY        0.0          90.0  2001   0.0    0.0      0.0
  MONTH TO DATE    0.0                       0.0    0.0      0.0
  SINCE JUN 1      0.0                       0.0    0.0      0.0
  SINCE JUL 1      7.5                      21.1  -13.6     10.4
  SNOW DEPTH       0

DEGREE DAYS
 HEATING
  YESTERDAY        0                         0      0        0
  MONTH TO DATE    0                        10    -10        1
  SINCE JUN 1      0                        10    -10        1
  SINCE JUL 1   4170                      4964   -794     4340

 COOLING
  YESTERDAY       14                        11      3       22
  MONTH TO DATE  247                       181     66      243
  SINCE JUN 1    247                       181     66      243
  SINCE JAN 1    349                       290     59      301
..................................................................


WIND (MPH)
  HIGHEST WIND SPEED    49   HIGHEST WIND DIRECTION     W (290)
  HIGHEST GUST SPEED    61   HIGHEST GUST DIRECTION     W (280)
  AVERAGE WIND SPEED    13.2


SKY COVER
  POSSIBLE SUNSHINE  MM
  AVERAGE SKY COVER 0.1


WEATHER CONDITIONS
 THE FOLLOWING WEATHER WAS RECORDED YESTERDAY.
  THUNDERSTORM
  HEAVY RAIN
  LIGHT RAIN
  HAZE


RELATIVE HUMIDITY (PERCENT)
 HIGHEST    84           400 AM
 LOWEST     34           400 PM
 AVERAGE    59

..........................................................


THE DODGE CITY KS CLIMATE NORMALS FOR TODAY
                         NORMAL    RECORD    YEAR
 MAXIMUM TEMPERATURE (F)   89       106      1934
                                             1893
 MINIMUM TEMPERATURE (F)   63        49      1989
                                             1926


SUNRISE AND SUNSET
JUNE 23 2017..........SUNRISE   619 AM CDT   SUNSET   906 PM CDT
JUNE 24 2017..........SUNRISE   619 AM CDT   SUNSET   906 PM CDT


-  INDICATES NEGATIVE NUMBERS.
R  INDICATES RECORD WAS SET OR TIED.
MM INDICATES DATA IS MISSING.
T  INDICATES TRACE AMOUNT.




$$
