000
CDUS44 KTAE 302134
CLIDHN


CLIMATE REPORT
NATIONAL WEATHER SERVICE TALLAHASSEE FL
534 PM EDT SAT JUL 30 2016


...................................

...THE DOTHAN CLIMATE SUMMARY FOR JULY 30 2016...
VALID TODAY AS OF 0500 PM LOCAL TIME.

CLIMATE NORMAL PERIOD 1981 TO 2010
CLIMATE RECORD PERIOD 1965 TO 2016


WEATHER ITEM   OBSERVED TIME   NORMAL DEPARTURE LAST
                VALUE   (LST)  VALUE  FROM      YEAR
                                      NORMAL
......................................................
TEMPERATURE (F)
 TODAY
  MAXIMUM         94   1138 AM  92      2       98
  MINIMUM         75    528 AM  72      3       76
  AVERAGE         85            82      3       87

PRECIPITATION (IN)
  TODAY            0.00          0.20  -0.20     0.02
  MONTH TO DATE    6.77          5.76   1.01     4.10
  SINCE JUN 1     11.86         11.36   0.50     7.30
  SINCE JAN 1     36.28         33.72   2.56    31.55

......................................................










-  INDICATES NEGATIVE NUMBERS.
R  INDICATES RECORD WAS SET OR TIED.
MM INDICATES DATA IS MISSING.
T  INDICATES TRACE AMOUNT.




$$
