000
CDUS44 KTAE 240635
CLIDHN


CLIMATE REPORT
NATIONAL WEATHER SERVICE TALLAHASSEE FL
235 AM EDT WED MAY 24 2017


...................................

...THE DOTHAN CLIMATE SUMMARY FOR MAY 23 2017...

CLIMATE NORMAL PERIOD 1981 TO 2010
CLIMATE RECORD PERIOD 1965 TO 2017


WEATHER ITEM   OBSERVED TIME   NORMAL DEPARTURE LAST
                VALUE   (LST)  VALUE  FROM      YEAR
                                      NORMAL
......................................................
TEMPERATURE (F)
 YESTERDAY
  MAXIMUM         79    451 PM  87     -8       86
  MINIMUM         71   1124 AM  65      6       58
  AVERAGE         75            76     -1       72

PRECIPITATION (IN)
  YESTERDAY        0.46          0.14   0.32     0.00
  MONTH TO DATE    4.45          2.20   2.25     1.50
  SINCE MAR 1      7.56         11.60  -4.04    13.45
  SINCE JAN 1     27.15         21.00   6.15    24.30

SNOWFALL (IN)
  YESTERDAY        0.0

DEGREE DAYS
 COOLING
  YESTERDAY       10            11     -1        7
  MONTH TO DATE  196           197     -1      175
  SINCE MAR 1    465           308    157      335
  SINCE JAN 1    503           318    185      341
......................................................


WIND (MPH)
  HIGHEST WIND SPEED    29   HIGHEST WIND DIRECTION     S (200)
  HIGHEST GUST SPEED    38   HIGHEST GUST DIRECTION     S (190)
  AVERAGE WIND SPEED     8.5








-  INDICATES NEGATIVE NUMBERS.
R  INDICATES RECORD WAS SET OR TIED.
MM INDICATES DATA IS MISSING.
T  INDICATES TRACE AMOUNT.




$$
