000
CDUS44 KTAE 250633
CLIDHN


CLIMATE REPORT
NATIONAL WEATHER SERVICE TALLAHASSEE FL
133 AM EST SAT FEB 25 2017


...................................

...THE DOTHAN CLIMATE SUMMARY FOR FEBRUARY 24 2017...

CLIMATE NORMAL PERIOD 1981 TO 2010
CLIMATE RECORD PERIOD 1965 TO 2017


WEATHER ITEM   OBSERVED TIME   NORMAL DEPARTURE LAST
                VALUE   (LST)  VALUE  FROM      YEAR
                                      NORMAL
......................................................
TEMPERATURE (F)
 YESTERDAY
  MAXIMUM         81    319 PM  67     14       70
  MINIMUM         56    636 AM  43     13       45
  AVERAGE         69            55     14       58

PRECIPITATION (IN)
  YESTERDAY        0.00          0.16  -0.16     0.06
  MONTH TO DATE    4.37          4.12   0.25     6.56
  SINCE DEC 1     29.21         13.14  16.07    20.98
  SINCE JAN 1     18.85          8.75  10.10    10.85

SNOWFALL (IN)
  YESTERDAY        0.0

DEGREE DAYS
 HEATING
  YESTERDAY        0            10    -10        7
  MONTH TO DATE  126           304   -178      262
  SINCE DEC 1    679          1243   -564      975
  SINCE JUL 1    840          1520   -680     1110
......................................................


WIND (MPH)
  HIGHEST WIND SPEED    14   HIGHEST WIND DIRECTION    SW (230)
  HIGHEST GUST SPEED    17   HIGHEST GUST DIRECTION    SW (230)
  AVERAGE WIND SPEED     6.8








-  INDICATES NEGATIVE NUMBERS.
R  INDICATES RECORD WAS SET OR TIED.
MM INDICATES DATA IS MISSING.
T  INDICATES TRACE AMOUNT.




$$
