000
CDUS44 KTAE 270636
CLIDHN


CLIMATE REPORT
NATIONAL WEATHER SERVICE TALLAHASSEE FL
135 AM EST FRI FEB 27 2015


...................................

...THE DOTHAN CLIMATE SUMMARY FOR FEBRUARY 26 2015...

CLIMATE NORMAL PERIOD 1981 TO 2010
CLIMATE RECORD PERIOD 1965 TO 2015


WEATHER ITEM   OBSERVED TIME   NORMAL DEPARTURE LAST
                VALUE   (LST)  VALUE  FROM      YEAR
                                      NORMAL
......................................................
TEMPERATURE (F)
 YESTERDAY
  MAXIMUM         44    356 PM  67    -23       58
  MINIMUM         38   1159 PM  43     -5       38
  AVERAGE         41            55    -14       48

PRECIPITATION (IN)
  YESTERDAY        0.00          0.17  -0.17     0.45
  MONTH TO DATE    3.70          4.46  -0.76     4.80
  SINCE DEC 1     12.09         13.48  -1.39    16.37
  SINCE JAN 1      6.65          9.09  -2.44     7.73

SNOWFALL (IN)
  YESTERDAY        0.0

DEGREE DAYS
 HEATING
  YESTERDAY       24            10     14       17
  MONTH TO DATE  411           324     87      286
  SINCE DEC 1   1227          1263    -36     1323
  SINCE JUL 1   1648          1540    108     1623
......................................................


WIND (MPH)
  HIGHEST WIND SPEED    15   HIGHEST WIND DIRECTION     N (340)
  HIGHEST GUST SPEED    20   HIGHEST GUST DIRECTION    NW (330)
  AVERAGE WIND SPEED    10.3








-  INDICATES NEGATIVE NUMBERS.
R  INDICATES RECORD WAS SET OR TIED.
MM INDICATES DATA IS MISSING.
T  INDICATES TRACE AMOUNT.




$$
