000
CDUS44 KTAE 060632
CLIDHN


CLIMATE REPORT
NATIONAL WEATHER SERVICE TALLAHASSEE FL
232 AM EDT MON JUL 6 2015


...................................

...THE DOTHAN CLIMATE SUMMARY FOR JULY 5 2015...

CLIMATE NORMAL PERIOD 1981 TO 2010
CLIMATE RECORD PERIOD 1965 TO 2015


WEATHER ITEM   OBSERVED TIME   NORMAL DEPARTURE LAST
                VALUE   (LST)  VALUE  FROM      YEAR
                                      NORMAL
......................................................
TEMPERATURE (F)
 YESTERDAY
  MAXIMUM         78    525 PM  92    -14       93
  MINIMUM         68   1140 PM  72     -4       69
  AVERAGE         73            82     -9       81

PRECIPITATION (IN)
  YESTERDAY        0.74          0.21   0.53     0.00
  MONTH TO DATE    2.05          1.09   0.96     0.00
  SINCE JUN 1      5.25          6.69  -1.44     2.48
  SINCE JAN 1     29.50         29.05   0.45    32.55

SNOWFALL (IN)
  YESTERDAY        0.0

DEGREE DAYS
 COOLING
  YESTERDAY        8            17     -9       16
  MONTH TO DATE   71            84    -13       89
  SINCE JUN 1    544           528     16      563
  SINCE JAN 1   1132           941    191      948
......................................................


WIND (MPH)
  HIGHEST WIND SPEED    10   HIGHEST WIND DIRECTION    NW (300)
  HIGHEST GUST SPEED    MM   HIGHEST GUST DIRECTION    MM
  AVERAGE WIND SPEED     4.8








-  INDICATES NEGATIVE NUMBERS.
R  INDICATES RECORD WAS SET OR TIED.
MM INDICATES DATA IS MISSING.
T  INDICATES TRACE AMOUNT.




$$
