000
CDUS44 KTAE 100638
CLIDHN


CLIMATE REPORT
NATIONAL WEATHER SERVICE TALLAHASSEE FL
134 AM EST SAT DEC 10 2016

...................................

...THE DOTHAN CLIMATE SUMMARY FOR DECEMBER 9 2016...

CLIMATE NORMAL PERIOD 1981 TO 2010
CLIMATE RECORD PERIOD 1965 TO 2016


WEATHER ITEM   OBSERVED TIME   NORMAL DEPARTURE LAST
                VALUE   (LST)  VALUE  FROM      YEAR
                                      NORMAL
......................................................
TEMPERATURE (F)
 YESTERDAY
  MAXIMUM         51    240 PM  64    -13       70
  MINIMUM         33   1159 PM  41     -8       38
  AVERAGE         42            52    -10       54

PRECIPITATION (IN)
  YESTERDAY        0.00          0.16  -0.16     0.00
  MONTH TO DATE    8.01          1.65   6.36     0.48
  SINCE DEC 1      8.01          1.65   6.36     0.48
  SINCE JAN 1     52.82         51.23   1.59    59.91

SNOWFALL (IN)
  YESTERDAY        0.0

DEGREE DAYS
 HEATING
  YESTERDAY       23            13     10       11
  MONTH TO DATE   96           108    -12       81
  SINCE DEC 1     96           108    -12       81
  SINCE JUL 1    257           385   -128      216
......................................................


WIND (MPH)
  HIGHEST WIND SPEED    17   HIGHEST WIND DIRECTION     N (20)
  HIGHEST GUST SPEED    20   HIGHEST GUST DIRECTION     N (360)
  AVERAGE WIND SPEED     9.7








-  INDICATES NEGATIVE NUMBERS.
R  INDICATES RECORD WAS SET OR TIED.
MM INDICATES DATA IS MISSING.
T  INDICATES TRACE AMOUNT.




$$
