000
CDUS44 KTAE 290700 CCA
CLIDHN

CLIMATE REPORT...CORRECTED.
NATIONAL WEATHER SERVICE TALLAHASSEE FL
247 AM EDT TUE JUL 29 2014

ADDED WIND AND WIND GUST TO PRODUCT

...................................

...THE DOTHAN CLIMATE SUMMARY FOR JULY 28 2014...

CLIMATE NORMAL PERIOD 1981 TO 2010
CLIMATE RECORD PERIOD 1965 TO 2014


WEATHER ITEM   OBSERVED TIME   NORMAL DEPARTURE LAST
                VALUE   (LST)  VALUE  FROM      YEAR
                                      NORMAL
......................................................
TEMPERATURE (F)
 YESTERDAY
  MAXIMUM         94    157 PM  92      2       87
  MINIMUM         73    443 PM  72      1       72
  AVERAGE         84            82      2       80

PRECIPITATION (IN)
  YESTERDAY        1.98          0.19   1.79     0.00
  MONTH TO DATE    5.21          5.37  -0.16    17.57
  SINCE JUN 1      7.69         10.97  -3.28    22.16
  SINCE JAN 1     37.76         33.33   4.43    49.46

SNOWFALL (IN)
  YESTERDAY        0.0

DEGREE DAYS
 COOLING
  YESTERDAY       19            17      2       15
  MONTH TO DATE  464           475    -11      395
  SINCE JUN 1    938           919     19      855
  SINCE JAN 1   1323          1332     -9     1227
......................................................


WIND (MPH)
  HIGHEST WIND SPEED    41   HIGHEST WIND DIRECTION    SW (230)
  HIGHEST GUST SPEED    63   HIGHEST GUST DIRECTION    SW (220)
  AVERAGE WIND SPEED     8.4





-  INDICATES NEGATIVE NUMBERS.
R  INDICATES RECORD WAS SET OR TIED.
MM INDICATES DATA IS MISSING.
T  INDICATES TRACE AMOUNT.




$$
