000
CDUS44 KTAE 210633
CLIDHN


CLIMATE REPORT
NATIONAL WEATHER SERVICE TALLAHASSEE FL
233 AM EDT SAT OCT 21 2017


...................................

...THE DOTHAN CLIMATE SUMMARY FOR OCTOBER 20 2017...

CLIMATE NORMAL PERIOD 1981 TO 2010
CLIMATE RECORD PERIOD 1965 TO 2017


WEATHER ITEM   OBSERVED TIME   NORMAL DEPARTURE LAST
                VALUE   (LST)  VALUE  FROM      YEAR
                                      NORMAL
......................................................
TEMPERATURE (F)
 YESTERDAY
  MAXIMUM         84    338 PM  79      5       90
  MINIMUM         56    714 AM  54      2       61
  AVERAGE         70            66      4       76

PRECIPITATION (IN)
  YESTERDAY        0.00          0.10  -0.10     0.00
  MONTH TO DATE    1.10          2.16  -1.06      T
  SINCE SEP 1      3.95          5.75  -1.80     0.76
  SINCE JAN 1     45.20         44.14   1.06    43.99

SNOWFALL (IN)
  YESTERDAY        0.0

DEGREE DAYS
 HEATING
  YESTERDAY        0             2     -2        0
  MONTH TO DATE    3            19    -16        0
  SINCE SEP 1      7            21    -14        0
  SINCE JUL 1      7            21    -14        0

 COOLING
  YESTERDAY        5             3      2       11
  MONTH TO DATE  216           104    112      187
  SINCE SEP 1    585           452    133      614
  SINCE JAN 1   2643          2332    311     2682
......................................................


WIND (MPH)
  HIGHEST WIND SPEED    13   HIGHEST WIND DIRECTION     E (90)
  HIGHEST GUST SPEED    16   HIGHEST GUST DIRECTION    NE (50)
  AVERAGE WIND SPEED     5.4








-  INDICATES NEGATIVE NUMBERS.
R  INDICATES RECORD WAS SET OR TIED.
MM INDICATES DATA IS MISSING.
T  INDICATES TRACE AMOUNT.




$$
