000
CDUS44 KTAE 300634
CLIDHN


CLIMATE REPORT
NATIONAL WEATHER SERVICE TALLAHASSEE FL
234 AM EDT THU JUL 30 2015


...................................

...THE DOTHAN CLIMATE SUMMARY FOR JULY 29 2015...

CLIMATE NORMAL PERIOD 1981 TO 2010
CLIMATE RECORD PERIOD 1965 TO 2015


WEATHER ITEM   OBSERVED TIME   NORMAL DEPARTURE LAST
                VALUE   (LST)  VALUE  FROM      YEAR
                                      NORMAL
......................................................
TEMPERATURE (F)
 YESTERDAY
  MAXIMUM         97   1249 PM  92      5       86
  MINIMUM         76    507 AM  72      4       68
  AVERAGE         87            82      5       77

PRECIPITATION (IN)
  YESTERDAY        0.06          0.19  -0.13     0.00
  MONTH TO DATE    4.08          5.56  -1.48     5.21
  SINCE JUN 1      7.28         11.16  -3.88     7.69
  SINCE JAN 1     31.53         33.52  -1.99    37.76

SNOWFALL (IN)
  YESTERDAY        0.0

DEGREE DAYS
 COOLING
  YESTERDAY       22            17      5       12
  MONTH TO DATE  543           492     51      476
  SINCE JUN 1   1016           936     80      950
  SINCE JAN 1   1604          1349    255     1335
......................................................


WIND (MPH)
  HIGHEST WIND SPEED    21   HIGHEST WIND DIRECTION    NE (40)
  HIGHEST GUST SPEED    29   HIGHEST GUST DIRECTION    NE (40)
  AVERAGE WIND SPEED     5.6








-  INDICATES NEGATIVE NUMBERS.
R  INDICATES RECORD WAS SET OR TIED.
MM INDICATES DATA IS MISSING.
T  INDICATES TRACE AMOUNT.




$$
