000
CDUS44 KTAE 250632
CLIDHN


CLIMATE REPORT
NATIONAL WEATHER SERVICE TALLAHASSEE FL
231 AM EDT SAT OCT 25 2014


...................................

...THE DOTHAN CLIMATE SUMMARY FOR OCTOBER 24 2014...

CLIMATE NORMAL PERIOD 1981 TO 2010
CLIMATE RECORD PERIOD 1965 TO 2014


WEATHER ITEM   OBSERVED TIME   NORMAL DEPARTURE LAST
                VALUE   (LST)  VALUE  FROM      YEAR
                                      NORMAL
......................................................
TEMPERATURE (F)
 YESTERDAY
  MAXIMUM         77    324 PM  77      0       75
  MINIMUM         48   1159 PM  53     -5       42
  AVERAGE         63            65     -2       59

PRECIPITATION (IN)
  YESTERDAY        0.00          0.12  -0.12     0.00
  MONTH TO DATE    5.80          2.62   3.18     0.48
  SINCE SEP 1      8.44          6.21   2.23     8.85
  SINCE JAN 1     48.38         44.60   3.78    66.69

SNOWFALL (IN)
  YESTERDAY        0.0

DEGREE DAYS
 HEATING
  YESTERDAY        2             3     -1        6
  MONTH TO DATE   30            30      0       11
  SINCE SEP 1     30            32     -2       11
  SINCE JUL 1     30            32     -2       11

 COOLING
  YESTERDAY        0             3     -3        0
  MONTH TO DATE  115           116     -1      140
  SINCE SEP 1    502           464     38      524
  SINCE JAN 1   2387          2344     43     2278
......................................................


WIND (MPH)
  HIGHEST WIND SPEED    13   HIGHEST WIND DIRECTION    NW (300)
  HIGHEST GUST SPEED    17   HIGHEST GUST DIRECTION    NW (310)
  AVERAGE WIND SPEED     3.1








-  INDICATES NEGATIVE NUMBERS.
R  INDICATES RECORD WAS SET OR TIED.
MM INDICATES DATA IS MISSING.
T  INDICATES TRACE AMOUNT.




$$
