000
CDUS44 KAMA 190726
CLIDHT


CLIMATE REPORT
NATIONAL WEATHER SERVICE AMARILLO TX
126 AM CST SUN NOV 19 2017


...................................

...THE DALHART CLIMATE SUMMARY FOR NOVEMBER 18 2017...

CLIMATE NORMAL PERIOD 1981 TO 2010
CLIMATE RECORD PERIOD 1948 TO 2017


WEATHER ITEM   OBSERVED TIME   RECORD YEAR NORMAL DEPARTURE LAST
                VALUE   (LST)  VALUE       VALUE  FROM      YEAR
                                                  NORMAL
..................................................................
TEMPERATURE (F)
 YESTERDAY
  MAXIMUM         62   1231 AM  80    1986  59      3       48
  MINIMUM         29   1132 PM  10    1961  27      2       22
  AVERAGE         46                        43      3       35

PRECIPITATION (IN)
  YESTERDAY        T             0.28 1972   0.01  -0.01     0.00
  MONTH TO DATE    0.13                      0.41  -0.28     1.13
  SINCE SEP 1      7.17                      3.53   3.64     4.65
  SINCE JAN 1     24.41                     16.88   7.53    18.84

SNOWFALL (IN)
  YESTERDAY        0.0           5.0  1972   0.1   -0.1      0.0
  MONTH TO DATE    2.3                       0.6    1.7      0.0
  SINCE SEP 1      2.3                       1.2    1.1      0.0
  SINCE JUL 1      2.3                       1.2    1.1      0.0
  SNOW DEPTH       0

DEGREE DAYS
 HEATING
  YESTERDAY       19                        22     -3       30
  MONTH TO DATE  213                       331   -118      207
  SINCE SEP 1    490                       688   -198      328
  SINCE JUL 1    490                       691   -201      328

 COOLING
  YESTERDAY        0                         0      0        0
  MONTH TO DATE    5                         0      5        0
  SINCE SEP 1    201                       142     59      281
  SINCE JAN 1   1349                      1138    211     1556
..................................................................


WIND (MPH)
  RESULTANT WIND SPEED  13   RESULTANT WIND DIRECTION   N (350)
  HIGHEST WIND SPEED    38   HIGHEST WIND DIRECTION     N (360)
  HIGHEST GUST SPEED    45   HIGHEST GUST DIRECTION     N (10)
  AVERAGE WIND SPEED    16.9


SKY COVER
  AVERAGE SKY COVER 0.2


WEATHER CONDITIONS
 THE FOLLOWING WEATHER WAS RECORDED YESTERDAY.
  LIGHT RAIN


RELATIVE HUMIDITY (PERCENT)
 HIGHEST    62           700 AM
 LOWEST     19           300 PM
 AVERAGE    41

..........................................................


THE DALHART CLIMATE NORMALS FOR TODAY
                         NORMAL    RECORD    YEAR
 MAXIMUM TEMPERATURE (F)   58        79      2010
                                             1950
 MINIMUM TEMPERATURE (F)   27         8      1961


SUNRISE AND SUNSET
NOVEMBER 19 2017......SUNRISE   731 AM CST   SUNSET   540 PM CST
NOVEMBER 20 2017......SUNRISE   732 AM CST   SUNSET   539 PM CST


-  INDICATES NEGATIVE NUMBERS.
R  INDICATES RECORD WAS SET OR TIED.
MM INDICATES DATA IS MISSING.
T  INDICATES TRACE AMOUNT.




$$
