000
CDUS44 KAMA 230728
CLIDHT


CLIMATE REPORT
NATIONAL WEATHER SERVICE AMARILLO TX
126 AM CST SUN NOV 23 2014


...................................

...THE DALHART CLIMATE SUMMARY FOR NOVEMBER 22 2014...

CLIMATE NORMAL PERIOD 1981 TO 2010
CLIMATE RECORD PERIOD 1894 TO 2014


WEATHER ITEM   OBSERVED TIME   RECORD YEAR NORMAL DEPARTURE LAST
                VALUE   (LST)  VALUE       VALUE  FROM      YEAR
                                                  NORMAL
..................................................................
TEMPERATURE (F)
 YESTERDAY
  MAXIMUM         71    302 PM  81    1998  56     15       26
  MINIMUM         27    725 AM   3    1972  25      2       20
  AVERAGE         49                        41      8       23

PRECIPITATION (IN)
  YESTERDAY        0.00          0.04 1983   0.02  -0.02     0.03
  MONTH TO DATE    0.08                      0.47  -0.39     0.68
  SINCE SEP 1      2.64                      3.59  -0.95     2.44
  SINCE JAN 1     11.28                     16.94  -5.66     7.46

SNOWFALL (IN)
  YESTERDAY        0.0           T    2013   0.1   -0.1       T
  MONTH TO DATE    1.5                       0.8    0.7       T
  SINCE SEP 1      1.5                       1.4    0.1       T
  SINCE JUL 1      1.5                       1.4    0.1       T
  SNOW DEPTH       0

DEGREE DAYS
 HEATING
  YESTERDAY       16                        24     -8       42
  MONTH TO DATE  495                       425     70      400
  SINCE SEP 1    687                       782    -95      703
  SINCE JUL 1    687                       785    -98      703

 COOLING
  YESTERDAY        0                         0      0        0
  MONTH TO DATE    0                         0      0        0
  SINCE SEP 1    196                       142     54      223
  SINCE JAN 1   1411                      1138    273     1576
..................................................................


WIND (MPH)
  RESULTANT WIND SPEED  10   RESULTANT WIND DIRECTION  SW (220)
  HIGHEST WIND SPEED    28   HIGHEST WIND DIRECTION    SW (220)
  HIGHEST GUST SPEED    34   HIGHEST GUST DIRECTION    SW (220)
  AVERAGE WIND SPEED    10.6


SKY COVER
  AVERAGE SKY COVER 0.0


WEATHER CONDITIONS
 THE FOLLOWING WEATHER WAS RECORDED YESTERDAY.
  NO SIGNIFICANT WEATHER WAS OBSERVED.


RELATIVE HUMIDITY (PERCENT)
 HIGHEST    82           200 AM
 LOWEST     10           300 PM
 AVERAGE    46

..........................................................


THE DALHART CLIMATE NORMALS FOR TODAY
                         NORMAL    RECORD    YEAR
 MAXIMUM TEMPERATURE (F)   56        78      1965
 MINIMUM TEMPERATURE (F)   25        -1      1957


SUNRISE AND SUNSET
NOVEMBER 23 2014......SUNRISE   735 AM CST   SUNSET   538 PM CST
NOVEMBER 24 2014......SUNRISE   736 AM CST   SUNSET   538 PM CST


-  INDICATES NEGATIVE NUMBERS.
R  INDICATES RECORD WAS SET OR TIED.
MM INDICATES DATA IS MISSING.
T  INDICATES TRACE AMOUNT.




$$
