000
CDUS44 KAMA 262133
CLIDHT


CLIMATE REPORT
NATIONAL WEATHER SERVICE AMARILLO TX
433 PM CDT WED JUL 26 2017


...................................

...THE DALHART CLIMATE SUMMARY FOR JULY 26 2017...
VALID TODAY AS OF 0400 PM LOCAL TIME.

CLIMATE NORMAL PERIOD 1981 TO 2010
CLIMATE RECORD PERIOD 1948 TO 2017


WEATHER ITEM   OBSERVED TIME   RECORD YEAR NORMAL DEPARTURE LAST
                VALUE   (LST)  VALUE       VALUE  FROM      YEAR
                                                  NORMAL
..................................................................
TEMPERATURE (F)
 TODAY
  MAXIMUM        100    246 PM 104    2014  91      9       97
  MINIMUM         72    400 AM  54    2004  62     10       65
  AVERAGE         86                        77      9       81

PRECIPITATION (IN)
  TODAY            0.00          2.05 2009   0.10  -0.10     0.00
  MONTH TO DATE    0.48                      2.30  -1.82     1.49
  SINCE JUN 1      1.74                      4.60  -2.86     3.50
  SINCE JAN 1     10.88                     10.01   0.87    10.72

SNOWFALL (IN)
  TODAY            0.0           0.0    MM   0.0    0.0      0.0
  MONTH TO DATE    0.0                       0.0    0.0      0.0
  SINCE JUN 1      0.0                       0.0    0.0      0.0
  SINCE JUL 1      0.0                       0.0    0.0      0.0
  SNOW DEPTH       0

DEGREE DAYS
 HEATING
  TODAY            0                         0      0        0
  MONTH TO DATE    0                         0      0        0
  SINCE JUN 1      0                        12    -12        0
  SINCE JUL 1      0                         0      0        0

 COOLING
  TODAY           21                        12      9       16
  MONTH TO DATE  408                       308    100      454
  SINCE JUN 1    754                       548    206      804
  SINCE JAN 1    831                       620    211      850
..................................................................


WIND (MPH)
  RESULTANT WIND SPEED   8   RESULTANT WIND DIRECTION   S (200)
  HIGHEST WIND SPEED    20   HIGHEST WIND DIRECTION     W (250)
  HIGHEST GUST SPEED    27   HIGHEST GUST DIRECTION    NW (300)
  AVERAGE WIND SPEED    10.7


SKY COVER
  AVERAGE SKY COVER 0.0


WEATHER CONDITIONS
 THE FOLLOWING WEATHER WAS RECORDED TODAY.
  NO SIGNIFICANT WEATHER WAS OBSERVED.


RELATIVE HUMIDITY (PERCENT)
 HIGHEST    61           400 AM
 LOWEST     24           200 PM
 AVERAGE    43

..........................................................


THE DALHART CLIMATE NORMALS FOR TOMORROW
                         NORMAL    RECORD    YEAR
 MAXIMUM TEMPERATURE (F)   91       105      2011
 MINIMUM TEMPERATURE (F)   62        53      2005


SUNRISE AND SUNSET
JULY 26 2017..........SUNRISE   653 AM CDT   SUNSET   900 PM CDT
JULY 27 2017..........SUNRISE   654 AM CDT   SUNSET   859 PM CDT


-  INDICATES NEGATIVE NUMBERS.
R  INDICATES RECORD WAS SET OR TIED.
MM INDICATES DATA IS MISSING.
T  INDICATES TRACE AMOUNT.




$$
