000
CDUS44 KAMA 290629
CLIDHT


CLIMATE REPORT
NATIONAL WEATHER SERVICE AMARILLO TX
128 AM CDT SUN MAR 29 2015


...................................

...THE DALHART CLIMATE SUMMARY FOR MARCH 28 2015...

CLIMATE NORMAL PERIOD 1981 TO 2010
CLIMATE RECORD PERIOD 1894 TO 2015


WEATHER ITEM   OBSERVED TIME   RECORD YEAR NORMAL DEPARTURE LAST
                VALUE   (LST)  VALUE       VALUE  FROM      YEAR
                                                  NORMAL
..................................................................
TEMPERATURE (F)
 YESTERDAY
  MAXIMUM         84    450 PM  86    2012  65     19       61
                                      1963
  MINIMUM         39    557 AM  11    1975  32      7       35
  AVERAGE         62                        48     14       48

PRECIPITATION (IN)
  YESTERDAY        0.00          0.38 1958   0.05  -0.05     0.00
  MONTH TO DATE    0.08                      1.04  -0.96     0.09
  SINCE MAR 1      0.08                      1.04  -0.96     0.09
  SINCE JAN 1      3.39                      1.96   1.43     0.18

SNOWFALL (IN)
  YESTERDAY        0.0           2.0  1970   0.1   -0.1      0.0
  MONTH TO DATE    0.8                       3.8   -3.0      1.1
  SINCE MAR 1      0.8                       3.8   -3.0      1.1
  SINCE JUL 1     34.1                      17.3   16.8     16.4
  SNOW DEPTH       0

DEGREE DAYS
 HEATING
  YESTERDAY        3                        17    -14       17
  MONTH TO DATE  470                       564    -94      566
  SINCE MAR 1    470                       564    -94      566
  SINCE JUL 1   3763                      4207   -444     4160

 COOLING
  YESTERDAY        0                         0      0        0
  MONTH TO DATE    0                         0      0        0
  SINCE MAR 1      0                         0      0        0
  SINCE JAN 1      0                         0      0        0
..................................................................


WIND (MPH)
  RESULTANT WIND SPEED   5   RESULTANT WIND DIRECTION  SW (220)
  HIGHEST WIND SPEED    16   HIGHEST WIND DIRECTION    SW (230)
  HIGHEST GUST SPEED    22   HIGHEST GUST DIRECTION    SW (220)
  AVERAGE WIND SPEED     8.8


SKY COVER
  AVERAGE SKY COVER 0.0


WEATHER CONDITIONS
 THE FOLLOWING WEATHER WAS RECORDED YESTERDAY.
  NO SIGNIFICANT WEATHER WAS OBSERVED.


RELATIVE HUMIDITY (PERCENT)
 HIGHEST    64           600 AM
 LOWEST      9           400 PM
 AVERAGE    37

..........................................................


THE DALHART CLIMATE NORMALS FOR TODAY
                         NORMAL    RECORD    YEAR
 MAXIMUM TEMPERATURE (F)   65        85      2012
 MINIMUM TEMPERATURE (F)   32        12      1987


SUNRISE AND SUNSET
MARCH 29 2015.........SUNRISE   741 AM CDT   SUNSET   809 PM CDT
MARCH 30 2015.........SUNRISE   740 AM CDT   SUNSET   810 PM CDT


-  INDICATES NEGATIVE NUMBERS.
R  INDICATES RECORD WAS SET OR TIED.
MM INDICATES DATA IS MISSING.
T  INDICATES TRACE AMOUNT.




$$
