000
CDUS44 KAMA 182231
CLIDHT


CLIMATE REPORT
NATIONAL WEATHER SERVICE AMARILLO TX
431 PM CST THU JAN 18 2018


...................................

...THE DALHART CLIMATE SUMMARY FOR JANUARY 18 2018...
VALID TODAY AS OF 0400 PM LOCAL TIME.

CLIMATE NORMAL PERIOD 1981 TO 2010
CLIMATE RECORD PERIOD 1948 TO 2018


WEATHER ITEM   OBSERVED TIME   RECORD YEAR NORMAL DEPARTURE LAST
                VALUE   (LST)  VALUE       VALUE  FROM      YEAR
                                                  NORMAL
..................................................................
TEMPERATURE (F)
 TODAY
  MAXIMUM         62    402 PM  72    1972  50     12       58
  MINIMUM          8    811 AM  -8    1960  19    -11       29
  AVERAGE         35                        35      0       44

PRECIPITATION (IN)
  TODAY            0.00          0.95 1990   0.02  -0.02     0.00
  MONTH TO DATE    T                         0.27  -0.27     0.90
  SINCE DEC 1      T                         0.81  -0.81     1.10
  SINCE JAN 1      T                         0.27  -0.27     0.90

SNOWFALL (IN)
  TODAY            0.0           8.0  1990   0.1   -0.1      0.0
  MONTH TO DATE    0.0                       2.2   -2.2      0.0
  SINCE DEC 1      T                         6.5   -6.5      1.3
  SINCE JUL 1      2.3                       8.4   -6.1      1.3
  SNOW DEPTH       0

DEGREE DAYS
 HEATING
  TODAY           30                        30      0       21
  MONTH TO DATE  573                       551     22      512
  SINCE DEC 1   1401                      1499    -98     1404
  SINCE JUL 1   2076                      2494   -418     1980

 COOLING
  TODAY            0                         0      0        0
  MONTH TO DATE    0                         0      0        0
  SINCE DEC 1      0                         0      0        0
  SINCE JAN 1      0                         0      0        0
..................................................................


WIND (MPH)
  RESULTANT WIND SPEED   7   RESULTANT WIND DIRECTION  SW (220)
  HIGHEST WIND SPEED    13   HIGHEST WIND DIRECTION     S (180)
  HIGHEST GUST SPEED    19   HIGHEST GUST DIRECTION     S (180)
  AVERAGE WIND SPEED     7.8


SKY COVER
  AVERAGE SKY COVER 0.0


WEATHER CONDITIONS
 THE FOLLOWING WEATHER WAS RECORDED TODAY.
  NO SIGNIFICANT WEATHER WAS OBSERVED.


RELATIVE HUMIDITY (PERCENT)
 HIGHEST    92           600 AM
 LOWEST     11           300 PM
 AVERAGE    52

..........................................................


THE DALHART CLIMATE NORMALS FOR TOMORROW
                         NORMAL    RECORD    YEAR
 MAXIMUM TEMPERATURE (F)   50        78      1986
 MINIMUM TEMPERATURE (F)   19       -14      1984


SUNRISE AND SUNSET
JANUARY 18 2018.......SUNRISE   759 AM CST   SUNSET   603 PM CST
JANUARY 19 2018.......SUNRISE   759 AM CST   SUNSET   604 PM CST


-  INDICATES NEGATIVE NUMBERS.
R  INDICATES RECORD WAS SET OR TIED.
MM INDICATES DATA IS MISSING.
T  INDICATES TRACE AMOUNT.




$$
