000
CDUS44 KAMA 160631
CLIDHT


CLIMATE REPORT
NATIONAL WEATHER SERVICE AMARILLO TX
131 AM CDT TUE SEP 16 2014


...................................

...THE DALHART CLIMATE SUMMARY FOR SEPTEMBER 15 2014...

CLIMATE NORMAL PERIOD 1981 TO 2010
CLIMATE RECORD PERIOD 1894 TO 2014


WEATHER ITEM   OBSERVED TIME   RECORD YEAR NORMAL DEPARTURE LAST
                VALUE   (LST)  VALUE       VALUE  FROM      YEAR
                                                  NORMAL
..................................................................
TEMPERATURE (F)
 YESTERDAY
  MAXIMUM         72   1101 AM  97    2010  82    -10       83
  MINIMUM         59   1159 PM  38    1993  53      6       59
  AVERAGE         66                        68     -2       71

PRECIPITATION (IN)
  YESTERDAY        0.00          1.44 1964   0.06  -0.06     0.93
  MONTH TO DATE    1.13                      0.88   0.25     1.51
  SINCE SEP 1      1.13                      0.88   0.25     1.51
  SINCE JAN 1      9.77                     14.23  -4.46     6.53

SNOWFALL (IN)
  YESTERDAY        0.0           0.0    MM   0.0    0.0      0.0
  MONTH TO DATE    0.0                       0.0    0.0      0.0
  SINCE SEP 1      0.0                       0.0    0.0      0.0
  SINCE JUL 1      0.0                       0.0    0.0      0.0
  SNOW DEPTH       0

DEGREE DAYS
 HEATING
  YESTERDAY        0                         2     -2        0
  MONTH TO DATE   21                        11     10        0
  SINCE SEP 1     21                        11     10        0
  SINCE JUL 1     21                        14      7        0

 COOLING
  YESTERDAY        1                         4     -3        6
  MONTH TO DATE   98                        92      6      156
  SINCE SEP 1     98                        92      6      156
  SINCE JAN 1   1313                      1088    225     1509
..................................................................


WIND (MPH)
  RESULTANT WIND SPEED   4   RESULTANT WIND DIRECTION  NW (300)
  HIGHEST WIND SPEED    25   HIGHEST WIND DIRECTION     N (360)
  HIGHEST GUST SPEED    30   HIGHEST GUST DIRECTION     N (10)
  AVERAGE WIND SPEED    13.8


SKY COVER
  AVERAGE SKY COVER 0.9


WEATHER CONDITIONS
 THE FOLLOWING WEATHER WAS RECORDED YESTERDAY.
  FOG
  HAZE


RELATIVE HUMIDITY (PERCENT)
 HIGHEST    90          1200 AM
 LOWEST     57          1100 AM
 AVERAGE    74

..........................................................


THE DALHART CLIMATE NORMALS FOR TODAY
                         NORMAL    RECORD    YEAR
 MAXIMUM TEMPERATURE (F)   82        97      2000
 MINIMUM TEMPERATURE (F)   53        35      1951


SUNRISE AND SUNSET
SEPTEMBER 16 2014.....SUNRISE   733 AM CDT   SUNSET   756 PM CDT
SEPTEMBER 17 2014.....SUNRISE   734 AM CDT   SUNSET   754 PM CDT


-  INDICATES NEGATIVE NUMBERS.
R  INDICATES RECORD WAS SET OR TIED.
MM INDICATES DATA IS MISSING.
T  INDICATES TRACE AMOUNT.




$$
