000
CDUS44 KAMA 302137
CLIDHT


CLIMATE REPORT
NATIONAL WEATHER SERVICE AMARILLO TX
436 PM CDT THU JUL 30 2015


...................................

...THE DALHART CLIMATE SUMMARY FOR JULY 30 2015...
VALID TODAY AS OF 0400 PM LOCAL TIME.

CLIMATE NORMAL PERIOD 1981 TO 2010
CLIMATE RECORD PERIOD 1894 TO 2015


WEATHER ITEM   OBSERVED TIME   RECORD YEAR NORMAL DEPARTURE LAST
                VALUE   (LST)  VALUE       VALUE  FROM      YEAR
                                                  NORMAL
..................................................................
TEMPERATURE (F)
 TODAY
  MAXIMUM         85    332 PM 103    1969  91     -6       77
  MINIMUM         68    729 AM  56    2004  62      6       63
  AVERAGE         77                        77      0       70

PRECIPITATION (IN)
  TODAY            0.05          2.02 1982   0.11  -0.06      T
  MONTH TO DATE    2.78                      2.69   0.09     2.15
  SINCE JUN 1      3.63                      4.99  -1.36     5.92
  SINCE JAN 1     10.34                     10.40  -0.06     7.76

SNOWFALL (IN)
  TODAY            0.0           0.0    MM   0.0    0.0      0.0
  MONTH TO DATE    0.0                       0.0    0.0      0.0
  SINCE JUN 1      0.0                       0.0    0.0      0.0
  SINCE JUL 1      0.0                       0.0    0.0      0.0
  SNOW DEPTH       0

DEGREE DAYS
 HEATING
  TODAY            0                         0      0        0
  MONTH TO DATE    0                         0      0        0
  SINCE JUN 1      0                        12    -12        4
  SINCE JUL 1      0                         0      0        0

 COOLING
  TODAY           12                        12      0        5
  MONTH TO DATE  456                       356    100      373
  SINCE JUN 1    789                       596    193      669
  SINCE JAN 1    811                       668    143      789
..................................................................


WIND (MPH)
  RESULTANT WIND SPEED   2   RESULTANT WIND DIRECTION   N (10)
  HIGHEST WIND SPEED    14   HIGHEST WIND DIRECTION     W (290)
  HIGHEST GUST SPEED    17   HIGHEST GUST DIRECTION     E (100)
  AVERAGE WIND SPEED     7.2


SKY COVER
  AVERAGE SKY COVER 0.3


WEATHER CONDITIONS
 THE FOLLOWING WEATHER WAS RECORDED TODAY.
  THUNDERSTORM
  RAIN
  LIGHT RAIN
  FOG


RELATIVE HUMIDITY (PERCENT)
 HIGHEST    90           200 AM
 LOWEST     44           100 PM
 AVERAGE    67

..........................................................


THE DALHART CLIMATE NORMALS FOR TOMORROW
                         NORMAL    RECORD    YEAR
 MAXIMUM TEMPERATURE (F)   91       101      2012
 MINIMUM TEMPERATURE (F)   62        49      2005


SUNRISE AND SUNSET
JULY 30 2015..........SUNRISE   656 AM CDT   SUNSET   857 PM CDT
JULY 31 2015..........SUNRISE   657 AM CDT   SUNSET   856 PM CDT


-  INDICATES NEGATIVE NUMBERS.
R  INDICATES RECORD WAS SET OR TIED.
MM INDICATES DATA IS MISSING.
T  INDICATES TRACE AMOUNT.




$$
