000
CDUS44 KAMA 282230
CLIDHT


CLIMATE REPORT
NATIONAL WEATHER SERVICE AMARILLO TX
430 PM CST SUN DEC 28 2014


...................................

...THE DALHART CLIMATE SUMMARY FOR DECEMBER 28 2014...
VALID TODAY AS OF 0400 PM LOCAL TIME.

CLIMATE NORMAL PERIOD 1981 TO 2010
CLIMATE RECORD PERIOD 1894 TO 2014


WEATHER ITEM   OBSERVED TIME   RECORD YEAR NORMAL DEPARTURE LAST
                VALUE   (LST)  VALUE       VALUE  FROM      YEAR
                                                  NORMAL
..................................................................
TEMPERATURE (F)
 TODAY
  MAXIMUM         47    332 PM  72    1999  48     -1       52
  MINIMUM         12    652 AM  -4    1966  19     -7       20
  AVERAGE         30                        34     -4       36

PRECIPITATION (IN)
  TODAY            0.00          0.97 1987   0.02  -0.02     0.00
  MONTH TO DATE    0.25                      0.49  -0.24     0.21
  SINCE DEC 1      0.25                      0.49  -0.24     0.21
  SINCE JAN 1     11.60                     17.54  -5.94     7.84

SNOWFALL (IN)
  TODAY            0.0           5.0  1987   0.2   -0.2      0.0
  MONTH TO DATE    1.5                       3.9   -2.4      6.5
  SINCE DEC 1      1.5                       3.9   -2.4      6.5
  SINCE JUL 1      3.0                       5.8   -2.8      9.5
  SNOW DEPTH       T

DEGREE DAYS
 HEATING
  TODAY           35                        31      4       29
  MONTH TO DATE  725                       850   -125      894
  SINCE DEC 1    725                       850   -125      894
  SINCE JUL 1   1578                      1845   -267     1840

 COOLING
  TODAY            0                         0      0        0
  MONTH TO DATE    0                         0      0        0
  SINCE DEC 1      0                         0      0        0
  SINCE JAN 1   1411                      1138    273     1576
..................................................................


WIND (MPH)
  RESULTANT WIND SPEED   6   RESULTANT WIND DIRECTION  SW (220)
  HIGHEST WIND SPEED    15   HIGHEST WIND DIRECTION     S (180)
  HIGHEST GUST SPEED    18   HIGHEST GUST DIRECTION     S (180)
  AVERAGE WIND SPEED     6.9


SKY COVER
  AVERAGE SKY COVER 0.0


WEATHER CONDITIONS
 THE FOLLOWING WEATHER WAS RECORDED TODAY.
  NO SIGNIFICANT WEATHER WAS OBSERVED.


RELATIVE HUMIDITY (PERCENT)
 HIGHEST    88           100 AM
 LOWEST     33           400 PM
 AVERAGE    61

..........................................................


THE DALHART CLIMATE NORMALS FOR TOMORROW
                         NORMAL    RECORD    YEAR
 MAXIMUM TEMPERATURE (F)   48        73      1951
 MINIMUM TEMPERATURE (F)   19        -5      1983


SUNRISE AND SUNSET
DECEMBER 28 2014......SUNRISE   800 AM CST   SUNSET   544 PM CST
DECEMBER 29 2014......SUNRISE   800 AM CST   SUNSET   545 PM CST


-  INDICATES NEGATIVE NUMBERS.
R  INDICATES RECORD WAS SET OR TIED.
MM INDICATES DATA IS MISSING.
T  INDICATES TRACE AMOUNT.




$$
