000
CDUS44 KAMA 230703
CLIDHT


CLIMATE REPORT
NATIONAL WEATHER SERVICE AMARILLO TX
201 AM CDT THU OCT 23 2014


...................................

...THE DALHART CLIMATE SUMMARY FOR OCTOBER 22 2014...

CLIMATE NORMAL PERIOD 1981 TO 2010
CLIMATE RECORD PERIOD 1894 TO 2014


WEATHER ITEM   OBSERVED TIME   RECORD YEAR NORMAL DEPARTURE LAST
                VALUE   (LST)  VALUE       VALUE  FROM      YEAR
                                                  NORMAL
..................................................................
TEMPERATURE (F)
 YESTERDAY
  MAXIMUM         78    336 PM  86    1988  69      9       75
  MINIMUM         56   1257 AM  24    1949  38     18       32
  AVERAGE         67                        54     13       54

PRECIPITATION (IN)
  YESTERDAY        0.00          0.86 2002   0.06  -0.06     0.00
  MONTH TO DATE    1.01                      1.07  -0.06      T
  SINCE SEP 1      2.56                      2.72  -0.16     1.64
  SINCE JAN 1     11.20                     16.07  -4.87     6.66

SNOWFALL (IN)
  YESTERDAY        0.0           T    2009   0.0    0.0      0.0
                                      1951
  MONTH TO DATE    0.0                       0.3   -0.3       T
  SINCE SEP 1      0.0                       0.3   -0.3       T
  SINCE JUL 1      0.0                       0.3   -0.3       T
  SNOW DEPTH       0

DEGREE DAYS
 HEATING
  YESTERDAY        0                        11    -11       11
  MONTH TO DATE  108                       179    -71      193
  SINCE SEP 1    129                       239   -110      207
  SINCE JUL 1    129                       242   -113      207

 COOLING
  YESTERDAY        2                         0      2        0
  MONTH TO DATE   13                         8      5       13
  SINCE SEP 1    190                       140     50      223
  SINCE JAN 1   1405                      1136    269     1576
..................................................................


WIND (MPH)
  RESULTANT WIND SPEED  10   RESULTANT WIND DIRECTION   S (190)
  HIGHEST WIND SPEED    22   HIGHEST WIND DIRECTION     S (200)
  HIGHEST GUST SPEED    26   HIGHEST GUST DIRECTION    SW (210)
  AVERAGE WIND SPEED    10.9


SKY COVER
  AVERAGE SKY COVER 0.3


WEATHER CONDITIONS
 THE FOLLOWING WEATHER WAS RECORDED YESTERDAY.
  FOG
  HAZE


RELATIVE HUMIDITY (PERCENT)
 HIGHEST    93           100 AM
 LOWEST     40           300 PM
 AVERAGE    67

..........................................................


THE DALHART CLIMATE NORMALS FOR TODAY
                         NORMAL    RECORD    YEAR
 MAXIMUM TEMPERATURE (F)   69        90      2012
 MINIMUM TEMPERATURE (F)   38        26      2006


SUNRISE AND SUNSET
OCTOBER 23 2014.......SUNRISE   804 AM CDT   SUNSET   704 PM CDT
OCTOBER 24 2014.......SUNRISE   805 AM CDT   SUNSET   703 PM CDT


-  INDICATES NEGATIVE NUMBERS.
R  INDICATES RECORD WAS SET OR TIED.
MM INDICATES DATA IS MISSING.
T  INDICATES TRACE AMOUNT.




$$
