000
CDUS43 KBIS 290731
CLIDIK


CLIMATE REPORT
NATIONAL WEATHER SERVICE BISMARCK ND
230 AM CDT SAT APR 29 2017


...................................

...THE DICKINSON ND CLIMATE SUMMARY FOR APRIL 28 2017...

CLIMATE NORMAL PERIOD 1981 TO 2010
CLIMATE RECORD PERIOD 1893 TO 2017


WEATHER ITEM   OBSERVED TIME   RECORD YEAR NORMAL DEPARTURE LAST
                VALUE   (LST)  VALUE       VALUE  FROM      YEAR
                                                  NORMAL
..................................................................
TEMPERATURE (F)
 YESTERDAY
  MAXIMUM         54    401 PM  91    2001  61     -7       51
  MINIMUM         23    352 AM  13    1958  34    -11       33
  AVERAGE         39                        47     -8       42

PRECIPITATION (IN)
  YESTERDAY        0.00          1.37 1935   0.07  -0.07     0.00
  MONTH TO DATE    0.50                      1.33  -0.83     2.38
  SINCE MAR 1      0.84                      2.02  -1.18     2.63
  SINCE JAN 1      1.12                      2.65  -1.53     3.05

DEGREE DAYS
 HEATING
  YESTERDAY       26                        18      8       23
  MONTH TO DATE  662                       646     16      636
  SINCE MAR 1   1675                      1732    -57     1507
  SINCE JUL 1   7805                      8026   -221     6916

 COOLING
  YESTERDAY        0                         0      0        0
  MONTH TO DATE    0                         0      0        0
  SINCE MAR 1      0                         0      0        0
  SINCE JAN 1      0                         0      0        0
..................................................................


WIND (MPH)
  HIGHEST WIND SPEED    15   HIGHEST WIND DIRECTION     E (110)
  HIGHEST GUST SPEED    20   HIGHEST GUST DIRECTION     E (110)
  AVERAGE WIND SPEED     6.8


SKY COVER
  POSSIBLE SUNSHINE  MM
  AVERAGE SKY COVER 0.0


WEATHER CONDITIONS
 THE FOLLOWING WEATHER WAS RECORDED YESTERDAY.
  NO SIGNIFICANT WEATHER WAS OBSERVED.


RELATIVE HUMIDITY (PERCENT)
 HIGHEST    81           500 AM
 LOWEST     22           300 PM
 AVERAGE    52

..........................................................


THE DICKINSON ND CLIMATE NORMALS FOR TODAY
                         NORMAL    RECORD    YEAR
 MAXIMUM TEMPERATURE (F)   61        89      1949
 MINIMUM TEMPERATURE (F)   34        13      1907


SUNRISE AND SUNSET
APRIL 29 2017.........SUNRISE   539 AM MDT   SUNSET   759 PM MDT
APRIL 30 2017.........SUNRISE   537 AM MDT   SUNSET   800 PM MDT


-  INDICATES NEGATIVE NUMBERS.
R  INDICATES RECORD WAS SET OR TIED.
MM INDICATES DATA IS MISSING.
T  INDICATES TRACE AMOUNT.




$$
