000
CDUS43 KBIS 260725
CLIDIK


CLIMATE REPORT
NATIONAL WEATHER SERVICE BISMARCK ND
224 AM CDT SUN OCT 26 2014


...................................

...THE DICKINSON ND CLIMATE SUMMARY FOR OCTOBER 25 2014...

CLIMATE NORMAL PERIOD 1981 TO 2010
CLIMATE RECORD PERIOD 1903 TO 2014


WEATHER ITEM   OBSERVED TIME   RECORD YEAR NORMAL DEPARTURE LAST
                VALUE   (LST)  VALUE       VALUE  FROM      YEAR
                                                  NORMAL
..................................................................
TEMPERATURE (F)
 YESTERDAY
  MAXIMUM         65    225 PM  80    1948  52     13       62
  MINIMUM         33    557 AM  -1    1919  28      5       32
  AVERAGE         49                        40      9       47

PRECIPITATION (IN)
  YESTERDAY        0.00          0.25 1954   0.04  -0.04     0.00
  MONTH TO DATE    0.35                      1.05  -0.70     4.31
  SINCE SEP 1      1.71                      2.52  -0.81     7.63
  SINCE JAN 1     21.48                     14.81   6.67    22.64

DEGREE DAYS
 HEATING
  YESTERDAY       16                        25     -9       18
  MONTH TO DATE  389                       496   -107      526
  SINCE SEP 1    651                       764   -113      654
  SINCE JUL 1    752                       850    -98      694

 COOLING
  YESTERDAY        0                         0      0        0
  MONTH TO DATE    0                         0      0        0
  SINCE SEP 1     24                        32     -8       74
  SINCE JAN 1    256                       418   -162      386
..................................................................


WIND (MPH)
  HIGHEST WIND SPEED    23   HIGHEST WIND DIRECTION    SE (150)
  HIGHEST GUST SPEED    31   HIGHEST GUST DIRECTION    SE (150)
  AVERAGE WIND SPEED    11.2


SKY COVER
  POSSIBLE SUNSHINE  MM
  AVERAGE SKY COVER 0.2


WEATHER CONDITIONS
 THE FOLLOWING WEATHER WAS RECORDED YESTERDAY.
  NO SIGNIFICANT WEATHER WAS OBSERVED.


RELATIVE HUMIDITY (PERCENT)
 HIGHEST    75           600 AM
 LOWEST     26           100 PM
 AVERAGE    51

..........................................................


THE DICKINSON ND CLIMATE NORMALS FOR TODAY
                         NORMAL    RECORD    YEAR
 MAXIMUM TEMPERATURE (F)   52        76      1983
 MINIMUM TEMPERATURE (F)   28       -11      1919


SUNRISE AND SUNSET
OCTOBER 26 2014.......SUNRISE   725 AM MDT   SUNSET   545 PM MDT
OCTOBER 27 2014.......SUNRISE   726 AM MDT   SUNSET   543 PM MDT


-  INDICATES NEGATIVE NUMBERS.
R  INDICATES RECORD WAS SET OR TIED.
MM INDICATES DATA IS MISSING.
T  INDICATES TRACE AMOUNT.




$$
