000
CDUS43 KBIS 240758
CLIDIK


CLIMATE REPORT
NATIONAL WEATHER SERVICE BISMARCK ND
256 AM CDT SUN MAY 24 2015


...................................

...THE DICKINSON ND CLIMATE SUMMARY FOR MAY 23 2015...

CLIMATE NORMAL PERIOD 1981 TO 2010
CLIMATE RECORD PERIOD 1893 TO 2015


WEATHER ITEM   OBSERVED TIME   RECORD YEAR NORMAL DEPARTURE LAST
                VALUE   (LST)  VALUE       VALUE  FROM      YEAR
                                                  NORMAL
..................................................................
TEMPERATURE (F)
 YESTERDAY
  MAXIMUM         63   1116 AM  93    1928  68     -5       86
  MINIMUM         38    347 AM  25    1917  43     -5       50
  AVERAGE         51                        55     -4       68

PRECIPITATION (IN)
  YESTERDAY        T             1.49 1965   0.07  -0.07     0.00
  MONTH TO DATE    1.53                      1.65  -0.12     1.21
  SINCE MAR 1      3.03                      3.81  -0.78     2.90
  SINCE JAN 1      3.30                      4.44  -1.14     3.07

DEGREE DAYS
 HEATING
  YESTERDAY       14                        10      4        0
  MONTH TO DATE  364                       308     56      381
  SINCE MAR 1   1831                      2076   -245     2352
  SINCE JUL 1   7946                      8370   -424     8994

 COOLING
  YESTERDAY        0                         0      0        3
  MONTH TO DATE    0                         0      0        3
  SINCE MAR 1      0                         1     -1        3
  SINCE JAN 1      0                         1     -1        3
..................................................................


WIND (MPH)
  HIGHEST WIND SPEED    21   HIGHEST WIND DIRECTION    SE (130)
  HIGHEST GUST SPEED    26   HIGHEST GUST DIRECTION    SE (120)
  AVERAGE WIND SPEED     9.6


SKY COVER
  POSSIBLE SUNSHINE  MM
  AVERAGE SKY COVER 0.4


WEATHER CONDITIONS
 THE FOLLOWING WEATHER WAS RECORDED YESTERDAY.
  LIGHT RAIN


RELATIVE HUMIDITY (PERCENT)
 HIGHEST    92           500 AM
 LOWEST     55          1000 AM
 AVERAGE    74

..........................................................


THE DICKINSON ND CLIMATE NORMALS FOR TODAY
                         NORMAL    RECORD    YEAR
 MAXIMUM TEMPERATURE (F)   68        92      1985
 MINIMUM TEMPERATURE (F)   43        23      1924


SUNRISE AND SUNSET
MAY 24 2015...........SUNRISE   507 AM MDT   SUNSET   830 PM MDT
MAY 25 2015...........SUNRISE   506 AM MDT   SUNSET   831 PM MDT


-  INDICATES NEGATIVE NUMBERS.
R  INDICATES RECORD WAS SET OR TIED.
MM INDICATES DATA IS MISSING.
T  INDICATES TRACE AMOUNT.




$$
