000
CDUS43 KBIS 070738
CLIDIK


CLIMATE REPORT
NATIONAL WEATHER SERVICE BISMARCK ND
136 AM CST SUN FEB 7 2016


...................................

...THE DICKINSON ND CLIMATE SUMMARY FOR FEBRUARY 6 2016...

CLIMATE NORMAL PERIOD 1981 TO 2010
CLIMATE RECORD PERIOD 1893 TO 2016


WEATHER ITEM   OBSERVED TIME   RECORD YEAR NORMAL DEPARTURE LAST
                VALUE   (LST)  VALUE       VALUE  FROM      YEAR
                                                  NORMAL
..................................................................
TEMPERATURE (F)
 YESTERDAY
  MAXIMUM         53    153 PM  63    1963  29     24       47
  MINIMUM         31    214 AM -43    1914   8     23       29
  AVERAGE         42                        18     24       38

PRECIPITATION (IN)
  YESTERDAY        0.00          0.32 1895   0.01  -0.01     0.00
  MONTH TO DATE    T                         0.05  -0.05     0.02
  SINCE DEC 1      0.42                      0.59  -0.17     0.21
  SINCE JAN 1      0.16                      0.35  -0.19     0.14

DEGREE DAYS
 HEATING
  YESTERDAY       23                        46    -23       27
  MONTH TO DATE  232                       281    -49      312
  SINCE DEC 1   2954                      3251   -297     2891
  SINCE JUL 1   4628                      5328   -700     5097

 COOLING
  YESTERDAY        0                         0      0        0
  MONTH TO DATE    0                         0      0        0
  SINCE DEC 1      0                         0      0        0
  SINCE JAN 1      0                         0      0        0
..................................................................


WIND (MPH)
  HIGHEST WIND SPEED    44   HIGHEST WIND DIRECTION     W (290)
  HIGHEST GUST SPEED    56   HIGHEST GUST DIRECTION     W (290)
  AVERAGE WIND SPEED    22.4


SKY COVER
  POSSIBLE SUNSHINE  MM
  AVERAGE SKY COVER 0.3


WEATHER CONDITIONS
 THE FOLLOWING WEATHER WAS RECORDED YESTERDAY.
  NO SIGNIFICANT WEATHER WAS OBSERVED.


RELATIVE HUMIDITY (PERCENT)
 HIGHEST    69          1200 AM
 LOWEST     28           200 PM
 AVERAGE    49

..........................................................


THE DICKINSON ND CLIMATE NORMALS FOR TODAY
                         NORMAL    RECORD    YEAR
 MAXIMUM TEMPERATURE (F)   29        59      1963
 MINIMUM TEMPERATURE (F)    8       -37      1933


SUNRISE AND SUNSET
FEBRUARY  7 2016......SUNRISE   708 AM MST   SUNSET   503 PM MST
FEBRUARY  8 2016......SUNRISE   707 AM MST   SUNSET   505 PM MST


-  INDICATES NEGATIVE NUMBERS.
R  INDICATES RECORD WAS SET OR TIED.
MM INDICATES DATA IS MISSING.
T  INDICATES TRACE AMOUNT.




$$
