000
CDUS43 KBIS 040724
CLIDIK


CLIMATE REPORT
NATIONAL WEATHER SERVICE BISMARCK ND
223 AM CDT TUE AUG 4 2015


...................................

...THE DICKINSON ND CLIMATE SUMMARY FOR AUGUST 3 2015...

CLIMATE NORMAL PERIOD 1981 TO 2010
CLIMATE RECORD PERIOD 1893 TO 2015


WEATHER ITEM   OBSERVED TIME   RECORD YEAR NORMAL DEPARTURE LAST
                VALUE   (LST)  VALUE       VALUE  FROM      YEAR
                                                  NORMAL
..................................................................
TEMPERATURE (F)
 YESTERDAY
  MAXIMUM         83    407 PM 104    1934  86     -3       76
  MINIMUM         47    456 AM  38    1974  56     -9       58
  AVERAGE         65                        71     -6       67

PRECIPITATION (IN)
  YESTERDAY        0.00          0.97 1906   0.05  -0.05     0.42
  MONTH TO DATE    0.00                      0.16  -0.16     0.42
  SINCE JUN 1      5.30                      5.80  -0.50     5.36
  SINCE JAN 1      8.73                     10.91  -2.18    13.40

DEGREE DAYS
 HEATING
  YESTERDAY        0                         1     -1        0
  MONTH TO DATE    0                         3     -3        0
  SINCE JUN 1     82                       174    -92      214
  SINCE JUL 1     14                        37    -23       49

 COOLING
  YESTERDAY        0                         6     -6        2
  MONTH TO DATE    9                        18     -9       13
  SINCE JUN 1    239                       237      2      120
  SINCE JAN 1    239                       247     -8      150
..................................................................


WIND (MPH)
  HIGHEST WIND SPEED    12   HIGHEST WIND DIRECTION    NE (50)
  HIGHEST GUST SPEED    15   HIGHEST GUST DIRECTION    NE (50)
  AVERAGE WIND SPEED     5.2


SKY COVER
  POSSIBLE SUNSHINE  MM
  AVERAGE SKY COVER 0.0


WEATHER CONDITIONS
 THE FOLLOWING WEATHER WAS RECORDED YESTERDAY.
  NO SIGNIFICANT WEATHER WAS OBSERVED.


RELATIVE HUMIDITY (PERCENT)
 HIGHEST    93           500 AM
 LOWEST     31           300 PM
 AVERAGE    62

..........................................................


THE DICKINSON ND CLIMATE NORMALS FOR TODAY
                         NORMAL    RECORD    YEAR
 MAXIMUM TEMPERATURE (F)   86       101      1893
 MINIMUM TEMPERATURE (F)   56        41      2009
                                             1974


SUNRISE AND SUNSET
AUGUST  4 2015........SUNRISE   535 AM MDT   SUNSET   819 PM MDT
AUGUST  5 2015........SUNRISE   536 AM MDT   SUNSET   818 PM MDT


-  INDICATES NEGATIVE NUMBERS.
R  INDICATES RECORD WAS SET OR TIED.
MM INDICATES DATA IS MISSING.
T  INDICATES TRACE AMOUNT.




$$
