000
CDUS43 KBIS 300727
CLIDIK


CLIMATE REPORT
NATIONAL WEATHER SERVICE BISMARCK ND
227 AM CDT WED JUL 30 2014


...................................

...THE DICKINSON ND CLIMATE SUMMARY FOR JULY 29 2014...

CLIMATE NORMAL PERIOD 1981 TO 2010
CLIMATE RECORD PERIOD 1903 TO 2014


WEATHER ITEM   OBSERVED TIME   RECORD YEAR NORMAL DEPARTURE LAST
                VALUE   (LST)  VALUE       VALUE  FROM      YEAR
                                                  NORMAL
..................................................................
TEMPERATURE (F)
 YESTERDAY
  MAXIMUM         85    240 PM 103    1999  86     -1       78
  MINIMUM         51    506 AM  42    1971  56     -5       52
  AVERAGE         68                        71     -3       65

PRECIPITATION (IN)
  YESTERDAY        0.00          0.98 1961   0.06  -0.06     0.00
  MONTH TO DATE    1.11                      2.32  -1.21     1.93
  SINCE JUN 1      4.94                      5.52  -0.58     4.25
  SINCE JAN 1     12.98                     10.63   2.35    13.18

DEGREE DAYS
 HEATING
  YESTERDAY        0                         1     -1        0
  MONTH TO DATE   49                        35     14       29
  SINCE JUN 1    214                       172     42      153
  SINCE JUL 1     49                        35     14       29

 COOLING
  YESTERDAY        3                         6     -3        0
  MONTH TO DATE   86                       150    -64      107
  SINCE JUN 1     98                       204   -106      133
  SINCE JAN 1    128                       214    -86      142
..................................................................


WIND (MPH)
  HIGHEST WIND SPEED    17   HIGHEST WIND DIRECTION     E (70)
  HIGHEST GUST SPEED    21   HIGHEST GUST DIRECTION    NE (60)
  AVERAGE WIND SPEED     6.5


SKY COVER
  POSSIBLE SUNSHINE  MM
  AVERAGE SKY COVER 0.2


WEATHER CONDITIONS
 THE FOLLOWING WEATHER WAS RECORDED YESTERDAY.
  NO SIGNIFICANT WEATHER WAS OBSERVED.


RELATIVE HUMIDITY (PERCENT)
 HIGHEST    93          1100 PM
 LOWEST     31           400 PM
 AVERAGE    62

..........................................................


THE DICKINSON ND CLIMATE NORMALS FOR TODAY
                         NORMAL    RECORD    YEAR
 MAXIMUM TEMPERATURE (F)   86       103      2006
 MINIMUM TEMPERATURE (F)   56        41      1925


SUNRISE AND SUNSET
JULY 30 2014..........SUNRISE   529 AM MDT   SUNSET   826 PM MDT
JULY 31 2014..........SUNRISE   530 AM MDT   SUNSET   824 PM MDT


-  INDICATES NEGATIVE NUMBERS.
R  INDICATES RECORD WAS SET OR TIED.
MM INDICATES DATA IS MISSING.
T  INDICATES TRACE AMOUNT.




$$
