000
CDUS43 KBIS 050924
CLIDIK


CLIMATE REPORT
NATIONAL WEATHER SERVICE BISMARCK ND
423 AM CDT SUN JUL 5 2015


...................................

...THE DICKINSON ND CLIMATE SUMMARY FOR JULY 4 2015...

CLIMATE NORMAL PERIOD 1981 TO 2010
CLIMATE RECORD PERIOD 1893 TO 2015


WEATHER ITEM   OBSERVED TIME   RECORD YEAR NORMAL DEPARTURE LAST
                VALUE   (LST)  VALUE       VALUE  FROM      YEAR
                                                  NORMAL
..................................................................
TEMPERATURE (F)
 YESTERDAY
  MAXIMUM         90    140 PM 102    1989  81      9       89
  MINIMUM         62   1159 PM  37    1972  53      9       56
  AVERAGE         76                        67      9       73

PRECIPITATION (IN)
  YESTERDAY        T             1.19 1995   0.09  -0.09     0.00
  MONTH TO DATE    0.02                      0.37  -0.35     0.02
  SINCE JUN 1      2.95                      3.57  -0.62     3.85
  SINCE JAN 1      6.38                      8.68  -2.30    11.89

DEGREE DAYS
 HEATING
  YESTERDAY        0                         2     -2        0
  MONTH TO DATE    0                         8     -8       15
  SINCE JUN 1     68                       145    -77      180
  SINCE JUL 1      0                         8     -8       15

 COOLING
  YESTERDAY       11                         4      7        8
  MONTH TO DATE   24                        16      8        8
  SINCE JUN 1     82                        70     12       20
  SINCE JAN 1     82                        80      2       50
..................................................................


WIND (MPH)
  HIGHEST WIND SPEED    21   HIGHEST WIND DIRECTION    SW (240)
  HIGHEST GUST SPEED    30   HIGHEST GUST DIRECTION    NW (300)
  AVERAGE WIND SPEED     8.4


SKY COVER
  POSSIBLE SUNSHINE  MM
  AVERAGE SKY COVER 0.0


WEATHER CONDITIONS
 THE FOLLOWING WEATHER WAS RECORDED YESTERDAY.
  LIGHT RAIN
  FOG
  HAZE


RELATIVE HUMIDITY (PERCENT)
 HIGHEST    93           200 AM
 LOWEST     46          1200 PM
 AVERAGE    70

..........................................................


THE DICKINSON ND CLIMATE NORMALS FOR TODAY
                         NORMAL    RECORD    YEAR
 MAXIMUM TEMPERATURE (F)   82       109      1936
 MINIMUM TEMPERATURE (F)   54        39      1929
                                             1915


SUNRISE AND SUNSET
JULY  5 2015..........SUNRISE   503 AM MDT   SUNSET   848 PM MDT
JULY  6 2015..........SUNRISE   504 AM MDT   SUNSET   847 PM MDT


-  INDICATES NEGATIVE NUMBERS.
R  INDICATES RECORD WAS SET OR TIED.
MM INDICATES DATA IS MISSING.
T  INDICATES TRACE AMOUNT.




$$
