000
CDUS43 KBIS 230020
CLIDIK


CLIMATE REPORT
NATIONAL WEATHER SERVICE BISMARCK ND
620 PM CST SAT NOV 22 2014


...................................

...THE DICKINSON ND CLIMATE SUMMARY FOR NOVEMBER 22 2014...
VALID TODAY AS OF 0600 PM LOCAL TIME.

CLIMATE NORMAL PERIOD 1981 TO 2010
CLIMATE RECORD PERIOD 1903 TO 2014


WEATHER ITEM   OBSERVED TIME   RECORD YEAR NORMAL DEPARTURE LAST
                VALUE   (LST)  VALUE       VALUE  FROM      YEAR
                                                  NORMAL
..................................................................
TEMPERATURE (F)
 TODAY
  MAXIMUM         44    324 PM  64    1904  36      8       20
  MINIMUM         29    436 AM -14    1929  16     13       -4
  AVERAGE         37                        26     11        8

PRECIPITATION (IN)
  TODAY            0.07          0.20 1981   0.02   0.05      T
  MONTH TO DATE    0.27                      0.46  -0.19     0.06
  SINCE SEP 1      2.00                      3.16  -1.16     7.83
  SINCE JAN 1     21.77                     15.45   6.32    22.84

DEGREE DAYS
 HEATING
  TODAY           28                        39    -11       57
  MONTH TO DATE  925                       737    188      750
  SINCE SEP 1   1744                      1662     82     1591
  SINCE JUL 1   1845                      1748     97     1631

 COOLING
  TODAY            0                         0      0        0
  MONTH TO DATE    0                         0      0        0
  SINCE SEP 1     24                        33     -9       74
  SINCE JAN 1    256                       419   -163      386
..................................................................


WIND (MPH)
  RESULTANT WIND SPEED   9   RESULTANT WIND DIRECTION   S (200)
  HIGHEST WIND SPEED    25   HIGHEST WIND DIRECTION     W (260)
  HIGHEST GUST SPEED    29   HIGHEST GUST DIRECTION     W (260)
  AVERAGE WIND SPEED    10.3


SKY COVER
  POSSIBLE SUNSHINE  MM
  AVERAGE SKY COVER 0.5


WEATHER CONDITIONS
 THE FOLLOWING WEATHER WAS RECORDED TODAY.
  RAIN
  LIGHT RAIN
  FOG


RELATIVE HUMIDITY (PERCENT)
 HIGHEST    92           300 PM
 LOWEST     59          1000 AM
 AVERAGE    76

..........................................................


THE DICKINSON ND CLIMATE NORMALS FOR TOMORROW
                         NORMAL    RECORD    YEAR
 MAXIMUM TEMPERATURE (F)   36        63      1984
 MINIMUM TEMPERATURE (F)   15       -15      1996


SUNRISE AND SUNSET
NOVEMBER 22 2014......SUNRISE   704 AM MST   SUNSET   410 PM MST
NOVEMBER 23 2014......SUNRISE   705 AM MST   SUNSET   410 PM MST


-  INDICATES NEGATIVE NUMBERS.
R  INDICATES RECORD WAS SET OR TIED.
MM INDICATES DATA IS MISSING.
T  INDICATES TRACE AMOUNT.




$$
