000
CDUS43 KBIS 250019
CLIDIK


CLIMATE REPORT
NATIONAL WEATHER SERVICE BISMARCK ND
618 PM CST SAT JAN 24 2015


...................................

...THE DICKINSON ND CLIMATE SUMMARY FOR JANUARY 24 2015...
VALID TODAY AS OF 0600 PM LOCAL TIME.

CLIMATE NORMAL PERIOD 1981 TO 2010
CLIMATE RECORD PERIOD 1903 TO 2015


WEATHER ITEM   OBSERVED TIME   RECORD YEAR NORMAL DEPARTURE LAST
                VALUE   (LST)  VALUE       VALUE  FROM      YEAR
                                                  NORMAL
..................................................................
TEMPERATURE (F)
 TODAY
  MAXIMUM         47   1146 AM  58    2005  27     20       43
                                      1968
  MINIMUM         34   1226 AM -34    1935   7     27       31
  AVERAGE         41                        17     24       37

PRECIPITATION (IN)
  TODAY            0.05          0.29 1970   0.01   0.04      T
  MONTH TO DATE    0.11                      0.24  -0.13     0.02
  SINCE DEC 1      0.18                      0.48  -0.30     0.38
  SINCE JAN 1      0.11                      0.24  -0.13     0.02

DEGREE DAYS
 HEATING
  TODAY           24                        48    -24       28
  MONTH TO DATE 1122                      1173    -51     1116
  SINCE DEC 1   2366                      2633   -267     2827
  SINCE JUL 1   4572                      4710   -138     4771

 COOLING
  TODAY            0                         0      0        0
  MONTH TO DATE    0                         0      0        0
  SINCE DEC 1      0                         0      0        0
  SINCE JAN 1      0                         0      0        0
..................................................................


WIND (MPH)
  RESULTANT WIND SPEED  19   RESULTANT WIND DIRECTION   W (280)
  HIGHEST WIND SPEED    36   HIGHEST WIND DIRECTION    NW (300)
  HIGHEST GUST SPEED    45   HIGHEST GUST DIRECTION     W (290)
  AVERAGE WIND SPEED    20.4


SKY COVER
  POSSIBLE SUNSHINE  MM
  AVERAGE SKY COVER 0.6


WEATHER CONDITIONS
 THE FOLLOWING WEATHER WAS RECORDED TODAY.
  LIGHT RAIN
  FOG


RELATIVE HUMIDITY (PERCENT)
 HIGHEST    85           700 AM
 LOWEST     65          1100 AM
 AVERAGE    75

..........................................................


THE DICKINSON ND CLIMATE NORMALS FOR TOMORROW
                         NORMAL    RECORD    YEAR
 MAXIMUM TEMPERATURE (F)   27        59      2007
 MINIMUM TEMPERATURE (F)    7       -39      1929


SUNRISE AND SUNSET
JANUARY 24 2015.......SUNRISE   725 AM MST   SUNSET   442 PM MST
JANUARY 25 2015.......SUNRISE   724 AM MST   SUNSET   444 PM MST


-  INDICATES NEGATIVE NUMBERS.
R  INDICATES RECORD WAS SET OR TIED.
MM INDICATES DATA IS MISSING.
T  INDICATES TRACE AMOUNT.




$$
