000
CDUS43 KBIS 300017
CLIDIK


CLIMATE REPORT
NATIONAL WEATHER SERVICE BISMARCK ND
717 PM CDT FRI AUG 29 2014


...................................

...THE DICKINSON ND CLIMATE SUMMARY FOR AUGUST 29 2014...
VALID TODAY AS OF 0700 PM LOCAL TIME.

CLIMATE NORMAL PERIOD 1981 TO 2010
CLIMATE RECORD PERIOD 1903 TO 2014


WEATHER ITEM   OBSERVED TIME   RECORD YEAR NORMAL DEPARTURE LAST
                VALUE   (LST)  VALUE       VALUE  FROM      YEAR
                                                  NORMAL
..................................................................
TEMPERATURE (F)
 TODAY
  MAXIMUM         71    151 PM 105    2012  80     -9       89
  MINIMUM         57    211 AM  32    1946  50      7       61
  AVERAGE         64                        65     -1       75

PRECIPITATION (IN)
  TODAY            0.02          1.19 1964   0.05  -0.03      T
  MONTH TO DATE    6.29                      1.44   4.85     1.67
  SINCE JUN 1     11.23                      7.08   4.15     6.08
  SINCE JAN 1     19.27                     12.19   7.08    15.01

DEGREE DAYS
 HEATING
  TODAY            1                         3     -2        0
  MONTH TO DATE   46                        45      1        8
  SINCE JUN 1    260                       216     44      164
  SINCE JUL 1     95                        79     16       40

 COOLING
  TODAY            0                         3     -3       10
  MONTH TO DATE   95                       147    -52      153
  SINCE JUN 1    202                       366   -164      287
  SINCE JAN 1    232                       376   -144      296
..................................................................


WIND (MPH)
  RESULTANT WIND SPEED  10   RESULTANT WIND DIRECTION  NW (330)
  HIGHEST WIND SPEED    20   HIGHEST WIND DIRECTION    NW (300)
  HIGHEST GUST SPEED    27   HIGHEST GUST DIRECTION    NW (310)
  AVERAGE WIND SPEED    12.2


SKY COVER
  POSSIBLE SUNSHINE  MM
  AVERAGE SKY COVER 0.6


WEATHER CONDITIONS
 THE FOLLOWING WEATHER WAS RECORDED TODAY.
  NO SIGNIFICANT WEATHER WAS OBSERVED.


RELATIVE HUMIDITY (PERCENT)
 HIGHEST    86           200 AM
 LOWEST     57           400 PM
 AVERAGE    72

..........................................................


THE DICKINSON ND CLIMATE NORMALS FOR TOMORROW
                         NORMAL    RECORD    YEAR
 MAXIMUM TEMPERATURE (F)   79       101      2008
 MINIMUM TEMPERATURE (F)   50        30      1935


SUNRISE AND SUNSET
AUGUST 29 2014........SUNRISE   607 AM MDT   SUNSET   736 PM MDT
AUGUST 30 2014........SUNRISE   608 AM MDT   SUNSET   734 PM MDT


-  INDICATES NEGATIVE NUMBERS.
R  INDICATES RECORD WAS SET OR TIED.
MM INDICATES DATA IS MISSING.
T  INDICATES TRACE AMOUNT.




$$
