000
CDUS43 KBIS 280907
CLIDIK


CLIMATE REPORT
NATIONAL WEATHER SERVICE BISMARCK ND
307 AM CST SUN DEC 28 2014


...................................

...THE DICKINSON ND CLIMATE SUMMARY FOR DECEMBER 27 2014...

CLIMATE NORMAL PERIOD 1981 TO 2010
CLIMATE RECORD PERIOD 1903 TO 2014


WEATHER ITEM   OBSERVED TIME   RECORD YEAR NORMAL DEPARTURE LAST
                VALUE   (LST)  VALUE       VALUE  FROM      YEAR
                                                  NORMAL
..................................................................
TEMPERATURE (F)
 YESTERDAY
  MAXIMUM         28   1256 PM  53    1980  26      2       40
  MINIMUM         12    630 AM -32    1904   6      6       34
  AVERAGE         20                        16      4       37

PRECIPITATION (IN)
  YESTERDAY        0.00          0.40 1971   0.01  -0.01     0.00
  MONTH TO DATE    0.07                      0.20  -0.13     0.30
  SINCE DEC 1      0.07                      0.20  -0.13     0.30
  SINCE JAN 1     21.86                     15.73   6.13    23.14

DEGREE DAYS
 HEATING
  YESTERDAY       45                        49     -4       28
  MONTH TO DATE  999                      1263   -264     1495
  SINCE DEC 1    999                      1263   -264     1495
  SINCE JUL 1   3205                      3340   -135     3439

 COOLING
  YESTERDAY        0                         0      0        0
  MONTH TO DATE    0                         0      0        0
  SINCE DEC 1      0                         0      0        0
  SINCE JAN 1    256                       419   -163      386
..................................................................


WIND (MPH)
  HIGHEST WIND SPEED    23   HIGHEST WIND DIRECTION     W (260)
  HIGHEST GUST SPEED    27   HIGHEST GUST DIRECTION     W (250)
  AVERAGE WIND SPEED    11.5


SKY COVER
  POSSIBLE SUNSHINE  MM
  AVERAGE SKY COVER 0.5


WEATHER CONDITIONS
 THE FOLLOWING WEATHER WAS RECORDED YESTERDAY.
  NO SIGNIFICANT WEATHER WAS OBSERVED.


RELATIVE HUMIDITY (PERCENT)
 HIGHEST    84           200 AM
 LOWEST     63           100 PM
 AVERAGE    74

..........................................................


THE DICKINSON ND CLIMATE NORMALS FOR TODAY
                         NORMAL    RECORD    YEAR
 MAXIMUM TEMPERATURE (F)   26        54      2011
 MINIMUM TEMPERATURE (F)    6       -30      1917


SUNRISE AND SUNSET
DECEMBER 28 2014......SUNRISE   736 AM MST   SUNSET   410 PM MST
DECEMBER 29 2014......SUNRISE   736 AM MST   SUNSET   411 PM MST


-  INDICATES NEGATIVE NUMBERS.
R  INDICATES RECORD WAS SET OR TIED.
MM INDICATES DATA IS MISSING.
T  INDICATES TRACE AMOUNT.




$$
