000
CDUS43 KBIS 220753
CLIDIK


CLIMATE REPORT
NATIONAL WEATHER SERVICE BISMARCK ND
153 AM CST WED NOV 22 2017


...................................

...THE DICKINSON ND CLIMATE SUMMARY FOR NOVEMBER 21 2017...

CLIMATE NORMAL PERIOD 1981 TO 2010
CLIMATE RECORD PERIOD 1893 TO 2017


WEATHER ITEM   OBSERVED TIME   RECORD YEAR NORMAL DEPARTURE LAST
                VALUE   (LST)  VALUE       VALUE  FROM      YEAR
                                                  NORMAL
..................................................................
TEMPERATURE (F)
 YESTERDAY
  MAXIMUM         22   1159 PM  66    2012  37    -15       41
  MINIMUM          3    729 AM -21    1896  16    -13       25
  AVERAGE         13                        27    -14       33

PRECIPITATION (IN)
  YESTERDAY        0.00          0.20 1970   0.01  -0.01     0.00
  MONTH TO DATE    0.08                      0.44  -0.36      T
  SINCE SEP 1      2.97                      3.14  -0.17     4.35
  SINCE JAN 1     10.21                     15.43  -5.22    15.98

DEGREE DAYS
 HEATING
  YESTERDAY       52                        38     14       32
  MONTH TO DATE  818                       698    120      483
  SINCE SEP 1   1692                      1623     69     1307
  SINCE JUL 1   1743                      1709     34     1367

 COOLING
  YESTERDAY        0                         0      0        0
  MONTH TO DATE    0                         0      0        0
  SINCE SEP 1     41                        33      8       21
  SINCE JAN 1    487                       419     68      315
..................................................................


WIND (MPH)
  HIGHEST WIND SPEED    30   HIGHEST WIND DIRECTION    NW (320)
  HIGHEST GUST SPEED    37   HIGHEST GUST DIRECTION    NW (330)
  AVERAGE WIND SPEED    12.6


SKY COVER
  POSSIBLE SUNSHINE  MM
  AVERAGE SKY COVER 0.1


WEATHER CONDITIONS
 THE FOLLOWING WEATHER WAS RECORDED YESTERDAY.
  NO SIGNIFICANT WEATHER WAS OBSERVED.


RELATIVE HUMIDITY (PERCENT)
 HIGHEST    86           500 AM
 LOWEST     43           100 PM
 AVERAGE    65

..........................................................


THE DICKINSON ND CLIMATE NORMALS FOR TODAY
                         NORMAL    RECORD    YEAR
 MAXIMUM TEMPERATURE (F)   36        64      1904
 MINIMUM TEMPERATURE (F)   16       -14      1929


SUNRISE AND SUNSET
NOVEMBER 22 2017......SUNRISE   704 AM MST   SUNSET   410 PM MST
NOVEMBER 23 2017......SUNRISE   706 AM MST   SUNSET   409 PM MST


-  INDICATES NEGATIVE NUMBERS.
R  INDICATES RECORD WAS SET OR TIED.
MM INDICATES DATA IS MISSING.
T  INDICATES TRACE AMOUNT.




$$
