000
CDUS43 KBIS 160743
CLIDIK


CLIMATE REPORT
NATIONAL WEATHER SERVICE BISMARCK ND
241 AM CDT TUE SEP 16 2014


...................................

...THE DICKINSON ND CLIMATE SUMMARY FOR SEPTEMBER 15 2014...

CLIMATE NORMAL PERIOD 1981 TO 2010
CLIMATE RECORD PERIOD 1903 TO 2014


WEATHER ITEM   OBSERVED TIME   RECORD YEAR NORMAL DEPARTURE LAST
                VALUE   (LST)  VALUE       VALUE  FROM      YEAR
                                                  NORMAL
..................................................................
TEMPERATURE (F)
 YESTERDAY
  MAXIMUM         66    348 PM  98    1948  71     -5       66
  MINIMUM         34    303 AM  18    1934  43     -9       46
  AVERAGE         50                        57     -7       56

PRECIPITATION (IN)
  YESTERDAY        0.00          0.51 1991   0.05  -0.05     0.00
  MONTH TO DATE    0.77                      0.74   0.03     2.63
  SINCE SEP 1      0.77                      0.74   0.03     2.63
  SINCE JAN 1     20.54                     13.03   7.51    17.64

DEGREE DAYS
 HEATING
  YESTERDAY       15                         9      6        9
  MONTH TO DATE  182                        92     90       17
  SINCE SEP 1    182                        92     90       17
  SINCE JUL 1    283                       178    105       57

 COOLING
  YESTERDAY        0                         1     -1        0
  MONTH TO DATE    0                        26    -26       67
  SINCE SEP 1      0                        26    -26       67
  SINCE JAN 1    232                       412   -180      379
..................................................................


WIND (MPH)
  HIGHEST WIND SPEED    15   HIGHEST WIND DIRECTION     S (200)
  HIGHEST GUST SPEED    19   HIGHEST GUST DIRECTION     S (200)
  AVERAGE WIND SPEED     8.9


SKY COVER
  POSSIBLE SUNSHINE  MM
  AVERAGE SKY COVER 0.0


WEATHER CONDITIONS
 THE FOLLOWING WEATHER WAS RECORDED YESTERDAY.
  NO SIGNIFICANT WEATHER WAS OBSERVED.


RELATIVE HUMIDITY (PERCENT)
 HIGHEST    89           200 AM
 LOWEST     32           300 PM
 AVERAGE    61

..........................................................


THE DICKINSON ND CLIMATE NORMALS FOR TODAY
                         NORMAL    RECORD    YEAR
 MAXIMUM TEMPERATURE (F)   71       104      1948
 MINIMUM TEMPERATURE (F)   43        22      1934


SUNRISE AND SUNSET
SEPTEMBER 16 2014.....SUNRISE   630 AM MDT   SUNSET   701 PM MDT
SEPTEMBER 17 2014.....SUNRISE   632 AM MDT   SUNSET   659 PM MDT


-  INDICATES NEGATIVE NUMBERS.
R  INDICATES RECORD WAS SET OR TIED.
MM INDICATES DATA IS MISSING.
T  INDICATES TRACE AMOUNT.




$$
