000
CDUS43 KBIS 171122
CLIDIK


CLIMATE REPORT
NATIONAL WEATHER SERVICE BISMARCK ND
621 AM CDT THU APR 17 2014


...................................

...THE DICKINSON ND CLIMATE SUMMARY FOR APRIL 16 2014...

CLIMATE NORMAL PERIOD 1981 TO 2010
CLIMATE RECORD PERIOD 1903 TO 2014


WEATHER ITEM   OBSERVED TIME   RECORD YEAR NORMAL DEPARTURE LAST
                VALUE   (LST)  VALUE       VALUE  FROM      YEAR
                                                  NORMAL
..................................................................
TEMPERATURE (F)
 YESTERDAY
  MAXIMUM         30    248 PM  83    1981  56    -26       29
  MINIMUM         22    559 AM   3    1905  29     -7       18
  AVERAGE         26                        43    -17       24

PRECIPITATION (IN)
  YESTERDAY        0.00          1.75 1967   0.05  -0.05      T
  MONTH TO DATE    0.04                      0.67  -0.63     0.56
  SINCE MAR 1      0.54                      1.36  -0.82     0.91
  SINCE JAN 1      0.71                      1.99  -1.28     0.99

DEGREE DAYS
 HEATING
  YESTERDAY       39                        22     17       41
  MONTH TO DATE  509                       407    102      528
  SINCE MAR 1   1705                      1493    212     1734
  SINCE JUL 1   8347                      7787    560     7712

 COOLING
  YESTERDAY        0                         0      0        0
  MONTH TO DATE    0                         0      0        0
  SINCE MAR 1      0                         0      0        0
  SINCE JAN 1      0                         0      0        0
..................................................................


WIND (MPH)
  HIGHEST WIND SPEED    20   HIGHEST WIND DIRECTION     E (90)
  HIGHEST GUST SPEED    24   HIGHEST GUST DIRECTION     E (80)
  AVERAGE WIND SPEED    10.5


SKY COVER
  POSSIBLE SUNSHINE  MM
  AVERAGE SKY COVER 0.9


WEATHER CONDITIONS
 THE FOLLOWING WEATHER WAS RECORDED YESTERDAY.
  NO SIGNIFICANT WEATHER WAS OBSERVED.


RELATIVE HUMIDITY (PERCENT)
 HIGHEST    84           500 AM
 LOWEST     63          1200 AM
 AVERAGE    74

..........................................................


THE DICKINSON ND CLIMATE NORMALS FOR TODAY
                         NORMAL    RECORD    YEAR
 MAXIMUM TEMPERATURE (F)   56        84      1994
 MINIMUM TEMPERATURE (F)   30         6      1905


SUNRISE AND SUNSET
APRIL 17 2014.........SUNRISE   600 AM MDT   SUNSET   742 PM MDT
APRIL 18 2014.........SUNRISE   558 AM MDT   SUNSET   744 PM MDT


-  INDICATES NEGATIVE NUMBERS.
R  INDICATES RECORD WAS SET OR TIED.
MM INDICATES DATA IS MISSING.
T  INDICATES TRACE AMOUNT.




$$
