136
CDUS43 KDLH 100635
CLIDLH


CLIMATE REPORT
NATIONAL WEATHER SERVICE DULUTH MN
1235 AM CST WED FEB 10 2016


...................................

...THE DULUTH MN CLIMATE SUMMARY FOR FEBRUARY 9 2016...

CLIMATE NORMAL PERIOD 1981 TO 2010
CLIMATE RECORD PERIOD 1870 TO 2016


WEATHER ITEM   OBSERVED TIME   RECORD YEAR NORMAL DEPARTURE LAST
                VALUE   (LST)  VALUE       VALUE  FROM      YEAR
                                                  NORMAL
..................................................................
TEMPERATURE (F)
 YESTERDAY
  MAXIMUM         10    330 PM  46    1877  22    -12       27
  MINIMUM         -3   1159 PM -36    1899   4     -7       14
  AVERAGE          4                        13     -9       21

PRECIPITATION (IN)
  YESTERDAY        0.00          0.77 1965   0.02  -0.02      T
  MONTH TO DATE    0.28                      0.21   0.07     0.02
  SINCE DEC 1      5.03                      2.38   2.65     1.74
  SINCE JAN 1      1.33                      1.17   0.16     0.48

SNOWFALL (IN)
  YESTERDAY        0.0           9.2  1965   0.3   -0.3      0.1
  MONTH TO DATE    5.1                       3.7    1.4      0.8
  SINCE DEC 1     42.7                      40.8    1.9     16.0
  SINCE JUL 1     47.1                      56.9   -9.8     32.5
  SNOW DEPTH      14

DEGREE DAYS
 HEATING
  YESTERDAY       61                        52      9       44
  MONTH TO DATE  443                       476    -33      489
  SINCE DEC 1   3241                      3731   -490     3446
  SINCE JUL 1   4904                      5944  -1040     5661

 COOLING
  YESTERDAY        0                         0      0        0
  MONTH TO DATE    0                         0      0        0
  SINCE DEC 1      0                         0      0        0
  SINCE JAN 1      0                         0      0        0
..................................................................


WIND (MPH)
  HIGHEST WIND SPEED    22   HIGHEST WIND DIRECTION     N (340)
  HIGHEST GUST SPEED    29   HIGHEST GUST DIRECTION     N (340)
  AVERAGE WIND SPEED    14.8


SKY COVER
  AVERAGE SKY COVER 0.4


WEATHER CONDITIONS
 THE FOLLOWING WEATHER WAS RECORDED YESTERDAY.
  NO SIGNIFICANT WEATHER WAS OBSERVED.


RELATIVE HUMIDITY (PERCENT)
 HIGHEST    79           700 AM
 LOWEST     55           200 PM
 AVERAGE    67

..........................................................


THE DULUTH MN CLIMATE NORMALS FOR TODAY
                         NORMAL    RECORD    YEAR
 MAXIMUM TEMPERATURE (F)   23        45      1977
 MINIMUM TEMPERATURE (F)    4       -32      1885


SUNRISE AND SUNSET
FEBRUARY 10 2016......SUNRISE   721 AM CST   SUNSET   525 PM CST
FEBRUARY 11 2016......SUNRISE   720 AM CST   SUNSET   527 PM CST


-  INDICATES NEGATIVE NUMBERS.
R  INDICATES RECORD WAS SET OR TIED.
MM INDICATES DATA IS MISSING.
T  INDICATES TRACE AMOUNT.




$$
