000
CDUS43 KDLH 162227
CLIDLH


CLIMATE REPORT
NATIONAL WEATHER SERVICE DULUTH MN
427 PM CST TUE JAN 16 2018


...................................

...THE DULUTH CLIMATE SUMMARY FOR JANUARY 16 2018...
VALID TODAY AS OF 0400 PM LOCAL TIME.

CLIMATE NORMAL PERIOD 1981 TO 2010
CLIMATE RECORD PERIOD 1870 TO 2018


WEATHER ITEM   OBSERVED TIME   RECORD YEAR NORMAL DEPARTURE LAST
                VALUE   (LST)  VALUE       VALUE  FROM      YEAR
                                                  NORMAL
..................................................................
TEMPERATURE (F)
 TODAY
  MAXIMUM         10    346 PM  42    1942  19     -9       34
  MINIMUM         -5    843 AM -31    1982   1     -6       14
  AVERAGE          3                        10     -7       24

PRECIPITATION (IN)
  TODAY            T             0.86 1915   0.03  -0.03     0.00
  MONTH TO DATE    0.43                      0.55  -0.12     0.60
  SINCE DEC 1      1.26                      1.76  -0.50     2.67
  SINCE JAN 1      0.43                      0.55  -0.12     0.60

SNOWFALL (IN)
  TODAY            T             8.3  1915   0.7   -0.7      0.0
  MONTH TO DATE    6.2                      10.8   -4.6     10.1
  SINCE JUL 1     41.2                      44.6   -3.4     39.5
  SNOW DEPTH       8

DEGREE DAYS
 HEATING
  TODAY           62                        55      7       41
  MONTH TO DATE  986                       877    109      951
  SINCE DEC 1   2669                      2433    236     2463
  SINCE JUL 1   4815                      4646    169     3945

 COOLING
  TODAY            0                         0      0        0
  MONTH TO DATE    0                         0      0        0
  SINCE DEC 1      0                         0      0        0
  SINCE JAN 1      0                         0      0        0
..................................................................


WIND (MPH)
  HIGHEST WIND SPEED    16   HIGHEST WIND DIRECTION     N (350)
  HIGHEST GUST SPEED    21   HIGHEST GUST DIRECTION     N (350)
  AVERAGE WIND SPEED    11.1


SKY COVER
  AVERAGE SKY COVER 0.3


WEATHER CONDITIONS
 THE FOLLOWING WEATHER WAS RECORDED TODAY.
  LIGHT SNOW
  FOG
  BLOWING SNOW


RELATIVE HUMIDITY (PERCENT)
 HIGHEST    91          1200 AM
 LOWEST     66           300 PM
 AVERAGE    79

..........................................................


THE DULUTH CLIMATE NORMALS FOR TOMORROW
                         NORMAL    RECORD    YEAR
 MAXIMUM TEMPERATURE (F)   19        45      1884
                                             1876
 MINIMUM TEMPERATURE (F)    1       -38      1982


SUNRISE AND SUNSET
JANUARY 16 2018.......SUNRISE   749 AM CST   SUNSET   449 PM CST
JANUARY 17 2018.......SUNRISE   748 AM CST   SUNSET   450 PM CST


-  INDICATES NEGATIVE NUMBERS.
R  INDICATES RECORD WAS SET OR TIED.
MM INDICATES DATA IS MISSING.
T  INDICATES TRACE AMOUNT.




$$
