000
CDUS45 KTFX 291111
CLIDLN


CLIMATE REPORT
NATIONAL WEATHER SERVICE GREAT FALLS MT
510 AM MDT SUN MAY 29 2016


...................................

...THE DILLON AIRPORT MT CLIMATE SUMMARY FOR MAY 28 2016...

CLIMATE NORMAL PERIOD 1981 TO 2010
CLIMATE RECORD PERIOD 1929 TO 2016


WEATHER ITEM   OBSERVED TIME   RECORD YEAR NORMAL DEPARTURE LAST
                VALUE   (LST)  VALUE       VALUE  FROM      YEAR
                                                  NORMAL
..................................................................
TEMPERATURE (F)
 YESTERDAY
  MAXIMUM         64    508 PM  89    2003  67     -3       63
  MINIMUM         41    328 AM  25    1947  40      1       47
  AVERAGE         53                        53      0       55

PRECIPITATION (IN)
  YESTERDAY        0.03          0.93 1964   0.08  -0.05     0.06
  MONTH TO DATE    1.68                      1.70  -0.02     2.81
  SINCE OCT 1      5.48                      5.22   0.26     5.50
  SINCE JAN 1      3.40                      3.82  -0.42     4.34

SNOWFALL (IN)
  YESTERDAY       MM
  SNOW DEPTH       0

DEGREE DAYS
 HEATING
  YESTERDAY       12                                0       10
  MONTH TO DATE  431                                9      395
  SINCE MAR 1   1836                             -238     1784
  SINCE JUL 1   7336                             -655     6896

 COOLING
  YESTERDAY        0                                0        0
  MONTH TO DATE    0                                0        0
  SINCE MAR 1      0                                0        0
  SINCE JAN 1      0                                0        0
..................................................................


WIND (MPH)
  HIGHEST WIND SPEED    20   HIGHEST WIND DIRECTION    NW (300)
  HIGHEST GUST SPEED    26   HIGHEST GUST DIRECTION     W (260)
  AVERAGE WIND SPEED     4.3


SKY COVER
  AVERAGE SKY COVER 0.6


WEATHER CONDITIONS
 THE FOLLOWING WEATHER WAS RECORDED YESTERDAY.
  LIGHT RAIN


RELATIVE HUMIDITY (PERCENT)
 HIGHEST    89
 LOWEST     27
 AVERAGE    58

..........................................................


THE DILLON AIRPORT MT CLIMATE NORMALS FOR TODAY
                         NORMAL    RECORD    YEAR
 MAXIMUM TEMPERATURE (F)   67        87      2003
 MINIMUM TEMPERATURE (F)   40        23      1982


SUNRISE AND SUNSET
MAY 29 2016...........SUNRISE   547 AM MDT   SUNSET   909 PM MDT
MAY 30 2016...........SUNRISE   547 AM MDT   SUNSET   909 PM MDT


-  INDICATES NEGATIVE NUMBERS.
R  INDICATES RECORD WAS SET OR TIED.
MM INDICATES DATA IS MISSING.
T  INDICATES TRACE AMOUNT.




$$
