000
CDUS45 KTFX 012223
CLIDLN


CLIMATE REPORT
NATIONAL WEATHER SERVICE GREAT FALLS MT
421 PM MDT FRI AUG 1 2014


...................................

...THE DILLON AIRPORT MT CLIMATE SUMMARY FOR AUGUST 1 2014...
VALID TODAY AS OF 0400 PM LOCAL TIME.

CLIMATE NORMAL PERIOD 1981 TO 2010
CLIMATE RECORD PERIOD 1929 TO 2014


WEATHER ITEM   OBSERVED TIME   RECORD YEAR NORMAL DEPARTURE LAST
                VALUE   (LST)  VALUE       VALUE  FROM      YEAR
                                                  NORMAL
..................................................................
TEMPERATURE (F)
 TODAY
  MAXIMUM         89    218 PM  98    1931  83      6       80
  MINIMUM         48    505 AM  34    1985  50     -2       53
  AVERAGE         69                        66      3       67

PRECIPITATION (IN)
  TODAY            0.00          0.29 1944   0.03  -0.03     0.00
  MONTH TO DATE    0.00                      0.03  -0.03     0.00
  SINCE OCT 1      6.58                      8.68  -2.10     6.44
  SINCE JAN 1      6.09                      7.28  -1.19     5.42

SNOWFALL (IN)
  TODAY           MM
  SNOW DEPTH       0

DEGREE DAYS
 HEATING
  TODAY            0                         1     -1        0
  MONTH TO DATE    0                         1     -1        0
  SINCE JUN 1    266                       279    -13      188
  SINCE JUL 1     16                        56    -40        0

 COOLING
  TODAY            4                         3      1        2
  MONTH TO DATE    4                         3      1        2
  SINCE JUN 1    116                        96     20      155
  SINCE JAN 1    116                        97     19      158
..................................................................


WIND (MPH)
  HIGHEST WIND SPEED    25   HIGHEST WIND DIRECTION    SE (140)
  HIGHEST GUST SPEED    33   HIGHEST GUST DIRECTION    SE (140)
  AVERAGE WIND SPEED     8.6


SKY COVER
  AVERAGE SKY COVER 0.0


WEATHER CONDITIONS
 THE FOLLOWING WEATHER WAS RECORDED TODAY.
  NO SIGNIFICANT WEATHER WAS OBSERVED.


RELATIVE HUMIDITY (PERCENT)
 HIGHEST    74
 LOWEST     16
 AVERAGE    45

..........................................................


THE DILLON AIRPORT MT CLIMATE NORMALS FOR TOMORROW
                         NORMAL    RECORD    YEAR
 MAXIMUM TEMPERATURE (F)   83        98      1954
 MINIMUM TEMPERATURE (F)   50        35      1985


SUNRISE AND SUNSET
AUGUST  1 2014........SUNRISE   615 AM MDT   SUNSET   857 PM MDT
AUGUST  2 2014........SUNRISE   616 AM MDT   SUNSET   856 PM MDT


-  INDICATES NEGATIVE NUMBERS.
R  INDICATES RECORD WAS SET OR TIED.
MM INDICATES DATA IS MISSING.
T  INDICATES TRACE AMOUNT.




$$
