514
CDUS45 KTFX 141136
CLIDLN


CLIMATE REPORT
NATIONAL WEATHER SERVICE GREAT FALLS MT
436 AM MST SUN FEB 14 2016


...................................

...THE DILLON AIRPORT MT CLIMATE SUMMARY FOR FEBRUARY 13 2016...

CLIMATE NORMAL PERIOD 1981 TO 2010
CLIMATE RECORD PERIOD 1929 TO 2016


WEATHER ITEM   OBSERVED TIME   RECORD YEAR NORMAL DEPARTURE LAST
                VALUE   (LST)  VALUE       VALUE  FROM      YEAR
                                                  NORMAL
..................................................................
TEMPERATURE (F)
 YESTERDAY
  MAXIMUM         44    107 PM  59    2015  37      7       59
  MINIMUM         31    907 PM -30    1949  15     16       29
  AVERAGE         38                        26     12       44

PRECIPITATION (IN)
  YESTERDAY        T             0.20 1980   0.01  -0.01     0.00
  MONTH TO DATE    T                         0.09  -0.09     0.13
  SINCE OCT 1      2.13                      1.77   0.36     1.29
  SINCE JAN 1      0.05                      0.37  -0.32     0.13

SNOWFALL (IN)
  YESTERDAY       MM
  SNOW DEPTH       0

DEGREE DAYS
 HEATING
  YESTERDAY       27                              -12       21
  MONTH TO DATE  463                              -63      314
  SINCE DEC 1   3129                              -77     2578
  SINCE JUL 1   5052                             -305     4552

 COOLING
  YESTERDAY        0                                0        0
  MONTH TO DATE    0                                0        0
  SINCE DEC 1      0                                0        0
  SINCE JAN 1      0                                0        0
..................................................................


WIND (MPH)
  HIGHEST WIND SPEED    32   HIGHEST WIND DIRECTION     W (280)
  HIGHEST GUST SPEED    38   HIGHEST GUST DIRECTION     W (280)
  AVERAGE WIND SPEED    15.2


SKY COVER
  AVERAGE SKY COVER 0.3


WEATHER CONDITIONS
 THE FOLLOWING WEATHER WAS RECORDED YESTERDAY.
  LIGHT SNOW


RELATIVE HUMIDITY (PERCENT)
 HIGHEST    75
 LOWEST     36
 AVERAGE    56

..........................................................


THE DILLON AIRPORT MT CLIMATE NORMALS FOR TODAY
                         NORMAL    RECORD    YEAR
 MAXIMUM TEMPERATURE (F)   37        61      2015
 MINIMUM TEMPERATURE (F)   15       -31      1936


SUNRISE AND SUNSET
FEBRUARY 14 2016......SUNRISE   734 AM MST   SUNSET   556 PM MST
FEBRUARY 15 2016......SUNRISE   732 AM MST   SUNSET   557 PM MST


-  INDICATES NEGATIVE NUMBERS.
R  INDICATES RECORD WAS SET OR TIED.
MM INDICATES DATA IS MISSING.
T  INDICATES TRACE AMOUNT.




$$
