000
CDUS45 KTFX 230819
CLIDLN


CLIMATE REPORT
NATIONAL WEATHER SERVICE GREAT FALLS MT
218 AM MDT SUN JUL 23 2017


...................................

...THE DILLON AIRPORT MT CLIMATE SUMMARY FOR JULY 22 2017...

CLIMATE NORMAL PERIOD 1981 TO 2010
CLIMATE RECORD PERIOD 1929 TO 2017


WEATHER ITEM   OBSERVED TIME   RECORD YEAR NORMAL DEPARTURE LAST
                VALUE   (LST)  VALUE       VALUE  FROM      YEAR
                                                  NORMAL
..................................................................
TEMPERATURE (F)
 YESTERDAY
  MAXIMUM         88    521 PM  98    2006  84      4       88
  MINIMUM         49    611 AM  37    1954  50     -1       56
  AVERAGE         69                        67      2       72

PRECIPITATION (IN)
  YESTERDAY        0.00          1.35 2008   0.04  -0.04     0.00
  MONTH TO DATE    0.05                      0.87  -0.82     0.85
  SINCE OCT 1      8.19                      8.31  -0.12     7.45
  SINCE JAN 1      5.65                      6.91  -1.26     5.37

SNOWFALL (IN)
  YESTERDAY       MM
  SNOW DEPTH       0

DEGREE DAYS
 HEATING
  YESTERDAY        0                               -1        0
  MONTH TO DATE    0                              -45       54
  SINCE JUN 1    180                              -88      162
  SINCE JUL 1      0                              -45       54

 COOLING
  YESTERDAY        4                                1        7
  MONTH TO DATE  130                               76       49
  SINCE JUN 1    152                               82       90
  SINCE JAN 1    152                               81       90
..................................................................


WIND (MPH)
  HIGHEST WIND SPEED    13   HIGHEST WIND DIRECTION     S (200)
  HIGHEST GUST SPEED    14   HIGHEST GUST DIRECTION     S (200)
  AVERAGE WIND SPEED     5.7


SKY COVER
  AVERAGE SKY COVER 0.0


WEATHER CONDITIONS
 THE FOLLOWING WEATHER WAS RECORDED YESTERDAY.
  NO SIGNIFICANT WEATHER WAS OBSERVED.


RELATIVE HUMIDITY (PERCENT)
 HIGHEST    49
 LOWEST     15
 AVERAGE    32

..........................................................


THE DILLON AIRPORT MT CLIMATE NORMALS FOR TODAY
                         NORMAL    RECORD    YEAR
 MAXIMUM TEMPERATURE (F)   84        99      2003
 MINIMUM TEMPERATURE (F)   50        39      2011


SUNRISE AND SUNSET
JULY 23 2017..........SUNRISE   605 AM MDT   SUNSET   908 PM MDT
JULY 24 2017..........SUNRISE   606 AM MDT   SUNSET   906 PM MDT


-  INDICATES NEGATIVE NUMBERS.
R  INDICATES RECORD WAS SET OR TIED.
MM INDICATES DATA IS MISSING.
T  INDICATES TRACE AMOUNT.




$$
