000
CDUS45 KTFX 061011
CLIDLN


CLIMATE REPORT
NATIONAL WEATHER SERVICE GREAT FALLS MT
310 AM MST TUE DEC 6 2016


...................................

...THE DILLON AIRPORT MT CLIMATE SUMMARY FOR DECEMBER 5 2016...

CLIMATE NORMAL PERIOD 1981 TO 2010
CLIMATE RECORD PERIOD 1929 TO 2016


WEATHER ITEM   OBSERVED TIME   RECORD YEAR NORMAL DEPARTURE LAST
                VALUE   (LST)  VALUE       VALUE  FROM      YEAR
                                                  NORMAL
..................................................................
TEMPERATURE (F)
 YESTERDAY
  MAXIMUM         25   1207 AM  63    1939  31     -6       37
  MINIMUM          6   1159 PM -27    1972  12     -6       18
  AVERAGE         16                        22     -6       28

PRECIPITATION (IN)
  YESTERDAY        0.00          0.31 1974   0.01  -0.01     0.00
  MONTH TO DATE    0.01                      0.06  -0.05      T
  SINCE OCT 1      2.50                      1.19   1.31     1.67
  SINCE JAN 1      9.51                     10.36  -0.85     9.63

SNOWFALL (IN)
  YESTERDAY        0.0
  SNOW DEPTH       0

DEGREE DAYS
 HEATING
  YESTERDAY       49                                6       37
  MONTH TO DATE  196                              -17      206
  SINCE DEC 1    196                              -17      206
  SINCE JUL 1   1979                             -385     2129

 COOLING
  YESTERDAY        0                                0        0
  MONTH TO DATE    0                                0        0
  SINCE DEC 1      0                                0        0
  SINCE JAN 1    168                               12      258
..................................................................


WIND (MPH)
  HIGHEST WIND SPEED    23   HIGHEST WIND DIRECTION    NW (330)
  HIGHEST GUST SPEED    28   HIGHEST GUST DIRECTION    NW (330)
  AVERAGE WIND SPEED    12.1


SKY COVER
  AVERAGE SKY COVER 0.3


WEATHER CONDITIONS
 THE FOLLOWING WEATHER WAS RECORDED YESTERDAY.
  NO SIGNIFICANT WEATHER WAS OBSERVED.


RELATIVE HUMIDITY (PERCENT)
 HIGHEST    69
 LOWEST     35
 AVERAGE    52

..........................................................


THE DILLON AIRPORT MT CLIMATE NORMALS FOR TODAY
                         NORMAL    RECORD    YEAR
 MAXIMUM TEMPERATURE (F)   31        56      1939
 MINIMUM TEMPERATURE (F)   12       -24      1972


SUNRISE AND SUNSET
DECEMBER  6 2016......SUNRISE   755 AM MST   SUNSET   448 PM MST
DECEMBER  7 2016......SUNRISE   756 AM MST   SUNSET   448 PM MST


-  INDICATES NEGATIVE NUMBERS.
R  INDICATES RECORD WAS SET OR TIED.
MM INDICATES DATA IS MISSING.
T  INDICATES TRACE AMOUNT.




$$
