000
CDUS45 KTFX 221213
CLIDLN


CLIMATE REPORT
NATIONAL WEATHER SERVICE GREAT FALLS MT
512 AM MST WED FEB 22 2017


...................................

...THE DILLON AIRPORT MT CLIMATE SUMMARY FOR FEBRUARY 21 2017...

CLIMATE NORMAL PERIOD 1981 TO 2010
CLIMATE RECORD PERIOD 1929 TO 2017


WEATHER ITEM   OBSERVED TIME   RECORD YEAR NORMAL DEPARTURE LAST
                VALUE   (LST)  VALUE       VALUE  FROM      YEAR
                                                  NORMAL
..................................................................
TEMPERATURE (F)
 YESTERDAY
  MAXIMUM         49    146 PM  58    1988  39     10       45
  MINIMUM         33    836 PM -10    1957  16     17       17
  AVERAGE         41                        28     13       31

PRECIPITATION (IN)
  YESTERDAY        T             0.08 1952   0.01  -0.01     0.00
  MONTH TO DATE    0.13                      0.16  -0.03     0.01
  SINCE OCT 1      2.73                      1.84   0.89     2.14
  SINCE JAN 1      0.19                      0.44  -0.25     0.06

SNOWFALL (IN)
  YESTERDAY       MM
  SNOW DEPTH       0

DEGREE DAYS
 HEATING
  YESTERDAY       24                              -13       34
  MONTH TO DATE  731                             -102      673
  SINCE DEC 1   3894                              381     3339
  SINCE JUL 1   5677                               13     5262

 COOLING
  YESTERDAY        0                                0        0
  MONTH TO DATE    0                                0        0
  SINCE DEC 1      0                                0        0
  SINCE JAN 1      0                                0        0
..................................................................


WIND (MPH)
  HIGHEST WIND SPEED    36   HIGHEST WIND DIRECTION     W (260)
  HIGHEST GUST SPEED    46   HIGHEST GUST DIRECTION     W (280)
  AVERAGE WIND SPEED    17.0


SKY COVER
  AVERAGE SKY COVER 0.5


WEATHER CONDITIONS
 THE FOLLOWING WEATHER WAS RECORDED YESTERDAY.
  LIGHT SNOW


RELATIVE HUMIDITY (PERCENT)
 HIGHEST    89
 LOWEST     36
 AVERAGE    63

..........................................................


THE DILLON AIRPORT MT CLIMATE NORMALS FOR TODAY
                         NORMAL    RECORD    YEAR
 MAXIMUM TEMPERATURE (F)   39        60      1958
 MINIMUM TEMPERATURE (F)   16       -10      1942


SUNRISE AND SUNSET
FEBRUARY 22 2017......SUNRISE   720 AM MST   SUNSET   608 PM MST
FEBRUARY 23 2017......SUNRISE   718 AM MST   SUNSET   610 PM MST


-  INDICATES NEGATIVE NUMBERS.
R  INDICATES RECORD WAS SET OR TIED.
MM INDICATES DATA IS MISSING.
T  INDICATES TRACE AMOUNT.




$$
