000
CDUS45 KTFX 222338
CLIDLN


CLIMATE REPORT
NATIONAL WEATHER SERVICE GREAT FALLS MT
434 PM MST MON DEC 22 2014


...................................

...THE DILLON AIRPORT MT CLIMATE SUMMARY FOR DECEMBER 22 2014...
VALID TODAY AS OF 0400 PM LOCAL TIME.

CLIMATE NORMAL PERIOD 1981 TO 2010
CLIMATE RECORD PERIOD 1929 TO 2014


WEATHER ITEM   OBSERVED TIME   RECORD YEAR NORMAL DEPARTURE LAST
                VALUE   (LST)  VALUE       VALUE  FROM      YEAR
                                                  NORMAL
..................................................................
TEMPERATURE (F)
 TODAY
  MAXIMUM         35    259 PM  53    1955  30      5       37
  MINIMUM         28    643 AM -35    1983  11     17       19
  AVERAGE         32                        20     12       28

PRECIPITATION (IN)
  TODAY            T             0.33 1973   0.00   0.00     0.00
  MONTH TO DATE    0.33                      0.21   0.12     0.14
  SINCE OCT 1      1.01                      1.34  -0.33     0.49
  SINCE JAN 1     10.74                     10.51   0.23     9.95

SNOWFALL (IN)
  TODAY           MM
  SNOW DEPTH       0

DEGREE DAYS
 HEATING
  TODAY           33                        45    -12       37
  MONTH TO DATE  715                       973   -258     1088
  SINCE DEC 1    715                       973   -258     1088
  SINCE JUL 1   2689                      3124   -435     3017

 COOLING
  TODAY            0                         0      0        0
  MONTH TO DATE    0                         0      0        0
  SINCE DEC 1      0                         0      0        0
  SINCE JAN 1    170                       156     14      247
..................................................................


WIND (MPH)
  HIGHEST WIND SPEED    22   HIGHEST WIND DIRECTION     W (260)
  HIGHEST GUST SPEED    26   HIGHEST GUST DIRECTION     W (260)
  AVERAGE WIND SPEED    11.0


SKY COVER
  AVERAGE SKY COVER 0.8


WEATHER CONDITIONS
 THE FOLLOWING WEATHER WAS RECORDED TODAY.
  LIGHT SNOW


RELATIVE HUMIDITY (PERCENT)
 HIGHEST    72
 LOWEST     58
 AVERAGE    65

..........................................................


THE DILLON AIRPORT MT CLIMATE NORMALS FOR TOMORROW
                         NORMAL    RECORD    YEAR
 MAXIMUM TEMPERATURE (F)   30        50      1964
 MINIMUM TEMPERATURE (F)   11       -35      1983


SUNRISE AND SUNSET
DECEMBER 22 2014......SUNRISE   807 AM MST   SUNSET   451 PM MST
DECEMBER 23 2014......SUNRISE   807 AM MST   SUNSET   452 PM MST


-  INDICATES NEGATIVE NUMBERS.
R  INDICATES RECORD WAS SET OR TIED.
MM INDICATES DATA IS MISSING.
T  INDICATES TRACE AMOUNT.




$$
