000
CDUS45 KTFX 212337
CLIDLN


CLIMATE REPORT
NATIONAL WEATHER SERVICE GREAT FALLS MT
435 PM MST FRI NOV 21 2014


...................................

...THE DILLON AIRPORT MT CLIMATE SUMMARY FOR NOVEMBER 21 2014...
VALID TODAY AS OF 0400 PM LOCAL TIME.

CLIMATE NORMAL PERIOD 1981 TO 2010
CLIMATE RECORD PERIOD 1929 TO 2014


WEATHER ITEM   OBSERVED TIME   RECORD YEAR NORMAL DEPARTURE LAST
                VALUE   (LST)  VALUE       VALUE  FROM      YEAR
                                                  NORMAL
..................................................................
TEMPERATURE (F)
 TODAY
  MAXIMUM         40    359 PM  62    1954  38      2       26
  MINIMUM         25    755 AM -17    1977  17      8        5
  AVERAGE         33                        28      5       16

PRECIPITATION (IN)
  TODAY            0.00          0.35 1966   0.01  -0.01     0.00
  MONTH TO DATE    0.12                      0.28  -0.16     0.08
  SINCE OCT 1      0.38                      1.04  -0.66     0.35
  SINCE JAN 1     10.11                     10.21  -0.10     9.81

SNOWFALL (IN)
  TODAY           MM
  SNOW DEPTH      MM

DEGREE DAYS
 HEATING
  TODAY           32                        37     -5       49
  MONTH TO DATE  842                       677    165      624
  SINCE SEP 1   1585                      1657    -72     1623
  SINCE JUL 1   1677                      1793   -116     1629

 COOLING
  TODAY            0                         0      0        0
  MONTH TO DATE    0                         0      0        0
  SINCE SEP 1      6                         8     -2       19
  SINCE JAN 1    170                       156     14      247
..................................................................


WIND (MPH)
  HIGHEST WIND SPEED    21   HIGHEST WIND DIRECTION    SW (220)
  HIGHEST GUST SPEED    25   HIGHEST GUST DIRECTION    SW (220)
  AVERAGE WIND SPEED    13.0


SKY COVER
  AVERAGE SKY COVER 0.4


WEATHER CONDITIONS
 THE FOLLOWING WEATHER WAS RECORDED TODAY.
  NO SIGNIFICANT WEATHER WAS OBSERVED.


RELATIVE HUMIDITY (PERCENT)
 HIGHEST    75
 LOWEST     59
 AVERAGE    67

..........................................................


THE DILLON AIRPORT MT CLIMATE NORMALS FOR TOMORROW
                         NORMAL    RECORD    YEAR
 MAXIMUM TEMPERATURE (F)   37        66      1954
 MINIMUM TEMPERATURE (F)   17       -21      1985


SUNRISE AND SUNSET
NOVEMBER 21 2014......SUNRISE   737 AM MST   SUNSET   455 PM MST
NOVEMBER 22 2014......SUNRISE   738 AM MST   SUNSET   454 PM MST


-  INDICATES NEGATIVE NUMBERS.
R  INDICATES RECORD WAS SET OR TIED.
MM INDICATES DATA IS MISSING.
T  INDICATES TRACE AMOUNT.




$$
