000
CDUS45 KTFX 312232
CLIDLN


CLIMATE REPORT
NATIONAL WEATHER SERVICE GREAT FALLS MT
430 PM MDT WED AUG 31 2016


...................................

...THE DILLON AIRPORT MT CLIMATE SUMMARY FOR AUGUST 31 2016...
VALID TODAY AS OF 0400 PM LOCAL TIME.

CLIMATE NORMAL PERIOD 1981 TO 2010
CLIMATE RECORD PERIOD 1929 TO 2016


WEATHER ITEM   OBSERVED TIME   RECORD YEAR NORMAL DEPARTURE LAST
                VALUE   (LST)  VALUE       VALUE  FROM      YEAR
                                                  NORMAL
..................................................................
TEMPERATURE (F)
 TODAY
  MAXIMUM         90    222 PM  96    1955  77     13       78
  MINIMUM         54    723 AM  30    2006  45      9       45
                                      1977
  AVERAGE         72                        61     11       62

PRECIPITATION (IN)
  TODAY            0.00          0.61 1984   0.04  -0.04     0.00
  MONTH TO DATE    0.12                      1.05  -0.93     0.30
  SINCE OCT 1      7.61                      9.70  -2.09     7.87
  SINCE JAN 1      5.53                      8.30  -2.77     6.71

DEGREE DAYS
 HEATING
  TODAY            0                         5     -5        3
  MONTH TO DATE   72                        81     -9       57
  SINCE JUN 1    234                       359   -125      182
  SINCE JUL 1    126                       136    -10      106

 COOLING
  TODAY            7                         1      6        0
  MONTH TO DATE   43                        54    -11       96
  SINCE JUN 1    160                       147     13      239
  SINCE JAN 1    160                       148     12      239
..................................................................


WIND (MPH)
  HIGHEST WIND SPEED    17   HIGHEST WIND DIRECTION    SW (210)
  HIGHEST GUST SPEED    23   HIGHEST GUST DIRECTION    SW (210)
  AVERAGE WIND SPEED     5.8


SKY COVER
  AVERAGE SKY COVER 0.0


WEATHER CONDITIONS
 THE FOLLOWING WEATHER WAS RECORDED TODAY.
  HAZE


RELATIVE HUMIDITY (PERCENT)
 HIGHEST    38
 LOWEST     12
 AVERAGE    25

..........................................................


THE DILLON AIRPORT MT CLIMATE NORMALS FOR TOMORROW
                         NORMAL    RECORD    YEAR
 MAXIMUM TEMPERATURE (F)   77        92      1967
 MINIMUM TEMPERATURE (F)   44        32      2006


SUNRISE AND SUNSET
AUGUST 31 2016........SUNRISE   651 AM MDT   SUNSET   808 PM MDT
SEPTEMBER  1 2016.....SUNRISE   653 AM MDT   SUNSET   806 PM MDT


-  INDICATES NEGATIVE NUMBERS.
R  INDICATES RECORD WAS SET OR TIED.
MM INDICATES DATA IS MISSING.
T  INDICATES TRACE AMOUNT.




$$
