000
CDUS41 KLWX 060522
CLIDMH


CLIMATE REPORT
NATIONAL WEATHER SERVICE BALTIMORE MD/WASHINGTON DC
122 AM EDT FRI MAY 6 2016


...................................

...THE BALTIMORE INNER HARBOR MD CLIMATE SUMMARY FOR MAY 5 2016...

CLIMATE NORMAL PERIOD 1981 TO 2010
CLIMATE RECORD PERIOD 9999 TO 9999


WEATHER ITEM   OBSERVED TIME   RECORD YEAR NORMAL DEPARTURE LAST
                VALUE   (LST)  VALUE       VALUE  FROM      YEAR
                                                  NORMAL
..................................................................
TEMPERATURE (F)
 YESTERDAY
  MAXIMUM         57    739 PM  MM      MM  72    -15       85
  MINIMUM         50    310 AM  MM      MM  53     -3       66
  AVERAGE         54                        63     -9       76

PRECIPITATION (IN)
  YESTERDAY        0.01         MM      MM   0.10  -0.09     0.00
  MONTH TO DATE    0.57                      0.52   0.05     0.00
  SINCE MAR 1      4.34                      7.60  -3.26     7.39
  SINCE JAN 1     12.94                     13.12  -0.18    13.21

DEGREE DAYS
 HEATING
  YESTERDAY       11                         4      7        0
  MONTH TO DATE   41                        22     19       12
  SINCE MAR 1    713                       879   -166      846
  SINCE JUL 1   3329                      3967   -638     4360

 COOLING
  YESTERDAY        0                         2     -2       11
  MONTH TO DATE    0                         9     -9       23
  SINCE MAR 1     35                        34      1       32
  SINCE JAN 1     35                        34      1       32
..................................................................


WIND (MPH)
  HIGHEST WIND SPEED    MM   HIGHEST WIND DIRECTION    MM
  HIGHEST GUST SPEED    MM   HIGHEST GUST DIRECTION    MM
  AVERAGE WIND SPEED    MM


SKY COVER
  POSSIBLE SUNSHINE  MM



RELATIVE HUMIDITY (PERCENT)
 HIGHEST    93           300 AM
 LOWEST     66           200 PM
 AVERAGE    80

..........................................................


THE BALTIMORE INNER HARBOR MD CLIMATE NORMALS FOR TODAY
                         NORMAL
 MAXIMUM TEMPERATURE (F)   72
 MINIMUM TEMPERATURE (F)   54


SUNRISE AND SUNSET
MAY  6 2016...........SUNRISE   602 AM EDT   SUNSET   805 PM EDT
MAY  7 2016...........SUNRISE   600 AM EDT   SUNSET   806 PM EDT


-  INDICATES NEGATIVE NUMBERS.
R  INDICATES RECORD WAS SET OR TIED.
MM INDICATES DATA IS MISSING.
T  INDICATES TRACE AMOUNT.




$$
