000
CDUS41 KLWX 170525
CLIDMH


CLIMATE REPORT
NATIONAL WEATHER SERVICE BALTIMORE MD/WASHINGTON DC
125 AM EDT TUE OCT 17 2017


...................................

...THE BALTIMORE INNER HARBOR MD CLIMATE SUMMARY FOR OCTOBER 16 2017...

CLIMATE NORMAL PERIOD 1981 TO 2010
CLIMATE RECORD PERIOD 1999 TO 2017


WEATHER ITEM   OBSERVED TIME   RECORD YEAR NORMAL DEPARTURE LAST
                VALUE   (LST)  VALUE       VALUE  FROM      YEAR
                                                  NORMAL
..................................................................
TEMPERATURE (F)
 YESTERDAY
  MAXIMUM         74   1206 AM  MM      MM  68      6       75
  MINIMUM         54   1159 PM  MM      MM  52      2       52
  AVERAGE         64                        60      4       64

PRECIPITATION (IN)
  YESTERDAY        0.03         MM      MM   0.09  -0.06     0.00
  MONTH TO DATE    1.49                      1.71  -0.22     0.47
  SINCE SEP 1      3.35                      5.80  -2.45     5.73
  SINCE JAN 1     31.43                     33.17  -1.74    35.60

DEGREE DAYS
 HEATING
  YESTERDAY        1                         6     -5        1
  MONTH TO DATE    7                        69    -62       42
  SINCE SEP 1     13                        87    -74       46
  SINCE JUL 1     13                        87    -74       46

 COOLING
  YESTERDAY        0                         1     -1        0
  MONTH TO DATE   98                        31     67       12
  SINCE SEP 1    356                       260     96      322
  SINCE JAN 1   1870                      1656    214     1875
..................................................................


WIND (MPH)
  HIGHEST WIND SPEED    MM   HIGHEST WIND DIRECTION    MM
  HIGHEST GUST SPEED    MM   HIGHEST GUST DIRECTION    MM
  AVERAGE WIND SPEED    MM


SKY COVER
  POSSIBLE SUNSHINE  MM



RELATIVE HUMIDITY (PERCENT)
 HIGHEST    93           300 AM
 LOWEST     34           500 PM
 AVERAGE    64

..........................................................


THE BALTIMORE INNER HARBOR MD CLIMATE NORMALS FOR TODAY
                         NORMAL
 MAXIMUM TEMPERATURE (F)   68
 MINIMUM TEMPERATURE (F)   51


SUNRISE AND SUNSET
OCTOBER 17 2017.......SUNRISE   719 AM EDT   SUNSET   624 PM EDT
OCTOBER 18 2017.......SUNRISE   720 AM EDT   SUNSET   623 PM EDT


-  INDICATES NEGATIVE NUMBERS.
R  INDICATES RECORD WAS SET OR TIED.
MM INDICATES DATA IS MISSING.
T  INDICATES TRACE AMOUNT.




$$
