000
CDUS41 KLWX 220530
CLIDMH


CLIMATE REPORT
NATIONAL WEATHER SERVICE BALTIMORE MD/WASHINGTON DC
127 AM EDT MON MAY 22 2017


...................................

...THE BALTIMORE INNER HARBOR MD CLIMATE SUMMARY FOR MAY 21 2017...

CLIMATE NORMAL PERIOD 1981 TO 2010
CLIMATE RECORD PERIOD 9999 TO 9999


WEATHER ITEM   OBSERVED TIME   RECORD YEAR NORMAL DEPARTURE LAST
                VALUE   (LST)  VALUE       VALUE  FROM      YEAR
                                                  NORMAL
..................................................................
TEMPERATURE (F)
 YESTERDAY
  MAXIMUM         68    322 PM  MM      MM  77     -9       65
  MINIMUM         59    613 AM  MM      MM  59      0       54
  AVERAGE         64                        68     -4       60

PRECIPITATION (IN)
  YESTERDAY        0.00         MM      MM   0.12  -0.12     0.55
  MONTH TO DATE    3.12                      2.21   0.91     3.04
  SINCE MAR 1      9.88                      9.29   0.59     6.81
  SINCE JAN 1     13.77                     14.81  -1.04    15.41

DEGREE DAYS
 HEATING
  YESTERDAY        1                         2     -1        5
  MONTH TO DATE   70                        68      2      126
  SINCE MAR 1    786                       925   -139      798
  SINCE JUL 1   3240                      4013   -773     3414

 COOLING
  YESTERDAY        0                         4     -4        0
  MONTH TO DATE   70                        58     12        5
  SINCE MAR 1    152                        83     69       40
  SINCE JAN 1    152                        83     69       40
..................................................................


WIND (MPH)
  HIGHEST WIND SPEED    MM   HIGHEST WIND DIRECTION    MM
  HIGHEST GUST SPEED    MM   HIGHEST GUST DIRECTION    MM
  AVERAGE WIND SPEED    MM


SKY COVER
  POSSIBLE SUNSHINE  MM



RELATIVE HUMIDITY (PERCENT)
 HIGHEST    72           800 PM
 LOWEST     46           100 AM
 AVERAGE    59

..........................................................


THE BALTIMORE INNER HARBOR MD CLIMATE NORMALS FOR TODAY
                         NORMAL
 MAXIMUM TEMPERATURE (F)   77
 MINIMUM TEMPERATURE (F)   59


SUNRISE AND SUNSET
MAY 22 2017...........SUNRISE   547 AM EDT   SUNSET   820 PM EDT
MAY 23 2017...........SUNRISE   547 AM EDT   SUNSET   820 PM EDT


-  INDICATES NEGATIVE NUMBERS.
R  INDICATES RECORD WAS SET OR TIED.
MM INDICATES DATA IS MISSING.
T  INDICATES TRACE AMOUNT.




$$
