000
CDUS41 KLWX 250528
CLIDMH


CLIMATE REPORT
NATIONAL WEATHER SERVICE BALTIMORE MD/WASHINGTON DC
127 AM EDT FRI APR 25 2014


...................................

...THE BALTIMORE INNER HARBOR MD CLIMATE SUMMARY FOR APRIL 24 2014...

CLIMATE NORMAL PERIOD 1981 TO 2010
CLIMATE RECORD PERIOD 9999 TO 9999


WEATHER ITEM   OBSERVED TIME   RECORD YEAR NORMAL DEPARTURE LAST
                VALUE   (LST)  VALUE       VALUE  FROM      YEAR
                                                  NORMAL
..................................................................
TEMPERATURE (F)
 YESTERDAY
  MAXIMUM         65    355 PM  MM      MM  69     -4       77
  MINIMUM         43    546 AM  MM      MM  50     -7       50
  AVERAGE         54                        59     -5       64

PRECIPITATION (IN)
  YESTERDAY        0.00         MM      MM   0.09  -0.09     0.00
  MONTH TO DATE    3.00                      2.61   0.39     1.68
  SINCE MAR 1      7.20                      6.47   0.73     3.95
  SINCE JAN 1     13.53                     11.99   1.54     9.80

DEGREE DAYS
 HEATING
  YESTERDAY       11                         7      4        1
  MONTH TO DATE  239                       243     -4      165
  SINCE MAR 1    973                       822    151      761
  SINCE JUL 1   4043                      3910    133     3312

 COOLING
  YESTERDAY        0                         1     -1        0
  MONTH TO DATE   14                        17     -3       51
  SINCE MAR 1     14                        18     -4       51
  SINCE JAN 1     14                        18     -4       51
..................................................................


WIND (MPH)
  HIGHEST WIND SPEED    MM   HIGHEST WIND DIRECTION    MM
  HIGHEST GUST SPEED    MM   HIGHEST GUST DIRECTION    MM
  AVERAGE WIND SPEED    MM


SKY COVER
  POSSIBLE SUNSHINE  MM



RELATIVE HUMIDITY (PERCENT)
 HIGHEST    49           100 AM
 LOWEST     15           100 PM
 AVERAGE    32

..........................................................


THE BALTIMORE INNER HARBOR MD CLIMATE NORMALS FOR TODAY
                         NORMAL
 MAXIMUM TEMPERATURE (F)   69
 MINIMUM TEMPERATURE (F)   50


SUNRISE AND SUNSET
APRIL 25 2014.........SUNRISE   616 AM EDT   SUNSET   754 PM EDT
APRIL 26 2014.........SUNRISE   614 AM EDT   SUNSET   755 PM EDT


-  INDICATES NEGATIVE NUMBERS.
R  INDICATES RECORD WAS SET OR TIED.
MM INDICATES DATA IS MISSING.
T  INDICATES TRACE AMOUNT.




$$
