000
CDUS41 KLWX 190522
CLIDMH


CLIMATE REPORT
NATIONAL WEATHER SERVICE BALTIMORE MD/WASHINGTON DC
1222 AM EST THU JAN 19 2017


...................................

...THE BALTIMORE INNER HARBOR MD CLIMATE SUMMARY FOR JANUARY 18 2017...

CLIMATE NORMAL PERIOD 1981 TO 2010
CLIMATE RECORD PERIOD 9999 TO 9999


WEATHER ITEM   OBSERVED TIME   RECORD YEAR NORMAL DEPARTURE LAST
                VALUE   (LST)  VALUE       VALUE  FROM      YEAR
                                                  NORMAL
..................................................................
TEMPERATURE (F)
 YESTERDAY
  MAXIMUM         57    225 PM  MM      MM  42     15       33
  MINIMUM         45    706 AM  MM      MM  29     16       16
  AVERAGE         51                        36     15       25

PRECIPITATION (IN)
  YESTERDAY        0.00         MM      MM   0.10  -0.10     0.00
  MONTH TO DATE    1.97                      1.68   0.29     1.33
  SINCE DEC 1      4.31                      5.09  -0.78     7.57
  SINCE JAN 1      1.97                      1.68   0.29     1.33

DEGREE DAYS
 HEATING
  YESTERDAY       14                        29    -15       40
  MONTH TO DATE  458                       522    -64      501
  SINCE DEC 1   1182                      1314   -132      920
  SINCE JUL 1   1691                      1965   -274     1448

 COOLING
  YESTERDAY        0                         0      0        0
  MONTH TO DATE    0                         0      0        0
  SINCE DEC 1      0                         0      0        3
  SINCE JAN 1      0                         0      0        0
..................................................................


WIND (MPH)
  HIGHEST WIND SPEED    MM   HIGHEST WIND DIRECTION    MM
  HIGHEST GUST SPEED    MM   HIGHEST GUST DIRECTION    MM
  AVERAGE WIND SPEED    MM


SKY COVER
  POSSIBLE SUNSHINE  MM



RELATIVE HUMIDITY (PERCENT)
 HIGHEST    93           300 AM
 LOWEST     50           500 PM
 AVERAGE    72

..........................................................


THE BALTIMORE INNER HARBOR MD CLIMATE NORMALS FOR TODAY
                         NORMAL
 MAXIMUM TEMPERATURE (F)   42
 MINIMUM TEMPERATURE (F)   29


SUNRISE AND SUNSET
JANUARY 19 2017.......SUNRISE   723 AM EST   SUNSET   512 PM EST
JANUARY 20 2017.......SUNRISE   722 AM EST   SUNSET   513 PM EST


-  INDICATES NEGATIVE NUMBERS.
R  INDICATES RECORD WAS SET OR TIED.
MM INDICATES DATA IS MISSING.
T  INDICATES TRACE AMOUNT.




$$
