000
CDUS45 KEPZ 170931
CLIDMN


CLIMATE REPORT
NATIONAL WEATHER SERVICE EL PASO, TX
231 AM MST TUE JAN 17 2017


...................................

...THE DEMING CLIMATE SUMMARY FOR JANUARY 16 2017...

CLIMATE NORMAL PERIOD 1981 TO 2010
CLIMATE RECORD PERIOD 2000 TO 2017


WEATHER ITEM   OBSERVED TIME   NORMAL DEPARTURE LAST
                VALUE   (LST)  VALUE  FROM      YEAR
                                      NORMAL
......................................................
TEMPERATURE (F)
 YESTERDAY
  MAXIMUM         53    246 PM  57              54
  MINIMUM         34    712 AM  27              27
  AVERAGE         44            42      2       41

PRECIPITATION (IN)
  YESTERDAY        0.00          0.02  -0.02     0.00
  MONTH TO DATE    1.99          0.29   1.70     0.42
  SINCE DEC 1      3.78          1.18   2.60     0.78
  SINCE JAN 1      1.99          0.29   1.70     0.42

......................................................


WIND (MPH)
  HIGHEST WIND SPEED    14   HIGHEST WIND DIRECTION    SW (240)
  HIGHEST GUST SPEED    18   HIGHEST GUST DIRECTION    SW (210)
  AVERAGE WIND SPEED     6.8


SKY COVER
  AVERAGE SKY COVER 0.1


WEATHER CONDITIONS
 THE FOLLOWING WEATHER WAS RECORDED YESTERDAY.
  NO SIGNIFICANT WEATHER WAS OBSERVED.


RELATIVE HUMIDITY (PERCENT)
 HIGHEST   100           500 AM
 LOWEST     54           400 PM
 AVERAGE    77

..........................................................


THE DEMING CLIMATE NORMALS FOR TODAY
                         NORMAL
 MAXIMUM TEMPERATURE (F)   57
 MINIMUM TEMPERATURE (F)   27


SUNRISE AND SUNSET
JANUARY 17 2017.......SUNRISE   712 AM MST   SUNSET   531 PM MST
JANUARY 18 2017.......SUNRISE   711 AM MST   SUNSET   532 PM MST


-  INDICATES NEGATIVE NUMBERS.
R  INDICATES RECORD WAS SET OR TIED.
MM INDICATES DATA IS MISSING.
T  INDICATES TRACE AMOUNT.




$$
