000
CDUS45 KEPZ 230929
CLIDMN


CLIMATE REPORT
NATIONAL WEATHER SERVICE EL PASO, TX
228 AM MST THU NOV 23 2017


...................................

...THE DEMING CLIMATE SUMMARY FOR NOVEMBER 22 2017...

CLIMATE NORMAL PERIOD 1981 TO 2010
CLIMATE RECORD PERIOD 2000 TO 2017


WEATHER ITEM   OBSERVED TIME   NORMAL DEPARTURE LAST
                VALUE   (LST)  VALUE  FROM      YEAR
                                      NORMAL
......................................................
TEMPERATURE (F)
 YESTERDAY
  MAXIMUM         68    341 PM  63              63
  MINIMUM         39    704 AM  32              36
  AVERAGE         54            47      7       50

PRECIPITATION (IN)
  YESTERDAY        0.00          0.03  -0.03     0.00
  MONTH TO DATE    0.10          0.48  -0.38     0.14
  SINCE SEP 1      1.00          2.84  -1.84     0.82
  SINCE JAN 1      9.69         10.43  -0.74     6.22

......................................................


WIND (MPH)
  HIGHEST WIND SPEED    15   HIGHEST WIND DIRECTION     E (80)
  HIGHEST GUST SPEED    17   HIGHEST GUST DIRECTION     E (80)
  AVERAGE WIND SPEED     6.5


SKY COVER
  AVERAGE SKY COVER 0.0


WEATHER CONDITIONS
 THE FOLLOWING WEATHER WAS RECORDED YESTERDAY.
  NO SIGNIFICANT WEATHER WAS OBSERVED.


RELATIVE HUMIDITY (PERCENT)
 HIGHEST    48           700 AM
 LOWEST     16           400 PM
 AVERAGE    32

..........................................................


THE DEMING CLIMATE NORMALS FOR TODAY
                         NORMAL
 MAXIMUM TEMPERATURE (F)   63
 MINIMUM TEMPERATURE (F)   31


SUNRISE AND SUNSET
NOVEMBER 23 2017......SUNRISE   647 AM MST   SUNSET   507 PM MST
NOVEMBER 24 2017......SUNRISE   648 AM MST   SUNSET   507 PM MST


-  INDICATES NEGATIVE NUMBERS.
R  INDICATES RECORD WAS SET OR TIED.
MM INDICATES DATA IS MISSING.
T  INDICATES TRACE AMOUNT.




$$
