000
CDUS45 KEPZ 312330
CLIDMN


CLIMATE REPORT
NATIONAL WEATHER SERVICE EL PASO, TX
527 PM MDT TUE MAY 31 2016


...................................

...THE DEMING CLIMATE SUMMARY FOR MAY 31 2016...
VALID TODAY AS OF 0500 PM LOCAL TIME.

CLIMATE NORMAL PERIOD 1981 TO 2010
CLIMATE RECORD PERIOD 2000 TO 2016


WEATHER ITEM   OBSERVED TIME   NORMAL DEPARTURE LAST
                VALUE   (LST)  VALUE  FROM      YEAR
                                      NORMAL
......................................................
TEMPERATURE (F)
 TODAY
  MAXIMUM         86    307 PM  92     -6       92
  MINIMUM         55    511 AM  55      0       61

PRECIPITATION (IN)
  TODAY            0.00          0.00   0.00     0.00
  MONTH TO DATE    0.27          0.43  -0.16     0.19
  SINCE MAR 1      0.65          1.21  -0.56     1.16
  SINCE JAN 1      1.19          2.41  -1.22     2.63

......................................................


WIND (MPH)
  HIGHEST WIND SPEED    24   HIGHEST WIND DIRECTION     S (180)
  HIGHEST GUST SPEED    33   HIGHEST GUST DIRECTION     S (200)


SKY COVER
  AVERAGE SKY COVER 0.0


WEATHER CONDITIONS
 THE FOLLOWING WEATHER WAS RECORDED TODAY.
  NO SIGNIFICANT WEATHER WAS OBSERVED.


RELATIVE HUMIDITY (PERCENT)
 HIGHEST    86           200 AM
 LOWEST     14           200 PM
 AVERAGE    50

..........................................................


THE DEMING CLIMATE NORMALS FOR TOMORROW
                         NORMAL
 MAXIMUM TEMPERATURE (F)   92
 MINIMUM TEMPERATURE (F)   56


SUNRISE AND SUNSET
MAY 31 2016...........SUNRISE   605 AM MDT   SUNSET   812 PM MDT
JUNE  1 2016..........SUNRISE   605 AM MDT   SUNSET   813 PM MDT


-  INDICATES NEGATIVE NUMBERS.
R  INDICATES RECORD WAS SET OR TIED.
MM INDICATES DATA IS MISSING.
T  INDICATES TRACE AMOUNT.




$$
