476
CDUS43 KEAX 090632
CLIDMO


CLIMATE REPORT
NATIONAL WEATHER SERVICE KANSAS CITY/PLEASANT HILL MO
1232 AM CST FRI DEC 9 2016


...................................

...THE SEDALIA MO CLIMATE SUMMARY FOR DECEMBER 8 2016...

CLIMATE NORMAL PERIOD 1981 TO 2010
CLIMATE RECORD PERIOD 9999 TO 9999


WEATHER ITEM   OBSERVED TIME   NORMAL DEPARTURE LAST
                VALUE   (LST)  VALUE  FROM      YEAR
                                      NORMAL
......................................................
TEMPERATURE (F)
 YESTERDAY
  MAXIMUM         28    158 PM  45    -17       64
  MINIMUM         17    800 AM  28    -11       41
  AVERAGE         23            37    -14       53

PRECIPITATION (IN)
  YESTERDAY        0.00          0.07  -0.07     0.00
  MONTH TO DATE    0.30          0.60  -0.30      T
  SINCE DEC 1      0.30          0.60  -0.30      T
  SINCE JAN 1     31.48         39.39  -7.91    38.43

DEGREE DAYS
 HEATING
  YESTERDAY       42            28     14       12
  MONTH TO DATE  240           214     26      170
  SINCE DEC 1    240           214     26      170
  SINCE JUL 1    747          1059   -312      815

 COOLING
  YESTERDAY        0             0      0        0
  MONTH TO DATE    0             0      0        0
  SINCE DEC 1      0             0      0        0
  SINCE JAN 1   1775          1490    285     1552
......................................................


WIND (MPH)
  HIGHEST WIND SPEED    18   HIGHEST WIND DIRECTION    NW (300)
  HIGHEST GUST SPEED    23   HIGHEST GUST DIRECTION     W (290)
  AVERAGE WIND SPEED    10.2


SKY COVER
  AVERAGE SKY COVER 0.1


WEATHER CONDITIONS
 THE FOLLOWING WEATHER WAS RECORDED YESTERDAY.
  NO SIGNIFICANT WEATHER WAS OBSERVED.


RELATIVE HUMIDITY (PERCENT)
 HIGHEST    74          1100 PM
 LOWEST     55           200 PM
 AVERAGE    65

..........................................................


THE SEDALIA MO CLIMATE NORMALS FOR TODAY
                         NORMAL
 MAXIMUM TEMPERATURE (F)   45
 MINIMUM TEMPERATURE (F)   28


SUNRISE AND SUNSET
DECEMBER  9 2016......SUNRISE   719 AM CST   SUNSET   451 PM CST
DECEMBER 10 2016......SUNRISE   720 AM CST   SUNSET   451 PM CST


-  INDICATES NEGATIVE NUMBERS.
R  INDICATES RECORD WAS SET OR TIED.
MM INDICATES DATA IS MISSING.
T  INDICATES TRACE AMOUNT.




$$
