000
CDUS43 KEAX 230643
CLIDMO


CLIMATE REPORT
NATIONAL WEATHER SERVICE KANSAS CITY/PLEASANT HILL MO
142 AM CDT MON OCT 23 2017


...................................

...THE SEDALIA MO CLIMATE SUMMARY FOR OCTOBER 22 2017...

CLIMATE NORMAL PERIOD 1981 TO 2010
CLIMATE RECORD PERIOD 9999 TO 9999


WEATHER ITEM   OBSERVED TIME   NORMAL DEPARTURE LAST
                VALUE   (LST)  VALUE  FROM      YEAR
                                      NORMAL
......................................................
TEMPERATURE (F)
 YESTERDAY
  MAXIMUM         62   1221 AM  67     -5       74
  MINIMUM         47   1149 PM  46      1       42
  AVERAGE         55            56     -1       58

PRECIPITATION (IN)
  YESTERDAY        0.78          0.13   0.65     0.00
  MONTH TO DATE    4.39          2.80   1.59     1.78
  SINCE SEP 1      5.41          6.91  -1.50     6.25
  SINCE JAN 1     34.61         34.85  -0.24    30.61

DEGREE DAYS
 HEATING
  YESTERDAY       10             9      1        7
  MONTH TO DATE   66           148    -82       93
  SINCE SEP 1     70           192   -122       99
  SINCE JUL 1     75           193   -118       99

 COOLING
  YESTERDAY        0             1     -1        0
  MONTH TO DATE   84            32     52       64
  SINCE SEP 1    317           197    120      322
  SINCE JAN 1   1491          1482      9     1735
......................................................


WIND (MPH)
  HIGHEST WIND SPEED    23   HIGHEST WIND DIRECTION    NW (320)
  HIGHEST GUST SPEED    33   HIGHEST GUST DIRECTION    NW (330)
  AVERAGE WIND SPEED     7.4


SKY COVER
  AVERAGE SKY COVER 0.5


WEATHER CONDITIONS
 THE FOLLOWING WEATHER WAS RECORDED YESTERDAY.
  THUNDERSTORM
  RAIN
  LIGHT RAIN
  FOG


RELATIVE HUMIDITY (PERCENT)
 HIGHEST   100           100 AM
 LOWEST     77           300 PM
 AVERAGE    89

..........................................................


THE SEDALIA MO CLIMATE NORMALS FOR TODAY
                         NORMAL
 MAXIMUM TEMPERATURE (F)   66
 MINIMUM TEMPERATURE (F)   46


SUNRISE AND SUNSET
OCTOBER 23 2017.......SUNRISE   730 AM CDT   SUNSET   623 PM CDT
OCTOBER 24 2017.......SUNRISE   731 AM CDT   SUNSET   621 PM CDT


-  INDICATES NEGATIVE NUMBERS.
R  INDICATES RECORD WAS SET OR TIED.
MM INDICATES DATA IS MISSING.
T  INDICATES TRACE AMOUNT.




$$
