000
CDUS43 KEAX 252140
CLIDMO


CLIMATE REPORT
NATIONAL WEATHER SERVICE KANSAS CITY/PLEASANT HILL MO
439 PM CDT SAT OCT 25 2014


...................................

...THE SEDALIA MO CLIMATE SUMMARY FOR OCTOBER 25 2014...
VALID AS OF 0400 PM LOCAL TIME.

CLIMATE NORMAL PERIOD 1981 TO 2010
CLIMATE RECORD PERIOD 9999 TO 9999


WEATHER ITEM   OBSERVED TIME   NORMAL DEPARTURE LAST
                VALUE   (LST)  VALUE  FROM      YEAR
                                      NORMAL
......................................................
TEMPERATURE (F)
 TODAY
  MAXIMUM         81    256 PM  66     15       57
  MINIMUM         59    726 AM  46     13       31
  AVERAGE         70            56     14       44

PRECIPITATION (IN)
  TODAY            0.00          0.10  -0.10     0.00
  MONTH TO DATE    8.62          3.10   5.52     0.98
  SINCE SEP 1     10.43          7.21   3.22     4.54
  SINCE JAN 1     32.00         35.15  -3.15    34.45

DEGREE DAYS
 HEATING
  TODAY            0            10    -10       21
  MONTH TO DATE  138           178    -40      217
  SINCE SEP 1    181           222    -41      236
  SINCE JUL 1    181           223    -42      236

 COOLING
  TODAY            5             1      4        0
  MONTH TO DATE   20            35    -15       45
  SINCE SEP 1    179           200    -21      267
  SINCE JAN 1   1396          1485    -89     1482
......................................................


WIND (MPH)
  HIGHEST WIND SPEED    14   HIGHEST WIND DIRECTION    SW (220)
  HIGHEST GUST SPEED    18   HIGHEST GUST DIRECTION    SW (220)
  AVERAGE WIND SPEED     5.3


SKY COVER
  AVERAGE SKY COVER 0.3


WEATHER CONDITIONS
 THE FOLLOWING WEATHER WAS RECORDED TODAY.
  FOG
  FOG W/VISIBILITY <= 1/4 MILE
  HAZE


RELATIVE HUMIDITY (PERCENT)
 HIGHEST    97           800 AM
 LOWEST     51           300 PM
 AVERAGE    74

..........................................................


THE SEDALIA MO CLIMATE NORMALS FOR TOMORROW
                         NORMAL
 MAXIMUM TEMPERATURE (F)   65
 MINIMUM TEMPERATURE (F)   45


SUNRISE AND SUNSET
OCTOBER 25 2014.......SUNRISE   732 AM CDT   SUNSET   621 PM CDT
OCTOBER 26 2014.......SUNRISE   733 AM CDT   SUNSET   619 PM CDT


-  INDICATES NEGATIVE NUMBERS.
R  INDICATES RECORD WAS SET OR TIED.
MM INDICATES DATA IS MISSING.
T  INDICATES TRACE AMOUNT.




$$
