320
CDUS42 KCAE 240539
CLIDNL


CLIMATE REPORT
NATIONAL WEATHER SERVICE COLUMBIA SC
139 AM EDT TUE MAY 24 2016


...................................

...THE AUGUSTA DANIEL FIELD GA CLIMATE SUMMARY FOR MAY 23 2016...

CLIMATE NORMAL PERIOD 1981 TO 2010
CLIMATE RECORD PERIOD 9999 TO 9999


WEATHER ITEM   OBSERVED TIME   NORMAL DEPARTURE LAST
                VALUE   (LST)  VALUE  FROM      YEAR
                                      NORMAL
......................................................
TEMPERATURE (F)
 YESTERDAY
  MAXIMUM         83    418 PM  85     -2       85
  MINIMUM         57    506 AM  65     -8       61
  AVERAGE         70            75     -5       73

PRECIPITATION (IN)
  YESTERDAY        0.00          0.12  -0.12     0.00
  MONTH TO DATE    3.03          2.07   0.96     0.70
  SINCE MAR 1      8.26          9.33  -1.07     6.76
  SINCE JAN 1     12.87         17.57  -4.70    11.69

DEGREE DAYS
 HEATING
  YESTERDAY        0             0      0        0
  MONTH TO DATE    7             8     -1        2
  SINCE MAR 1    162           354   -192      181
  SINCE JUL 1   1463          2167   -704     2036

 COOLING
  YESTERDAY        5            10     -5        8
  MONTH TO DATE  191           167     24      244
  SINCE MAR 1    418           264    154      435
  SINCE JAN 1    424           268    156      435
......................................................


WIND (MPH)
  HIGHEST WIND SPEED    12   HIGHEST WIND DIRECTION     N (360)
  HIGHEST GUST SPEED    19   HIGHEST GUST DIRECTION     N (10)
  AVERAGE WIND SPEED     5.7


SKY COVER
  AVERAGE SKY COVER 0.1


WEATHER CONDITIONS
 THE FOLLOWING WEATHER WAS RECORDED YESTERDAY.
  NO SIGNIFICANT WEATHER WAS OBSERVED.


RELATIVE HUMIDITY (PERCENT)
 HIGHEST    80           500 AM
 LOWEST     33           100 PM

..........................................................


THE AUGUSTA DANIEL FIELD GA CLIMATE NORMALS FOR TODAY
                         NORMAL    RECORD    YEAR
 MAXIMUM TEMPERATURE (F)   85        MM        MM
 MINIMUM TEMPERATURE (F)   65        MM        MM


SUNRISE AND SUNSET
MAY 24 2016...........SUNRISE   622 AM EDT   SUNSET   828 PM EDT
MAY 25 2016...........SUNRISE   622 AM EDT   SUNSET   829 PM EDT


-  INDICATES NEGATIVE NUMBERS.
R  INDICATES RECORD WAS SET OR TIED.
MM INDICATES DATA IS MISSING.
T  INDICATES TRACE AMOUNT.




$$
