000
CDUS42 KCAE 260537
CLIDNL


CLIMATE REPORT
NATIONAL WEATHER SERVICE COLUMBIA SC
137 AM EDT TUE MAY 26 2015


...................................

...THE AUGUSTA DANIEL FIELD GA CLIMATE SUMMARY FOR MAY 25 2015...

CLIMATE NORMAL PERIOD 1981 TO 2010
CLIMATE RECORD PERIOD 9999 TO 9999


WEATHER ITEM   OBSERVED TIME   NORMAL DEPARTURE LAST
                VALUE   (LST)  VALUE  FROM      YEAR
                                      NORMAL
......................................................
TEMPERATURE (F)
 YESTERDAY
  MAXIMUM         88    443 PM  86      2       86
  MINIMUM         67    359 AM  65      2       67
  AVERAGE         78            76      2       77

PRECIPITATION (IN)
  YESTERDAY        0.00          0.14  -0.14     0.20
  MONTH TO DATE    0.70          2.34  -1.64     3.60
  SINCE MAR 1      6.76          9.60  -2.84    10.52
  SINCE JAN 1     11.69         17.84  -6.15    16.81

DEGREE DAYS
 HEATING
  YESTERDAY        0             0      0        0
  MONTH TO DATE    2             8     -6        3
  SINCE MAR 1    181           354   -173      389
  SINCE JUL 1   2036          2167   -131     2225

 COOLING
  YESTERDAY       13            11      2       12
  MONTH TO DATE  269           188     81      241
  SINCE MAR 1    460           285    175      375
  SINCE JAN 1    460           289    171      383
......................................................


WIND (MPH)
  HIGHEST WIND SPEED    17   HIGHEST WIND DIRECTION    SE (150)
  HIGHEST GUST SPEED    22   HIGHEST GUST DIRECTION    SE (140)
  AVERAGE WIND SPEED     7.2


SKY COVER
  AVERAGE SKY COVER 0.4


WEATHER CONDITIONS
 THE FOLLOWING WEATHER WAS RECORDED YESTERDAY.
  NO SIGNIFICANT WEATHER WAS OBSERVED.


RELATIVE HUMIDITY (PERCENT)
 HIGHEST    76           400 AM
 LOWEST     43           400 PM

..........................................................


THE AUGUSTA DANIEL FIELD GA CLIMATE NORMALS FOR TODAY
                         NORMAL    RECORD    YEAR
 MAXIMUM TEMPERATURE (F)   86        MM        MM
 MINIMUM TEMPERATURE (F)   66        MM        MM


SUNRISE AND SUNSET
MAY 26 2015...........SUNRISE   622 AM EDT   SUNSET   829 PM EDT
MAY 27 2015...........SUNRISE   621 AM EDT   SUNSET   830 PM EDT


-  INDICATES NEGATIVE NUMBERS.
R  INDICATES RECORD WAS SET OR TIED.
MM INDICATES DATA IS MISSING.
T  INDICATES TRACE AMOUNT.




$$
