000
CDUS42 KCAE 300532
CLIDNL


CLIMATE REPORT
NATIONAL WEATHER SERVICE COLUMBIA SC
132 AM EDT SAT APR 30 2016


...................................

...THE AUGUSTA DANIEL FIELD GA CLIMATE SUMMARY FOR APRIL 29 2016...

CLIMATE NORMAL PERIOD 1981 TO 2010
CLIMATE RECORD PERIOD 9999 TO 9999


WEATHER ITEM   OBSERVED TIME   NORMAL DEPARTURE LAST
                VALUE   (LST)  VALUE  FROM      YEAR
                                      NORMAL
......................................................
TEMPERATURE (F)
 YESTERDAY
  MAXIMUM         93    343 PM  79     14       64
  MINIMUM         69    631 AM  57     12       54
  AVERAGE         81            68     13       59

PRECIPITATION (IN)
  YESTERDAY        0.00          0.06  -0.06     0.40
  MONTH TO DATE    3.17          2.90   0.27     3.47
  SINCE MAR 1      5.23          7.21  -1.98     6.06
  SINCE JAN 1      9.84         15.45  -5.61    10.99

DEGREE DAYS
 HEATING
  YESTERDAY        0             1     -1        6
  MONTH TO DATE   40            95    -55       21
  SINCE MAR 1    155           345   -190      179
  SINCE JUL 1   1456          2158   -702     2034

 COOLING
  YESTERDAY       16             4     12        0
  MONTH TO DATE  114            70     44      148
  SINCE MAR 1    213            92    121      191
  SINCE JAN 1    219            96    123      191
......................................................


WIND (MPH)
  HIGHEST WIND SPEED    13   HIGHEST WIND DIRECTION     N (10)
  HIGHEST GUST SPEED    18   HIGHEST GUST DIRECTION    NE (40)
  AVERAGE WIND SPEED     4.7


SKY COVER
  AVERAGE SKY COVER 0.0


WEATHER CONDITIONS
 THE FOLLOWING WEATHER WAS RECORDED YESTERDAY.
  NO SIGNIFICANT WEATHER WAS OBSERVED.


RELATIVE HUMIDITY (PERCENT)
 HIGHEST    84           300 AM
 LOWEST     26           200 PM

..........................................................


THE AUGUSTA DANIEL FIELD GA CLIMATE NORMALS FOR TODAY
                         NORMAL    RECORD    YEAR
 MAXIMUM TEMPERATURE (F)   79        MM        MM
 MINIMUM TEMPERATURE (F)   57        MM        MM


SUNRISE AND SUNSET
APRIL 30 2016.........SUNRISE   640 AM EDT   SUNSET   811 PM EDT
MAY  1 2016...........SUNRISE   639 AM EDT   SUNSET   811 PM EDT


-  INDICATES NEGATIVE NUMBERS.
R  INDICATES RECORD WAS SET OR TIED.
MM INDICATES DATA IS MISSING.
T  INDICATES TRACE AMOUNT.




$$
