000
CDUS43 KLOT 100635
CLIDPA


CLIMATE REPORT
NATIONAL WEATHER SERVICE CHICAGO IL
1234 AM CST WED FEB 10 2016


...................................

...THE DU PAGE  AIRPORT CLIMATE SUMMARY FOR FEBRUARY 9 2016...

CLIMATE NORMAL PERIOD 1981 TO 2010
CLIMATE RECORD PERIOD 1997 TO 2016


WEATHER ITEM   OBSERVED TIME   RECORD YEAR NORMAL DEPARTURE LAST
                VALUE   (LST)  VALUE       VALUE  FROM      YEAR
                                                  NORMAL
..................................................................
TEMPERATURE (F)
 YESTERDAY
  MAXIMUM         21   1207 AM  69    1999  34    -13       26
  MINIMUM         13   1159 PM  -7    2011  18     -5       15
  AVERAGE         17                        26     -9       21

PRECIPITATION (IN)
  YESTERDAY        T             0.48        0.05  -0.05     0.00
  MONTH TO DATE    1.41                      0.36   1.05     0.76
  SINCE DEC 1      7.20                      3.39   3.81     2.21
  SINCE JAN 1      2.10                      1.67   0.43     1.63

SNOWFALL (IN)
  YESTERDAY        0.0
  MONTH TO DATE    0.0
  SINCE JUL 1     16.7

DEGREE DAYS
 HEATING
  YESTERDAY       48                        39      9       44
  MONTH TO DATE  322                       357    -35      424
  SINCE DEC 1   2424                      2818   -394     2824
  SINCE JUL 1   3501                      4072   -571     4283

 COOLING
  YESTERDAY        0                         0      0        0
  MONTH TO DATE    0                         0      0        0
  SINCE DEC 1      0                         0      0        0
  SINCE JAN 1      0                         0      0        0
..................................................................


WIND (MPH)
  RESULTANT WIND SPEED  15   RESULTANT WIND DIRECTION  NW (320)
  HIGHEST WIND SPEED    22   HIGHEST WIND DIRECTION    NW (320)
  HIGHEST GUST SPEED    25   HIGHEST GUST DIRECTION    NW (320)
  AVERAGE WIND SPEED    14.9



WEATHER CONDITIONS
 THE FOLLOWING WEATHER WAS RECORDED YESTERDAY.
  LIGHT SNOW


..........................................................


THE DU PAGE  AIRPORT CLIMATE NORMALS FOR TODAY
                         NORMAL    RECORD    YEAR
 MAXIMUM TEMPERATURE (F)   35        62      2009
 MINIMUM TEMPERATURE (F)   18       -20      2011


SUNRISE AND SUNSET
FEBRUARY 10 2016......SUNRISE   656 AM CST   SUNSET   519 PM CST
FEBRUARY 11 2016......SUNRISE   655 AM CST   SUNSET   520 PM CST


-  INDICATES NEGATIVE NUMBERS.
R  INDICATES RECORD WAS SET OR TIED.
MM INDICATES DATA IS MISSING.
T  INDICATES TRACE AMOUNT.




$$
