000
CDUS44 KDRT 310702
CLIDRT


CLIMATE REPORT
NATIONAL WEATHER SERVICE AUSTIN/SAN ANTONIO, TX
201 AM CDT SUN JUL 31 2016


...................................

...THE DEL RIO CLIMATE SUMMARY FOR JULY 30 2016...

CLIMATE NORMAL PERIOD 1981 TO 2010
CLIMATE RECORD PERIOD 1906 TO 2016


WEATHER ITEM   OBSERVED TIME   RECORD YEAR NORMAL DEPARTURE LAST
                VALUE   (LST)  VALUE       VALUE  FROM      YEAR
                                                  NORMAL
..................................................................
TEMPERATURE (F)
 YESTERDAY
  MAXIMUM         99    443 PM 111    1960  98      1      102
  MINIMUM         75    652 AM  69    1987  76     -1       75
                                      1975
  AVERAGE         87                        86      1       89

PRECIPITATION (IN)
  YESTERDAY        0.00          1.73 1978   0.05  -0.05     0.00
  MONTH TO DATE    0.05                      1.73  -1.68     0.04
  SINCE JUN 1      2.98                      4.08  -1.10     3.52
  SINCE JAN 1     11.59                     11.28   0.31    18.60

SNOWFALL (IN)
  YESTERDAY        0.0
  MONTH TO DATE    0.0
  SINCE JUN 1      0.0
  SINCE JUL 1      0.0

DEGREE DAYS
 HEATING
  YESTERDAY        0                         0      0        0
  MONTH TO DATE    0                         0      0        0
  SINCE JUN 1      0                         0      0        0
  SINCE JUL 1      0                         0      0        0

 COOLING
  YESTERDAY       22                        22      0       24
  MONTH TO DATE  750                       625    125      641
  SINCE JUN 1   1329                      1196    133     1142
  SINCE JAN 1   2055                      1955    100     1822
..................................................................


WIND (MPH)
  HIGHEST WIND SPEED    21   HIGHEST WIND DIRECTION     S (160)
  HIGHEST GUST SPEED    31   HIGHEST GUST DIRECTION     S (160)
  AVERAGE WIND SPEED    11.0


SKY COVER
  AVERAGE SKY COVER 0.1


WEATHER CONDITIONS
 THE FOLLOWING WEATHER WAS RECORDED YESTERDAY.
  NO SIGNIFICANT WEATHER WAS OBSERVED.


RELATIVE HUMIDITY (PERCENT)
 HIGHEST    82           200 AM
 LOWEST     30           600 PM
 AVERAGE    56

..........................................................


THE DEL RIO CLIMATE NORMALS FOR TODAY
                         NORMAL    RECORD    YEAR
 MAXIMUM TEMPERATURE (F)   98       106      1912
 MINIMUM TEMPERATURE (F)   76        68      1971


SUNRISE AND SUNSET
JULY 31 2016..........SUNRISE   704 AM CDT   SUNSET   836 PM CDT
AUGUST  1 2016........SUNRISE   704 AM CDT   SUNSET   835 PM CDT


-  INDICATES NEGATIVE NUMBERS.
R  INDICATES RECORD WAS SET OR TIED.
MM INDICATES DATA IS MISSING.
T  INDICATES TRACE AMOUNT.




$$
