000
CDUS44 KDRT 050752
CLIDRT


CLIMATE REPORT
NATIONAL WEATHER SERVICE AUSTIN/SAN ANTONIO, TX
252 AM CDT THU MAY 5 2016


...................................

...THE DEL RIO CLIMATE SUMMARY FOR MAY 4 2016...

CLIMATE NORMAL PERIOD 1981 TO 2010
CLIMATE RECORD PERIOD 1906 TO 2016


WEATHER ITEM   OBSERVED TIME   RECORD YEAR NORMAL DEPARTURE LAST
                VALUE   (LST)  VALUE       VALUE  FROM      YEAR
                                                  NORMAL
..................................................................
TEMPERATURE (F)
 YESTERDAY
  MAXIMUM         88    528 PM 102    1984  87      1       83
  MINIMUM         58    622 AM  47    2013  65     -7       70
                                      1954
  AVERAGE         73                        76     -3       77

PRECIPITATION (IN)
  YESTERDAY        0.00          1.80 1918   0.08  -0.08     0.06
  MONTH TO DATE    1.08                      0.29   0.79     0.06
  SINCE MAR 1      7.32                      3.08   4.24     3.98
  SINCE JAN 1      8.07                      4.68   3.39     4.97

SNOWFALL (IN)
  YESTERDAY        0.0
  MONTH TO DATE    0.0
  SINCE MAR 1      0.0
  SINCE JUL 1      T

DEGREE DAYS
 HEATING
  YESTERDAY        0                         0      0        0
  MONTH TO DATE    1                         0      1        0
  SINCE MAR 1     70                       139    -69      148
  SINCE JUL 1   1050                      1375   -325     1475

 COOLING
  YESTERDAY        8                        11     -3       12
  MONTH TO DATE   17                        44    -27       33
  SINCE MAR 1    337                       354    -17      324
  SINCE JAN 1    372                       373     -1      339
..................................................................


WIND (MPH)
  HIGHEST WIND SPEED    12   HIGHEST WIND DIRECTION     N (350)
  HIGHEST GUST SPEED    15   HIGHEST GUST DIRECTION     E (100)
  AVERAGE WIND SPEED     3.6


SKY COVER
  AVERAGE SKY COVER 0.0


WEATHER CONDITIONS
 THE FOLLOWING WEATHER WAS RECORDED YESTERDAY.
  NO SIGNIFICANT WEATHER WAS OBSERVED.


RELATIVE HUMIDITY (PERCENT)
 HIGHEST    87           300 AM
 LOWEST     21           500 PM
 AVERAGE    54

..........................................................


THE DEL RIO CLIMATE NORMALS FOR TODAY
                         NORMAL    RECORD    YEAR
 MAXIMUM TEMPERATURE (F)   88       104      1906
 MINIMUM TEMPERATURE (F)   65        48      1979


SUNRISE AND SUNSET
MAY  5 2016...........SUNRISE   658 AM CDT   SUNSET   823 PM CDT
MAY  6 2016...........SUNRISE   657 AM CDT   SUNSET   824 PM CDT


-  INDICATES NEGATIVE NUMBERS.
R  INDICATES RECORD WAS SET OR TIED.
MM INDICATES DATA IS MISSING.
T  INDICATES TRACE AMOUNT.




$$
