000
CDUS44 KEWX 172235
CLIDRT


CLIMATE REPORT
NATIONAL WEATHER SERVICE AUSTIN/SAN ANTONIO, TX
534 PM CDT WED SEP 17 2014


...................................

...THE DEL RIO CLIMATE SUMMARY FOR SEPTEMBER 17 2014...
VALID TODAY AS OF 534 PM LOCAL TIME.

CLIMATE NORMAL PERIOD 1981 TO 2010
CLIMATE RECORD PERIOD 1906 TO 2014


WEATHER ITEM   OBSERVED TIME   RECORD YEAR NORMAL DEPARTURE LAST
                VALUE   (LST)  VALUE       VALUE  FROM      YEAR
                                                  NORMAL
..................................................................
TEMPERATURE (F)
 TODAY
  MAXIMUM         90    359 PM 101    1997  90      0       86
                                      1980
                                      1912
  MINIMUM         77    810 AM  53    1951  69      8       75
  AVERAGE         84                        80      4       81

PRECIPITATION (IN)
  TODAY            T             1.98 1988   0.07  -0.07     0.13
  MONTH TO DATE    1.42                      1.30   0.12     2.00
  SINCE SEP 1      1.42                      1.30   0.12     2.00
  SINCE JAN 1      8.59                     14.81  -6.22    10.49

SNOWFALL (IN)
  TODAY            0.0
  MONTH TO DATE    0.0
  SINCE SEP 1      0.0
  SINCE JUL 1      0.0
  SNOW DEPTH       0

DEGREE DAYS
 HEATING
  TODAY            0                         0      0        0
  MONTH TO DATE    0                         0      0        0
  SINCE SEP 1      0                         0      0        0
  SINCE JUL 1      0                         0      0        0

 COOLING
  TODAY           19                        15      4       16
  MONTH TO DATE  297                       292      5      331
  SINCE SEP 1    297                       292      5      331
  SINCE JAN 1   3186                      2927    259     3271
..................................................................


WIND (MPH)
  HIGHEST WIND SPEED    14   HIGHEST WIND DIRECTION     S (160)
  HIGHEST GUST SPEED    17   HIGHEST GUST DIRECTION     S (160)
  AVERAGE WIND SPEED     5.8



WEATHER CONDITIONS
 THE FOLLOWING WEATHER WAS RECORDED TODAY.
  LIGHT RAIN


RELATIVE HUMIDITY (PERCENT)
 HIGHEST    88           300 AM
 LOWEST     52           300 PM
 AVERAGE    70

..........................................................


THE DEL RIO CLIMATE NORMALS FOR TOMORROW
                         NORMAL    RECORD    YEAR
 MAXIMUM TEMPERATURE (F)   90       100      2005
                                             1952
 MINIMUM TEMPERATURE (F)   69        55      1951


SUNRISE AND SUNSET
SEPTEMBER 17 2014.....SUNRISE   729 AM CDT   SUNSET   746 PM CDT
SEPTEMBER 18 2014.....SUNRISE   730 AM CDT   SUNSET   745 PM CDT


-  INDICATES NEGATIVE NUMBERS.
R  INDICATES RECORD WAS SET OR TIED.
MM INDICATES DATA IS MISSING.
T  INDICATES TRACE AMOUNT.




$$
