000
CDUS44 KEWX 012223
CLIDRT


CLIMATE REPORT
NATIONAL WEATHER SERVICE AUSTIN/SAN ANTONIO, TX
523 PM CDT FRI AUG 1 2014


...................................

...THE DEL RIO CLIMATE SUMMARY FOR AUGUST 1 2014...
VALID TODAY AS OF 0523 PM LOCAL TIME.

CLIMATE NORMAL PERIOD 1981 TO 2010
CLIMATE RECORD PERIOD 1906 TO 2014


WEATHER ITEM   OBSERVED TIME   RECORD YEAR NORMAL DEPARTURE LAST
                VALUE   (LST)  VALUE       VALUE  FROM      YEAR
                                                  NORMAL
..................................................................
TEMPERATURE (F)
 TODAY
  MAXIMUM         96    423 PM 106    2012  98     -2      103
                                      1912
  MINIMUM         76    551 AM  65    1925  76      0       79
  AVERAGE         86                        87     -1       91

PRECIPITATION (IN)
  TODAY            0.00          0.99 1988   0.05  -0.05     0.00
  MONTH TO DATE    0.00                      0.05  -0.05     0.00
  SINCE JUN 1      5.04                      4.18   0.86     4.53
  SINCE JAN 1      6.39                     11.38  -4.99     7.75

SNOWFALL (IN)
  TODAY            0.0
  MONTH TO DATE    0.0
  SINCE JUN 1      0.0
  SINCE JUL 1      0.0
  SNOW DEPTH       0

DEGREE DAYS
 HEATING
  TODAY            0                         0      0        0
  MONTH TO DATE    0                         0      0        0
  SINCE JUN 1      0                         0      0        0
  SINCE JUL 1      0                         0      0        0

 COOLING
  TODAY           21                        22     -1       26
  MONTH TO DATE   21                        22     -1       26
  SINCE JUN 1   1344                      1241    103     1312
  SINCE JAN 1   2194                      2000    194     2218
..................................................................


WIND (MPH)
  HIGHEST WIND SPEED    15   HIGHEST WIND DIRECTION    NW (330)
  HIGHEST GUST SPEED    20   HIGHEST GUST DIRECTION    NW (320)
  AVERAGE WIND SPEED     4.9



WEATHER CONDITIONS
 THE FOLLOWING WEATHER WAS RECORDED TODAY.
  NO SIGNIFICANT WEATHER WAS OBSERVED.


RELATIVE HUMIDITY (PERCENT)
 HIGHEST    69           600 AM
 LOWEST     39           300 PM
 AVERAGE    54

..........................................................


THE DEL RIO CLIMATE NORMALS FOR TOMORROW
                         NORMAL    RECORD    YEAR
 MAXIMUM TEMPERATURE (F)   98       106      2012
 MINIMUM TEMPERATURE (F)   76        65      1949


SUNRISE AND SUNSET
AUGUST  1 2014........SUNRISE   704 AM CDT   SUNSET   836 PM CDT
AUGUST  2 2014........SUNRISE   704 AM CDT   SUNSET   835 PM CDT


-  INDICATES NEGATIVE NUMBERS.
R  INDICATES RECORD WAS SET OR TIED.
MM INDICATES DATA IS MISSING.
T  INDICATES TRACE AMOUNT.




$$
