269
CDUS44 KDRT 262223
CLIDRT


CLIMATE REPORT
NATIONAL WEATHER SERVICE AUSTIN/SAN ANTONIO, TX
523 PM CDT THU MAY 26 2016


...................................

...THE DEL RIO CLIMATE SUMMARY FOR MAY 26 2016...
VALID TODAY AS OF 520 PM LOCAL TIME.

CLIMATE NORMAL PERIOD 1981 TO 2010
CLIMATE RECORD PERIOD 1906 TO 2016


WEATHER ITEM   OBSERVED TIME   RECORD YEAR NORMAL DEPARTURE LAST
                VALUE   (LST)  VALUE       VALUE  FROM      YEAR
                                                  NORMAL
..................................................................
TEMPERATURE (F)
 TODAY
  MAXIMUM         94    305 PM 104    1973  92      2       87
  MINIMUM         73    629 AM  58    1933  70      3       74
  AVERAGE         84                        81      3       81

PRECIPITATION (IN)
  TODAY            T             1.29 1995   0.10  -0.10      T
  MONTH TO DATE    1.48                      2.29  -0.81     7.23
  SINCE MAR 1      7.72                      5.08   2.64    11.15
  SINCE JAN 1      8.47                      6.68   1.79    12.14

SNOWFALL (IN)
  TODAY            0.0
  MONTH TO DATE    0.0
  SINCE MAR 1      0.0
  SINCE JUL 1      T
  SNOW DEPTH       0

DEGREE DAYS
 HEATING
  TODAY            0                         0      0        0
  MONTH TO DATE    1                         0      1        0
  SINCE MAR 1     70                       139    -69      148
  SINCE JUL 1   1050                      1375   -325     1475

 COOLING
  TODAY           19                        16      3       16
  MONTH TO DATE  300                       347    -47      318
  SINCE MAR 1    620                       657    -37      609
  SINCE JAN 1    655                       676    -21      624
..................................................................


WIND (MPH)
  HIGHEST WIND SPEED    20   HIGHEST WIND DIRECTION    SE (150)
  HIGHEST GUST SPEED    27   HIGHEST GUST DIRECTION    SE (120)
  AVERAGE WIND SPEED    12.8



WEATHER CONDITIONS
 THE FOLLOWING WEATHER WAS RECORDED TODAY.
  LIGHT RAIN
  FOG


RELATIVE HUMIDITY (PERCENT)
 HIGHEST    85          1200 AM
 LOWEST     49           100 PM
 AVERAGE    67

..........................................................


THE DEL RIO CLIMATE NORMALS FOR TOMORROW
                         NORMAL    RECORD    YEAR
 MAXIMUM TEMPERATURE (F)   92       105      2011
 MINIMUM TEMPERATURE (F)   71        58      1907


SUNRISE AND SUNSET
MAY 26 2016...........SUNRISE   646 AM CDT   SUNSET   836 PM CDT
MAY 27 2016...........SUNRISE   646 AM CDT   SUNSET   836 PM CDT


-  INDICATES NEGATIVE NUMBERS.
R  INDICATES RECORD WAS SET OR TIED.
MM INDICATES DATA IS MISSING.
T  INDICATES TRACE AMOUNT.




$$
