000
CDUS44 KEWX 302225
CLIDRT


CLIMATE REPORT
NATIONAL WEATHER SERVICE AUSTIN/SAN ANTONIO, TX
525 PM CDT TUE SEP 30 2014


...................................

...THE DEL RIO CLIMATE SUMMARY FOR SEPTEMBER 30 2014...
VALID TODAY AS OF 0525 PM LOCAL TIME.

CLIMATE NORMAL PERIOD 1981 TO 2010
CLIMATE RECORD PERIOD 1906 TO 2014


WEATHER ITEM   OBSERVED TIME   RECORD YEAR NORMAL DEPARTURE LAST
                VALUE   (LST)  VALUE       VALUE  FROM      YEAR
                                                  NORMAL
..................................................................
TEMPERATURE (F)
 TODAY
  MAXIMUM         89    424 PM 101    1977  87      2       92
  MINIMUM         69    703 AM  45    1908  66      3       67
  AVERAGE         79                        76      3       80

PRECIPITATION (IN)
  TODAY            0.00          1.81 1912   0.08  -0.08     0.00
  MONTH TO DATE    4.23                      2.20   2.03     4.44
  SINCE SEP 1      4.23                      2.20   2.03     4.44
  SINCE JAN 1     11.40                     15.71  -4.31    12.93

SNOWFALL (IN)
  TODAY            0.0
  MONTH TO DATE    0.0
  SINCE SEP 1      0.0
  SINCE JUL 1      0.0
  SNOW DEPTH       0

DEGREE DAYS
 HEATING
  TODAY            0                         0      0        0
  MONTH TO DATE    0                         0      0        0
  SINCE SEP 1      0                         1     -1        0
  SINCE JUL 1      0                         1     -1        0

 COOLING
  TODAY           14                        11      3       15
  MONTH TO DATE  485                       460     25      520
  SINCE SEP 1    485                       460     25      520
  SINCE JAN 1   3374                      3095    279     3460
..................................................................


WIND (MPH)
  HIGHEST WIND SPEED    17   HIGHEST WIND DIRECTION    SE (150)
  HIGHEST GUST SPEED    23   HIGHEST GUST DIRECTION    SE (150)
  AVERAGE WIND SPEED     9.0



WEATHER CONDITIONS
 THE FOLLOWING WEATHER WAS RECORDED TODAY.
  HAZE


RELATIVE HUMIDITY (PERCENT)
 HIGHEST    90           500 AM
 LOWEST     44           400 PM
 AVERAGE    67

..........................................................


THE DEL RIO CLIMATE NORMALS FOR TOMORROW
                         NORMAL    RECORD    YEAR
 MAXIMUM TEMPERATURE (F)   86       101      1979
 MINIMUM TEMPERATURE (F)   65        45      1906


SUNRISE AND SUNSET
SEPTEMBER 30 2014.....SUNRISE   736 AM CDT   SUNSET   730 PM CDT
OCTOBER  1 2014.......SUNRISE   737 AM CDT   SUNSET   729 PM CDT


-  INDICATES NEGATIVE NUMBERS.
R  INDICATES RECORD WAS SET OR TIED.
MM INDICATES DATA IS MISSING.
T  INDICATES TRACE AMOUNT.




$$
