000
CDUS43 KDMX 020659 RRB
CLIDSM

CLIMATE REPORT
NATIONAL WEATHER SERVICE DES MOINES IA
157 AM CDT TUE JUN 2 2015


...................................

...THE DES MOINES IA CLIMATE SUMMARY FOR JUNE 1 2015...

CLIMATE NORMAL PERIOD 1981 TO 2010
CLIMATE RECORD PERIOD 1878 TO 2015


WEATHER ITEM   OBSERVED TIME   RECORD YEAR NORMAL DEPARTURE LAST
                VALUE   (LST)  VALUE       VALUE  FROM      YEAR
                                                  NORMAL
..................................................................
TEMPERATURE (F)
 YESTERDAY
  MAXIMUM         73    430 PM  98    1934  77     -4       89
  MINIMUM         52    525 AM  37    1889  58     -6       66
  AVERAGE         63                        67     -4       78

PRECIPITATION (IN)
  YESTERDAY        0.00          2.40 1919   0.16  -0.16     0.03
  MONTH TO DATE    0.00                      0.16  -0.16     0.03
  SINCE JUN 1      0.00                      0.16  -0.16     0.03
  SINCE JAN 1      9.35                     13.34  -3.99    11.18

SNOWFALL (IN)
  YESTERDAY        0.0          MM      MM   0.0    0.0      0.0
  MONTH TO DATE    0.0                       0.0    0.0      0.0
  SINCE JUN 1      0.0                       0.0    0.0      0.0
  SINCE JUL 1     29.1                      35.3   -6.2     48.3
  SNOW DEPTH       0

DEGREE DAYS
 HEATING
  YESTERDAY        2                         2      0        0
  MONTH TO DATE    2                         2      0        0
  SINCE JUN 1      2                         2      0        0
  SINCE JUL 1   5914                      6187   -273     6787

 COOLING
  YESTERDAY        0                         4     -4       13
  MONTH TO DATE    0                         4     -4       13
  SINCE JUN 1      0                         4     -4       13
  SINCE JAN 1     80                        80      0      144
..................................................................


WIND (MPH)
  HIGHEST WIND SPEED    15   HIGHEST WIND DIRECTION     S (160)
  HIGHEST GUST SPEED    17   HIGHEST GUST DIRECTION    SE (150)
  AVERAGE WIND SPEED     7.6


SKY COVER
  POSSIBLE SUNSHINE  MM
  AVERAGE SKY COVER 0.3


WEATHER CONDITIONS
 THE FOLLOWING WEATHER WAS RECORDED YESTERDAY.
  NO SIGNIFICANT WEATHER WAS OBSERVED.


RELATIVE HUMIDITY (PERCENT)
 HIGHEST    83           500 AM
 LOWEST     35           200 PM
 AVERAGE    59

..........................................................


THE DES MOINES IA CLIMATE NORMALS FOR TODAY
                         NORMAL    RECORD    YEAR
 MAXIMUM TEMPERATURE (F)   78       100      1934
 MINIMUM TEMPERATURE (F)   58        43      1888


SUNRISE AND SUNSET
JUNE  2 2015..........SUNRISE   543 AM CDT   SUNSET   843 PM CDT
JUNE  3 2015..........SUNRISE   542 AM CDT   SUNSET   844 PM CDT


-  INDICATES NEGATIVE NUMBERS.
R  INDICATES RECORD WAS SET OR TIED.
MM INDICATES DATA IS MISSING.
T  INDICATES TRACE AMOUNT.




$$
