000
CDUS45 KTWC 250735
CLIDUG

CLIMATE REPORT
NATIONAL WEATHER SERVICE TUCSON AZ
1233 AM MST SUN JAN 25 2015

...................................

...THE DOUGLAS AZ CLIMATE SUMMARY FOR JANUARY 24 2015...

CLIMATE NORMAL PERIOD 1981 TO 2010
CLIMATE RECORD PERIOD 1948 TO 2015


WEATHER ITEM   OBSERVED TIME   RECORD YEAR NORMAL DEPARTURE LAST
                VALUE   (LST)  VALUE       VALUE  FROM      YEAR
                                                  NORMAL
..................................................................
TEMPERATURE (F)
 YESTERDAY
  MAXIMUM         63    343 PM  81    1999  63      0       57
  MINIMUM         17    615 AM  16    1996  30    -13       36
  AVERAGE         40                        47     -7       47

PRECIPITATION (IN)
  YESTERDAY        0.00          0.88 1962   0.02  -0.02      T
  MONTH TO DATE    0.10                      0.56  -0.46      T
  SINCE OCT 1      2.07                      3.11  -1.04     0.82
  SINCE JAN 1      0.10                      0.56  -0.46      T

DEGREE DAYS
 HEATING
  YESTERDAY       25                        18      7       18
  MONTH TO DATE  501                       455     46      453
  SINCE DEC 1   1059                      1044     15     1101
  SINCE JUL 1   1453                      1479    -26     1547

 COOLING
  YESTERDAY        0                         0      0        0
  MONTH TO DATE    0                         0      0        0
  SINCE DEC 1      0                         0      0        0
  SINCE JAN 1      0                         0      0        0
..................................................................


WIND (MPH)
  HIGHEST WIND SPEED    17   HIGHEST WIND DIRECTION     E (80)
  HIGHEST GUST SPEED    21   HIGHEST GUST DIRECTION     E (80)
  AVERAGE WIND SPEED     8.4


SKY COVER
  POSSIBLE SUNSHINE  MM
  AVERAGE SKY COVER 0.0


WEATHER CONDITIONS
 THE FOLLOWING WEATHER WAS RECORDED YESTERDAY.
  NO SIGNIFICANT WEATHER WAS OBSERVED.


RELATIVE HUMIDITY (PERCENT)
 HIGHEST    80
 LOWEST     11
 AVERAGE    46

..........................................................


THE DOUGLAS AZ CLIMATE NORMALS FOR TODAY
                         NORMAL    RECORD    YEAR
 MAXIMUM TEMPERATURE (F)   63        79      2000
 MINIMUM TEMPERATURE (F)   30        14      1964


SUNRISE AND SUNSET
JANUARY 25 2015.......SUNRISE   715 AM MST   SUNSET   547 PM MST
JANUARY 26 2015.......SUNRISE   714 AM MST   SUNSET   548 PM MST


-  INDICATES NEGATIVE NUMBERS.
R  INDICATES RECORD WAS SET OR TIED.
MM INDICATES DATA IS MISSING.
T  INDICATES TRACE AMOUNT.




$$
