000
CDUS45 KTWC 170731
CLIDUG

CLIMATE REPORT
NATIONAL WEATHER SERVICE TUCSON AZ
1230 AM MST WED SEP 17 2014


...................................

...THE DOUGLAS AZ CLIMATE SUMMARY FOR SEPTEMBER 16 2014...

CLIMATE NORMAL PERIOD 1981 TO 2010
CLIMATE RECORD PERIOD 1948 TO 2014


WEATHER ITEM   OBSERVED TIME   RECORD YEAR NORMAL DEPARTURE LAST
                VALUE   (LST)  VALUE       VALUE  FROM      YEAR
                                                  NORMAL
..................................................................
TEMPERATURE (F)
 YESTERDAY
  MAXIMUM         78   1104 AM  97    1956  90    -12       90
  MINIMUM         65    552 AM  50    2012  59      6       63
                                      2005
                                      1970
  AVERAGE         72                        74     -2       77

PRECIPITATION (IN)
  YESTERDAY        0.23          0.29 1955   0.05   0.18     0.00
  MONTH TO DATE    0.44                      0.88  -0.44     2.16
  SINCE OCT 1     10.70                     12.44  -1.74    17.74
  SINCE JAN 1      9.88                      9.89  -0.01    17.11

DEGREE DAYS
 HEATING
  YESTERDAY        0                         0      0        0
  MONTH TO DATE    0                         0      0        0
  SINCE SEP 1      0                         0      0        0
  SINCE JUL 1      0                         0      0        0

 COOLING
  YESTERDAY        7                        10     -3       12
  MONTH TO DATE  167                       180    -13      175
  SINCE SEP 1    167                       180    -13      175
  SINCE JAN 1   1613                      1650    -37     1715
..................................................................


WIND (MPH)
  HIGHEST WIND SPEED    20   HIGHEST WIND DIRECTION    NE (60)
  HIGHEST GUST SPEED    24   HIGHEST GUST DIRECTION    NE (60)
  AVERAGE WIND SPEED     8.0


SKY COVER
  POSSIBLE SUNSHINE  MM
  AVERAGE SKY COVER 0.8


WEATHER CONDITIONS
 THE FOLLOWING WEATHER WAS RECORDED YESTERDAY.
  HEAVY RAIN
  RAIN
  LIGHT RAIN
  FOG


RELATIVE HUMIDITY (PERCENT)
 HIGHEST    93
 LOWEST     60
 AVERAGE    77

..........................................................


THE DOUGLAS AZ CLIMATE NORMALS FOR TODAY
                         NORMAL    RECORD    YEAR
 MAXIMUM TEMPERATURE (F)   89        98      1956
 MINIMUM TEMPERATURE (F)   59        49      2006


SUNRISE AND SUNSET
SEPTEMBER 17 2014.....SUNRISE   604 AM MST   SUNSET   621 PM MST
SEPTEMBER 18 2014.....SUNRISE   604 AM MST   SUNSET   620 PM MST


-  INDICATES NEGATIVE NUMBERS.
R  INDICATES RECORD WAS SET OR TIED.
MM INDICATES DATA IS MISSING.
T  INDICATES TRACE AMOUNT.




$$
