000
CDUS45 KTWC 300025
CLIDUG

CLIMATE REPORT
NATIONAL WEATHER SERVICE TUCSON AZ
525 PM MST SUN MAR 29 2015


...................................

...THE DOUGLAS AZ CLIMATE SUMMARY FOR MARCH 29 2015...
VALID TODAY AS OF 0500 PM LOCAL TIME.

CLIMATE NORMAL PERIOD 1981 TO 2010
CLIMATE RECORD PERIOD 1948 TO 2015


WEATHER ITEM   OBSERVED TIME   RECORD YEAR NORMAL DEPARTURE LAST
                VALUE   (LST)  VALUE       VALUE  FROM      YEAR
                                                  NORMAL
..................................................................
TEMPERATURE (F)
 TODAY
  MAXIMUM         83    422 PM  85    2012  75      8       81
                                      1971
  MINIMUM         44    328 AM  21    1972  39      5       36
  AVERAGE         64                        57      7       59

PRECIPITATION (IN)
  TODAY            0.00                      0.01  -0.01     0.00
  MONTH TO DATE    0.92                      0.48   0.44     0.44
  SINCE OCT 1      4.40                      4.42  -0.02     1.26
  SINCE JAN 1      2.43                      1.87   0.56     0.44

DEGREE DAYS
 HEATING
  TODAY            1                         8     -7        6
  MONTH TO DATE  238                       309    -71      239
  SINCE MAR 1    238                       309    -71      239
  SINCE JUL 1   2076                      2345   -269     2203

 COOLING
  TODAY            0                         0      0        0
  MONTH TO DATE    0                         0      0        0
  SINCE MAR 1      0                         0      0        0
  SINCE JAN 1      0                         0      0        0
..................................................................


WIND (MPH)
  HIGHEST WIND SPEED    14   HIGHEST WIND DIRECTION     S (180)
  HIGHEST GUST SPEED    18   HIGHEST GUST DIRECTION     S (190)
  AVERAGE WIND SPEED     4.3


SKY COVER
  POSSIBLE SUNSHINE  MM
  AVERAGE SKY COVER 0.0


WEATHER CONDITIONS
 THE FOLLOWING WEATHER WAS RECORDED TODAY.
  NO SIGNIFICANT WEATHER WAS OBSERVED.


RELATIVE HUMIDITY (PERCENT)
 HIGHEST    45
 LOWEST     10
 AVERAGE    28

..........................................................


THE DOUGLAS AZ CLIMATE NORMALS FOR TOMORROW
                         NORMAL    RECORD    YEAR
 MAXIMUM TEMPERATURE (F)   75        88      1950
 MINIMUM TEMPERATURE (F)   39        22      1987


SUNRISE AND SUNSET
MARCH 29 2015.........SUNRISE   611 AM MST   SUNSET   636 PM MST
MARCH 30 2015.........SUNRISE   610 AM MST   SUNSET   636 PM MST


-  INDICATES NEGATIVE NUMBERS.
R  INDICATES RECORD WAS SET OR TIED.
MM INDICATES DATA IS MISSING.
T  INDICATES TRACE AMOUNT.




$$
