000
CDUS45 KTWC 010729 RRA
CLIDUG

CLIMATE REPORT
NATIONAL WEATHER SERVICE TUCSON AZ
1229 AM MST SUN MAY 1 2016


...................................

...THE DOUGLAS AZ CLIMATE SUMMARY FOR APRIL 30 2016...

CLIMATE NORMAL PERIOD 1981 TO 2010
CLIMATE RECORD PERIOD 1948 TO 2016


WEATHER ITEM   OBSERVED TIME   RECORD YEAR NORMAL DEPARTURE LAST
                VALUE   (LST)  VALUE       VALUE  FROM      YEAR
                                                  NORMAL
..................................................................
TEMPERATURE (F)
 YESTERDAY
  MAXIMUM         79    415 PM  97    1992  84     -5       86
  MINIMUM         42    546 AM  27    1970  47     -5       38
  AVERAGE         61                        65     -4       62

PRECIPITATION (IN)
  YESTERDAY        0.00          0.12 1951   0.01  -0.01     0.00
  MONTH TO DATE    0.04                      0.23  -0.19     0.40
  SINCE OCT 1      2.68                      4.67  -1.99     4.80
  SINCE JAN 1      1.47                      2.12  -0.65     2.83

DEGREE DAYS
 HEATING
  YESTERDAY        4                         2      2        3
  MONTH TO DATE  154                       138     16      143
  SINCE MAR 1    421                       465    -44      381
  SINCE JUL 1   2593                      2501     92     2219

 COOLING
  YESTERDAY        0                         2     -2        0
  MONTH TO DATE   18                        29    -11        0
  SINCE MAR 1     18                        30    -12        4
  SINCE JAN 1     18                        30    -12        4
..................................................................


WIND (MPH)
  HIGHEST WIND SPEED    30   HIGHEST WIND DIRECTION     S (190)
  HIGHEST GUST SPEED    36   HIGHEST GUST DIRECTION    SW (210)
  AVERAGE WIND SPEED    12.6


SKY COVER
  POSSIBLE SUNSHINE  MM
  AVERAGE SKY COVER 0.2


WEATHER CONDITIONS
 THE FOLLOWING WEATHER WAS RECORDED YESTERDAY.
  NO SIGNIFICANT WEATHER WAS OBSERVED.


RELATIVE HUMIDITY (PERCENT)
 HIGHEST    53
 LOWEST     10
 AVERAGE    32

..........................................................


THE DOUGLAS AZ CLIMATE NORMALS FOR TODAY
                         NORMAL    RECORD    YEAR
 MAXIMUM TEMPERATURE (F)   84        94      1992
 MINIMUM TEMPERATURE (F)   48        30      1967


SUNRISE AND SUNSET
MAY  1 2016...........SUNRISE   533 AM MST   SUNSET   658 PM MST
MAY  2 2016...........SUNRISE   532 AM MST   SUNSET   659 PM MST


-  INDICATES NEGATIVE NUMBERS.
R  INDICATES RECORD WAS SET OR TIED.
MM INDICATES DATA IS MISSING.
T  INDICATES TRACE AMOUNT.




$$
