000
CDUS45 KTWC 270742 RRA
CLIDUG

CLIMATE REPORT
NATIONAL WEATHER SERVICE TUCSON AZ
1241 AM MST MON MAR 27 2017


...................................

...THE DOUGLAS AZ CLIMATE SUMMARY FOR MARCH 26 2017...

CLIMATE NORMAL PERIOD 1981 TO 2010
CLIMATE RECORD PERIOD 1948 TO 2017


WEATHER ITEM   OBSERVED TIME   RECORD YEAR NORMAL DEPARTURE LAST
                VALUE   (LST)  VALUE       VALUE  FROM      YEAR
                                                  NORMAL
..................................................................
TEMPERATURE (F)
 YESTERDAY
  MAXIMUM         76    341 PM  89    1988  74      2       79
  MINIMUM         40    617 AM  23    1995  38      2       34
                                      1964
  AVERAGE         58                        56      2       57

PRECIPITATION (IN)
  YESTERDAY        0.00          0.39 1998   0.01  -0.01     0.00
  MONTH TO DATE    0.00                      0.45  -0.45     0.19
  SINCE OCT 1      2.97                      4.39  -1.42     2.64
  SINCE JAN 1      1.62                      1.84  -0.22     1.43

DEGREE DAYS
 HEATING
  YESTERDAY        7                         9     -2        8
  MONTH TO DATE  142                       284   -142      221
  SINCE MAR 1    142                       284   -142      221
  SINCE JUL 1   1935                      2320   -385     2393

 COOLING
  YESTERDAY        0                         0      0        0
  MONTH TO DATE    7                         0      7        0
  SINCE MAR 1      7                         0      7        0
  SINCE JAN 1      7                         0      7        0
..................................................................


WIND (MPH)
  HIGHEST WIND SPEED    20   HIGHEST WIND DIRECTION    SW (230)
  HIGHEST GUST SPEED    29   HIGHEST GUST DIRECTION    SW (230)
  AVERAGE WIND SPEED     8.3


SKY COVER
  POSSIBLE SUNSHINE  MM
  AVERAGE SKY COVER 0.0


WEATHER CONDITIONS
 THE FOLLOWING WEATHER WAS RECORDED YESTERDAY.
  NO SIGNIFICANT WEATHER WAS OBSERVED.


RELATIVE HUMIDITY (PERCENT)
 HIGHEST    49
 LOWEST     12
 AVERAGE    31

..........................................................


THE DOUGLAS AZ CLIMATE NORMALS FOR TODAY
                         NORMAL    RECORD    YEAR
 MAXIMUM TEMPERATURE (F)   74        87      1988
 MINIMUM TEMPERATURE (F)   39        27      2005


SUNRISE AND SUNSET
MARCH 27 2017.........SUNRISE   613 AM MST   SUNSET   635 PM MST
MARCH 28 2017.........SUNRISE   612 AM MST   SUNSET   635 PM MST


-  INDICATES NEGATIVE NUMBERS.
R  INDICATES RECORD WAS SET OR TIED.
MM INDICATES DATA IS MISSING.
T  INDICATES TRACE AMOUNT.




$$
