000
CDUS45 KTWC 300732
CLIDUG

CLIMATE REPORT
NATIONAL WEATHER SERVICE TUCSON AZ
1230 AM MST SAT AUG 30 2014


...................................

...THE DOUGLAS AZ CLIMATE SUMMARY FOR AUGUST 29 2014...

CLIMATE NORMAL PERIOD 1981 TO 2010
CLIMATE RECORD PERIOD 1948 TO 2014


WEATHER ITEM   OBSERVED TIME   RECORD YEAR NORMAL DEPARTURE LAST
                VALUE   (LST)  VALUE       VALUE  FROM      YEAR
                                                  NORMAL
..................................................................
TEMPERATURE (F)
 YESTERDAY
  MAXIMUM         92    453 PM 102    2011  92      0       84
  MINIMUM         57R   548 AM  57    1979  64     -7       67
                                      1970
                                      1951
  AVERAGE         75                        78     -3       76

PRECIPITATION (IN)
  YESTERDAY        0.00          1.24 2010   0.07  -0.07     0.57
  MONTH TO DATE    4.00                      2.92   1.08     3.82
  SINCE OCT 1     10.26                     11.43  -1.17    15.55
  SINCE JAN 1      9.44                      8.88   0.56    14.92

DEGREE DAYS
 HEATING
  YESTERDAY        0                         0      0        0
  MONTH TO DATE    0                         0      0        0
  SINCE JUN 1      0                         0      0        0
  SINCE JUL 1      0                         0      0        0

 COOLING
  YESTERDAY       10                        13     -3       11
  MONTH TO DATE  301                       379    -78      365
  SINCE JUN 1   1254                      1239     15     1319
  SINCE JAN 1   1422                      1440    -18     1519
..................................................................


WIND (MPH)
  HIGHEST WIND SPEED    12   HIGHEST WIND DIRECTION    SE (140)
  HIGHEST GUST SPEED    16   HIGHEST GUST DIRECTION    SW (210)
  AVERAGE WIND SPEED     3.5


SKY COVER
  POSSIBLE SUNSHINE  MM
  AVERAGE SKY COVER 0.0


WEATHER CONDITIONS
 THE FOLLOWING WEATHER WAS RECORDED YESTERDAY.
  NO SIGNIFICANT WEATHER WAS OBSERVED.


RELATIVE HUMIDITY (PERCENT)
 HIGHEST    80
 LOWEST     20
 AVERAGE    50

..........................................................


THE DOUGLAS AZ CLIMATE NORMALS FOR TODAY
                         NORMAL    RECORD    YEAR
 MAXIMUM TEMPERATURE (F)   92       104      2011
 MINIMUM TEMPERATURE (F)   64        53      1992
                                             1987


SUNRISE AND SUNSET
AUGUST 30 2014........SUNRISE   553 AM MST   SUNSET   644 PM MST
AUGUST 31 2014........SUNRISE   554 AM MST   SUNSET   643 PM MST


-  INDICATES NEGATIVE NUMBERS.
R  INDICATES RECORD WAS SET OR TIED.
MM INDICATES DATA IS MISSING.
T  INDICATES TRACE AMOUNT.

$$
