000
CDUS45 KTWC 270738 RRA
CLIDUG

CLIMATE REPORT
NATIONAL WEATHER SERVICE TUCSON AZ
1237 AM MST SAT AUG 27 2016

...................................

...THE DOUGLAS AZ CLIMATE SUMMARY FOR AUGUST 26 2016...

CLIMATE NORMAL PERIOD 1981 TO 2010
CLIMATE RECORD PERIOD 1948 TO 2016


WEATHER ITEM   OBSERVED TIME   RECORD YEAR NORMAL DEPARTURE LAST
                VALUE   (LST)  VALUE       VALUE  FROM      YEAR
                                                  NORMAL
..................................................................
TEMPERATURE (F)
 YESTERDAY
  MAXIMUM         87    342 PM 101    2011  92     -5       93
                                      2001
  MINIMUM         60    511 AM  56    1948  64     -4       68
  AVERAGE         74                        78     -4       81

PRECIPITATION (IN)
  YESTERDAY        0.00          0.86 1960   0.08  -0.08      T
  MONTH TO DATE    2.54                      2.71  -0.17     2.08
  SINCE OCT 1     11.37                     11.22   0.15    12.36
  SINCE JAN 1     10.16                      8.67   1.49    10.39

DEGREE DAYS
 HEATING
  YESTERDAY        0                         0      0        0
  MONTH TO DATE    0                         0      0        0
  SINCE JUN 1      0                         0      0        0
  SINCE JUL 1      0                         0      0        0

 COOLING
  YESTERDAY        9                        13     -4       16
  MONTH TO DATE  292                       340    -48      345
  SINCE JUN 1   1269                      1200     69     1182
  SINCE JAN 1   1417                      1401     16     1244
..................................................................


WIND (MPH)
  HIGHEST WIND SPEED    18   HIGHEST WIND DIRECTION    SW (220)
  HIGHEST GUST SPEED    25   HIGHEST GUST DIRECTION     W (250)
  AVERAGE WIND SPEED     6.5


SKY COVER
  POSSIBLE SUNSHINE  MM
  AVERAGE SKY COVER  MM


WEATHER CONDITIONS
 THE FOLLOWING WEATHER WAS RECORDED YESTERDAY.
  THUNDERSTORM


RELATIVE HUMIDITY (PERCENT)
 HIGHEST    90
 LOWEST     34
 AVERAGE    62

..........................................................


THE DOUGLAS AZ CLIMATE NORMALS FOR TODAY
                         NORMAL    RECORD    YEAR
 MAXIMUM TEMPERATURE (F)   92       102      2011
 MINIMUM TEMPERATURE (F)   64        53      1987


SUNRISE AND SUNSET
AUGUST 27 2016........SUNRISE   552 AM MST   SUNSET   647 PM MST
AUGUST 28 2016........SUNRISE   552 AM MST   SUNSET   646 PM MST


-  INDICATES NEGATIVE NUMBERS.
R  INDICATES RECORD WAS SET OR TIED.
MM INDICATES DATA IS MISSING.
T  INDICATES TRACE AMOUNT.

$$
