000
CDUS45 KTWC 220742
CLIDUG

CLIMATE REPORT
NATIONAL WEATHER SERVICE TUCSON AZ
1229 AM MST MON DEC 22 2014


...................................

...THE DOUGLAS AZ CLIMATE SUMMARY FOR DECEMBER 21 2014...

CLIMATE NORMAL PERIOD 1981 TO 2010
CLIMATE RECORD PERIOD 1948 TO 2014


WEATHER ITEM   OBSERVED TIME   RECORD YEAR NORMAL DEPARTURE LAST
                VALUE   (LST)  VALUE       VALUE  FROM      YEAR
                                                  NORMAL
..................................................................
TEMPERATURE (F)
 YESTERDAY
  MAXIMUM         60    433 PM  76    1955  62     -2       49
  MINIMUM         25    530 AM  14    2006  29     -4       34
                                      1973
  AVERAGE         43                        45     -2       42

PRECIPITATION (IN)
  YESTERDAY        0.00          0.39 1993   0.03  -0.03     0.00
  MONTH TO DATE    0.35                      0.67  -0.32     0.30
  SINCE OCT 1      1.72                      2.25  -0.53     0.82
  SINCE JAN 1     15.29                     12.80   2.49    17.93

DEGREE DAYS
 HEATING
  YESTERDAY       22                        20      2       23
  MONTH TO DATE  335                       392    -57      405
  SINCE DEC 1    335                       392    -57      405
  SINCE JUL 1    729                       827    -98      851

 COOLING
  YESTERDAY        0                         0      0        0
  MONTH TO DATE    0                         0      0        0
  SINCE DEC 1      0                         0      0        0
  SINCE JAN 1   1780                      1813    -33     1842
..................................................................


WIND (MPH)
  HIGHEST WIND SPEED    14   HIGHEST WIND DIRECTION    NW (330)
  HIGHEST GUST SPEED    16   HIGHEST GUST DIRECTION    NW (320)
  AVERAGE WIND SPEED     3.8


SKY COVER
  POSSIBLE SUNSHINE  MM
  AVERAGE SKY COVER 0.0


WEATHER CONDITIONS
 THE FOLLOWING WEATHER WAS RECORDED YESTERDAY.
  NO SIGNIFICANT WEATHER WAS OBSERVED.


RELATIVE HUMIDITY (PERCENT)
 HIGHEST    92
 LOWEST     31
 AVERAGE    62

..........................................................


THE DOUGLAS AZ CLIMATE NORMALS FOR TODAY
                         NORMAL    RECORD    YEAR
 MAXIMUM TEMPERATURE (F)   62        73      1955
 MINIMUM TEMPERATURE (F)   29         9      1968


SUNRISE AND SUNSET
DECEMBER 22 2014......SUNRISE   714 AM MST   SUNSET   520 PM MST
DECEMBER 23 2014......SUNRISE   715 AM MST   SUNSET   521 PM MST


-  INDICATES NEGATIVE NUMBERS.
R  INDICATES RECORD WAS SET OR TIED.
MM INDICATES DATA IS MISSING.
T  INDICATES TRACE AMOUNT.




$$
