000
CDUS45 KTWC 170730 RRA
CLIDUG

CLIMATE REPORT
NATIONAL WEATHER SERVICE TUCSON AZ
1229 AM MST WED JAN 17 2018


...................................

...THE DOUGLAS AZ CLIMATE SUMMARY FOR JANUARY 16 2018...

CLIMATE NORMAL PERIOD 1981 TO 2010
CLIMATE RECORD PERIOD 1948 TO 2018


WEATHER ITEM   OBSERVED TIME   RECORD YEAR NORMAL DEPARTURE LAST
                VALUE   (LST)  VALUE       VALUE  FROM      YEAR
                                                  NORMAL
..................................................................
TEMPERATURE (F)
 YESTERDAY
  MAXIMUM         54    102 PM  81    2000  63     -9       53
  MINIMUM         33   1159 PM   9    2013  30      3       33
  AVERAGE         44                        46     -2       43

PRECIPITATION (IN)
  YESTERDAY        0.00          0.44 1949   0.02  -0.02     0.00
  MONTH TO DATE    0.01                      0.37  -0.36     0.60
  SINCE OCT 1      0.84                      2.92  -2.08     1.95
  SINCE JAN 1      0.01                      0.37  -0.36     0.60

DEGREE DAYS
 HEATING
  YESTERDAY       21                        19      2       22
  MONTH TO DATE  236                       306    -70      254
  SINCE DEC 1    772                       895   -123      758
  SINCE JUL 1    970                      1330   -360     1094

 COOLING
  YESTERDAY        0                         0      0        0
  MONTH TO DATE    0                         0      0        0
  SINCE DEC 1      0                         0      0        0
  SINCE JAN 1      0                         0      0        0
..................................................................


WIND (MPH)
  HIGHEST WIND SPEED    23   HIGHEST WIND DIRECTION     E (90)
  HIGHEST GUST SPEED    27   HIGHEST GUST DIRECTION     E (90)
  AVERAGE WIND SPEED    10.6


SKY COVER
  POSSIBLE SUNSHINE  MM
  AVERAGE SKY COVER  MM


WEATHER CONDITIONS
 THE FOLLOWING WEATHER WAS RECORDED YESTERDAY.
  NO SIGNIFICANT WEATHER WAS OBSERVED.


RELATIVE HUMIDITY (PERCENT)
 HIGHEST    MM
 LOWEST     MM
 AVERAGE    MM

..........................................................


THE DOUGLAS AZ CLIMATE NORMALS FOR TODAY
                         NORMAL    RECORD    YEAR
 MAXIMUM TEMPERATURE (F)   63        82      2000
 MINIMUM TEMPERATURE (F)   30        13      2007


SUNRISE AND SUNSET
JANUARY 17 2018.......SUNRISE   718 AM MST   SUNSET   540 PM MST
JANUARY 18 2018.......SUNRISE   717 AM MST   SUNSET   541 PM MST


-  INDICATES NEGATIVE NUMBERS.
R  INDICATES RECORD WAS SET OR TIED.
MM INDICATES DATA IS MISSING.
T  INDICATES TRACE AMOUNT.




$$
