000
CDUS45 KTWC 270030 RRA
CLIDUG

CLIMATE REPORT
NATIONAL WEATHER SERVICE TUCSON AZ
528 PM MST SUN FEB 26 2017


...................................

...THE DOUGLAS AZ CLIMATE SUMMARY FOR FEBRUARY 26 2017...
VALID TODAY AS OF 0500 PM LOCAL TIME.

CLIMATE NORMAL PERIOD 1981 TO 2010
CLIMATE RECORD PERIOD 1948 TO 2017


WEATHER ITEM   OBSERVED TIME   RECORD YEAR NORMAL DEPARTURE LAST
                VALUE   (LST)  VALUE       VALUE  FROM      YEAR
                                                  NORMAL
..................................................................
TEMPERATURE (F)
 TODAY
  MAXIMUM         66    254 PM  84    1986  69     -3       79
  MINIMUM         41    611 AM  18    2013  35      6       30
  AVERAGE         54                        52      2       55

PRECIPITATION (IN)
  TODAY            0.00                      0.02  -0.02     0.00
  MONTH TO DATE    0.38                      0.61  -0.23     0.08
  SINCE OCT 1      2.97                      3.90  -0.93     2.45
  SINCE JAN 1      1.62                      1.35   0.27     1.24

DEGREE DAYS
 HEATING
  TODAY           11                        13     -2       10
  MONTH TO DATE  333                       405    -72      372
  SINCE DEC 1   1430                      1575   -145     1697
  SINCE JUL 1   1766                      2010   -244     2150
..................................................................


WIND (MPH)
  HIGHEST WIND SPEED    29   HIGHEST WIND DIRECTION     W (260)
  HIGHEST GUST SPEED    40   HIGHEST GUST DIRECTION     W (260)
  AVERAGE WIND SPEED    11.0


SKY COVER
  POSSIBLE SUNSHINE  MM
  AVERAGE SKY COVER 0.6


WEATHER CONDITIONS
 THE FOLLOWING WEATHER WAS RECORDED TODAY.
  NO SIGNIFICANT WEATHER WAS OBSERVED.


RELATIVE HUMIDITY (PERCENT)
 HIGHEST    36
 LOWEST     11
 AVERAGE    24

..........................................................


THE DOUGLAS AZ CLIMATE NORMALS FOR TOMORROW
                         NORMAL    RECORD    YEAR
 MAXIMUM TEMPERATURE (F)   69        82      2016
 MINIMUM TEMPERATURE (F)   35        17      1964


SUNRISE AND SUNSET
FEBRUARY 26 2017......SUNRISE   648 AM MST   SUNSET   615 PM MST
FEBRUARY 27 2017......SUNRISE   647 AM MST   SUNSET   615 PM MST


-  INDICATES NEGATIVE NUMBERS.
R  INDICATES RECORD WAS SET OR TIED.
MM INDICATES DATA IS MISSING.
T  INDICATES TRACE AMOUNT.




$$
