000
CDUS45 KTWC 040730
CLIDUG


CLIMATE REPORT
NATIONAL WEATHER SERVICE TUCSON AZ
1229 AM MST TUE AUG 4 2015


...................................

...THE DOUGLAS AZ CLIMATE SUMMARY FOR AUGUST 3 2015...

CLIMATE NORMAL PERIOD 1981 TO 2010
CLIMATE RECORD PERIOD 1948 TO 2015


WEATHER ITEM   OBSERVED TIME   RECORD YEAR NORMAL DEPARTURE LAST
                VALUE   (LST)  VALUE       VALUE  FROM      YEAR
                                                  NORMAL
..................................................................
TEMPERATURE (F)
 YESTERDAY
  MAXIMUM         MM        MM 103    1995  92     MM       87
  MINIMUM         MM        MM  57    1953  65     MM       62
  AVERAGE         MM                        78     MM       75

PRECIPITATION (IN)
  YESTERDAY        0.00          1.35 1989   0.12  -0.12     0.01
  MONTH TO DATE    0.00                      0.38  -0.38     0.66
  SINCE OCT 1     10.28                      8.89   1.39     6.92
  SINCE JAN 1      8.31                      6.34   1.97     6.10

DEGREE DAYS
 HEATING
  YESTERDAY       MM                         0     MM        0
  MONTH TO DATE   MM                         0     MM        0
  SINCE JUN 1      0                         0      0        0
  SINCE JUL 1      0                         0      0        0

 COOLING
  YESTERDAY       MM                        13     MM       10
  MONTH TO DATE   MM                        41     MM       27
  SINCE JUN 1    837                       901    -64      980
  SINCE JAN 1    899                      1102   -203     1148
..................................................................


WIND (MPH)
  HIGHEST WIND SPEED    16   HIGHEST WIND DIRECTION     S (170)
  HIGHEST GUST SPEED    MM   HIGHEST GUST DIRECTION    MM
  AVERAGE WIND SPEED     6.9


SKY COVER
  POSSIBLE SUNSHINE  MM
  AVERAGE SKY COVER 0.0


WEATHER CONDITIONS
 THE FOLLOWING WEATHER WAS RECORDED YESTERDAY.
  THUNDERSTORM


RELATIVE HUMIDITY (PERCENT)
 HIGHEST    61
 LOWEST     19
 AVERAGE    40

..........................................................


THE DOUGLAS AZ CLIMATE NORMALS FOR TODAY
                         NORMAL    RECORD    YEAR
 MAXIMUM TEMPERATURE (F)   92       102      1995
 MINIMUM TEMPERATURE (F)   65        58      1973
                                             1953


SUNRISE AND SUNSET
AUGUST  4 2015........SUNRISE   537 AM MST   SUNSET   712 PM MST
AUGUST  5 2015........SUNRISE   537 AM MST   SUNSET   711 PM MST


-  INDICATES NEGATIVE NUMBERS.
R  INDICATES RECORD WAS SET OR TIED.
MM INDICATES DATA IS MISSING.
T  INDICATES TRACE AMOUNT.




$$
