000
CDUS45 KTWC 041434
CLIDUG

CLIMATE REPORT
NATIONAL WEATHER SERVICE TUCSON AZ
726 AM MST FRI SEP 4 2015


...................................

...THE DOUGLAS AZ CLIMATE SUMMARY FOR SEPTEMBER 4 2015...
VALID AS OF 0700 AM LOCAL TIME.

CLIMATE NORMAL PERIOD 1981 TO 2010
CLIMATE RECORD PERIOD 1948 TO 2015


WEATHER ITEM   OBSERVED TIME   RECORD YEAR NORMAL DEPARTURE LAST
                VALUE   (LST)  VALUE       VALUE  FROM      YEAR
                                                  NORMAL
..................................................................
TEMPERATURE (F)
 TODAY
  MINIMUM         61   1206 AM  50    1961  63     -2       67

PRECIPITATION (IN)
  TODAY            T             0.76 1991   0.06  -0.06      T
  MONTH TO DATE    T                         0.23  -0.23     0.03
  SINCE OCT 1     13.33                     11.79   1.54    10.29
  SINCE JAN 1     11.36                      9.24   2.12     9.47

DEGREE DAYS
 HEATING
  TODAY            2                         0      2        0

 COOLING
  TODAY            0                        12    -12       15
..................................................................


WIND (MPH)
  HIGHEST WIND SPEED     7   HIGHEST WIND DIRECTION     E (100)
  HIGHEST GUST SPEED     7   HIGHEST GUST DIRECTION    SE (130)
  AVERAGE WIND SPEED     2.3


SKY COVER
  POSSIBLE SUNSHINE  MM
  AVERAGE SKY COVER 0.6


WEATHER CONDITIONS
 THE FOLLOWING WEATHER WAS RECORDED TODAY.
  LIGHT RAIN
  FOG


RELATIVE HUMIDITY (PERCENT)
 HIGHEST    97          1200 AM

..........................................................


THE DOUGLAS AZ CLIMATE NORMALS FOR TOMORROW
                         NORMAL    RECORD    YEAR
 MAXIMUM TEMPERATURE (F)   92        99      1952
 MINIMUM TEMPERATURE (F)   62        53      1965


SUNRISE AND SUNSET
SEPTEMBER  4 2015.....SUNRISE   556 AM MST   SUNSET   638 PM MST
SEPTEMBER  5 2015.....SUNRISE   556 AM MST   SUNSET   637 PM MST


-  INDICATES NEGATIVE NUMBERS.
R  INDICATES RECORD WAS SET OR TIED.
MM INDICATES DATA IS MISSING.
T  INDICATES TRACE AMOUNT.




$$
