000
CDUS45 KTWC 190738
CLIDUG

CLIMATE REPORT
NATIONAL WEATHER SERVICE TUCSON AZ
1237 AM MST SAT AUG 19 2017

...................................

...THE DOUGLAS AZ CLIMATE SUMMARY FOR AUGUST 18 2017...

CLIMATE NORMAL PERIOD 1981 TO 2010
CLIMATE RECORD PERIOD 1948 TO 2017


WEATHER ITEM   OBSERVED TIME   RECORD YEAR NORMAL DEPARTURE LAST
                VALUE   (LST)  VALUE       VALUE  FROM      YEAR
                                                  NORMAL
..................................................................
TEMPERATURE (F)
 YESTERDAY
  MAXIMUM         93    352 PM  99    2009  92      1       95
                                      1973
  MINIMUM         58    611 AM  55    2016  65     -7       55
                                      1979
  AVERAGE         76                        78     -2       75

PRECIPITATION (IN)
  YESTERDAY        0.00          1.18 1971   0.09  -0.09     0.00
  MONTH TO DATE    1.46                      2.04  -0.58     2.36
  SINCE OCT 1      9.50                     10.55  -1.05    11.19
  SINCE JAN 1      8.15                      8.00   0.15     9.98

DEGREE DAYS
 HEATING
  YESTERDAY        0                         0      0        0
  MONTH TO DATE    0                         0      0        0
  SINCE JUN 1      0                         0      0        0
  SINCE JUL 1      0                         0      0        0

 COOLING
  YESTERDAY       11                        13     -2       10
  MONTH TO DATE  237                       236      1      208
  SINCE JUN 1   1168                      1096     72     1185
  SINCE JAN 1   1361                      1297     64     1333
..................................................................


WIND (MPH)
  HIGHEST WIND SPEED    14   HIGHEST WIND DIRECTION     S (190)
  HIGHEST GUST SPEED    18   HIGHEST GUST DIRECTION     S (200)
  AVERAGE WIND SPEED     4.9


SKY COVER
  POSSIBLE SUNSHINE  MM
  AVERAGE SKY COVER 0.1


WEATHER CONDITIONS
 THE FOLLOWING WEATHER WAS RECORDED YESTERDAY.
  NO SIGNIFICANT WEATHER WAS OBSERVED.


RELATIVE HUMIDITY (PERCENT)
 HIGHEST    78
 LOWEST     20
 AVERAGE    49

..........................................................


THE DOUGLAS AZ CLIMATE NORMALS FOR TODAY
                         NORMAL    RECORD    YEAR
 MAXIMUM TEMPERATURE (F)   92        99      2009
 MINIMUM TEMPERATURE (F)   65        58      1990


SUNRISE AND SUNSET
AUGUST 19 2017........SUNRISE   546 AM MST   SUNSET   657 PM MST
AUGUST 20 2017........SUNRISE   547 AM MST   SUNSET   656 PM MST


-  INDICATES NEGATIVE NUMBERS.
R  INDICATES RECORD WAS SET OR TIED.
MM INDICATES DATA IS MISSING.
T  INDICATES TRACE AMOUNT.

$$
