000
CDUS45 KTWC 240736 RRA
CLIDUG

CLIMATE REPORT
NATIONAL WEATHER SERVICE TUCSON AZ
1235 AM MST SUN JUL 24 2016

...................................

...THE DOUGLAS AZ CLIMATE SUMMARY FOR JULY 23 2016...

CLIMATE NORMAL PERIOD 1981 TO 2010
CLIMATE RECORD PERIOD 1948 TO 2016


WEATHER ITEM   OBSERVED TIME   RECORD YEAR NORMAL DEPARTURE LAST
                VALUE   (LST)  VALUE       VALUE  FROM      YEAR
                                                  NORMAL
..................................................................
TEMPERATURE (F)
 YESTERDAY
  MAXIMUM         99    458 PM 100    2003  93      6       89
  MINIMUM         69    558 AM  56    1986  66      3       66
  AVERAGE         84                        79      5       78

PRECIPITATION (IN)
  YESTERDAY        0.00          2.02 2015   0.11  -0.11     2.02
  MONTH TO DATE    3.31                      1.98   1.33     4.25
  SINCE OCT 1      7.85                      7.54   0.31    10.24
  SINCE JAN 1      6.64                      4.99   1.65     8.27

DEGREE DAYS
 HEATING
  YESTERDAY        0                         0      0        0
  MONTH TO DATE    0                         0      0        0
  SINCE JUN 1      0                         0      0        0
  SINCE JUL 1      0                         0      0        0

 COOLING
  YESTERDAY       19                        14      5       13
  MONTH TO DATE  384                       356     28      324
  SINCE JUN 1    852                       751    101      780
  SINCE JAN 1   1000                       952     48      842
..................................................................


WIND (MPH)
  HIGHEST WIND SPEED    14   HIGHEST WIND DIRECTION    NW (330)
  HIGHEST GUST SPEED    17   HIGHEST GUST DIRECTION    NW (330)
  AVERAGE WIND SPEED     7.1


SKY COVER
  POSSIBLE SUNSHINE  MM
  AVERAGE SKY COVER  MM


WEATHER CONDITIONS
 THE FOLLOWING WEATHER WAS RECORDED YESTERDAY.
  THUNDERSTORM


RELATIVE HUMIDITY (PERCENT)
 HIGHEST    73
 LOWEST     22
 AVERAGE    48

..........................................................


THE DOUGLAS AZ CLIMATE NORMALS FOR TODAY
                         NORMAL    RECORD    YEAR
 MAXIMUM TEMPERATURE (F)   93       102      1963
 MINIMUM TEMPERATURE (F)   66        58      1958


SUNRISE AND SUNSET
JULY 24 2016..........SUNRISE   530 AM MST   SUNSET   719 PM MST
JULY 25 2016..........SUNRISE   531 AM MST   SUNSET   719 PM MST


-  INDICATES NEGATIVE NUMBERS.
R  INDICATES RECORD WAS SET OR TIED.
MM INDICATES DATA IS MISSING.
T  INDICATES TRACE AMOUNT.

$$
