000
CDUS43 KDVN 270936
CLIDVN


CLIMATE REPORT
NATIONAL WEATHER SERVICE QUAD CITIES IA IL
434 AM CDT WED MAY 27 2015


...................................

...THE DAVENPORT IA CLIMATE SUMMARY FOR MAY 26 2015...

CLIMATE NORMAL PERIOD 1981 TO 2010
CLIMATE RECORD PERIOD 9999 TO 9999


WEATHER ITEM   OBSERVED TIME   RECORD YEAR NORMAL DEPARTURE LAST
                VALUE   (LST)  VALUE       VALUE  FROM      YEAR
                                                  NORMAL
..................................................................
TEMPERATURE (F)
 YESTERDAY
  MAXIMUM         76   1221 PM  MM      MM  75      1       86
  MINIMUM         64   1159 PM  MM      MM  53     11       64
  AVERAGE         70                        64      6       75

PRECIPITATION (IN)
  YESTERDAY        1.12         MM      MM   0.13   0.99     0.35
  MONTH TO DATE    5.10                      3.59   1.51     3.66
  SINCE MAR 1      7.85                      9.62  -1.77     8.76
  SINCE JAN 1     10.42                     12.15  -1.73    11.55

SNOWFALL (IN)
  YESTERDAY        0.0          MM      MM  MM     MM        0.0
  MONTH TO DATE    T                        MM     MM         T
  SINCE MAR 1      0.3                      MM     MM        7.4
  SINCE JUL 1     32.5                      MM     MM       50.2
  SNOW DEPTH       0

DEGREE DAYS
 HEATING
  YESTERDAY        0                         3     -3        0
  MONTH TO DATE  116                       169    -53      173
  SINCE MAR 1   1406                      1448    -42     1689
  SINCE JUL 1   6902                      6473    429     7552

 COOLING
  YESTERDAY        5                         3      2       10
  MONTH TO DATE   59                        40     19       59
  SINCE MAR 1     60                        46     14       65
  SINCE JAN 1     60                        46     14       65
..................................................................


WIND (MPH)
  HIGHEST WIND SPEED    32   HIGHEST WIND DIRECTION     W (260)
  HIGHEST GUST SPEED    41   HIGHEST GUST DIRECTION    SW (240)
  AVERAGE WIND SPEED    15.1


SKY COVER
  POSSIBLE SUNSHINE  MM
  AVERAGE SKY COVER 0.6


WEATHER CONDITIONS
 THE FOLLOWING WEATHER WAS RECORDED YESTERDAY.
  THUNDERSTORM
  HEAVY RAIN
  RAIN
  LIGHT RAIN
  FOG


RELATIVE HUMIDITY (PERCENT)
 HIGHEST    90           800 AM
 LOWEST     61           400 PM
 AVERAGE    76

..........................................................


THE DAVENPORT IA CLIMATE NORMALS FOR TODAY
                         NORMAL    RECORD    YEAR
 MAXIMUM TEMPERATURE (F)   76        MM        MM
 MINIMUM TEMPERATURE (F)   54        MM        MM


SUNRISE AND SUNSET
MAY 27 2015...........SUNRISE   533 AM CDT   SUNSET   826 PM CDT
MAY 28 2015...........SUNRISE   533 AM CDT   SUNSET   827 PM CDT


-  INDICATES NEGATIVE NUMBERS.
R  INDICATES RECORD WAS SET OR TIED.
MM INDICATES DATA IS MISSING.
T  INDICATES TRACE AMOUNT.




$$
