000
CDUS43 KDVN 210926
CLIDVN


CLIMATE REPORT
NATIONAL WEATHER SERVICE QUAD CITIES IA IL
424 AM CDT THU SEP 21 2017


...................................

...THE DAVENPORT IA CLIMATE SUMMARY FOR SEPTEMBER 20 2017...

CLIMATE NORMAL PERIOD 1981 TO 2010
CLIMATE RECORD PERIOD 9999 TO 9999


WEATHER ITEM   OBSERVED TIME   RECORD YEAR NORMAL DEPARTURE LAST
                VALUE   (LST)  VALUE       VALUE  FROM      YEAR
                                                  NORMAL
..................................................................
TEMPERATURE (F)
 YESTERDAY
  MAXIMUM         93    237 PM  MM      MM  74     19       88
  MINIMUM         66    956 PM  MM      MM  50     16       62
  AVERAGE         80                        62     18       75

PRECIPITATION (IN)
  YESTERDAY        3.40         MM      MM   0.12   3.28     0.00
  MONTH TO DATE    3.41                      1.97   1.44     2.32
  SINCE SEP 1      3.41                      1.97   1.44     2.32
  SINCE JAN 1     30.84                     27.79   3.05    34.80

SNOWFALL (IN)
  YESTERDAY        T            MM      MM  MM     MM        0.0
  MONTH TO DATE    T                        MM     MM        0.0
  SINCE SEP 1      T                        MM     MM        0.0
  SINCE JUL 1      T                        MM     MM        0.0
  SNOW DEPTH       0

DEGREE DAYS
 HEATING
  YESTERDAY        0                         5     -5        0
  MONTH TO DATE   46                        53     -7        3
  SINCE SEP 1     46                        53     -7        3
  SINCE JUL 1     58                        67     -9        7

 COOLING
  YESTERDAY       15                         2     13       10
  MONTH TO DATE   54                        58     -4      122
  SINCE SEP 1     54                        58     -4      122
  SINCE JAN 1    675                       762    -87      974
..................................................................


WIND (MPH)
  HIGHEST WIND SPEED    40   HIGHEST WIND DIRECTION     S (170)
  HIGHEST GUST SPEED    54   HIGHEST GUST DIRECTION     S (170)
  AVERAGE WIND SPEED    13.1


SKY COVER
  POSSIBLE SUNSHINE  MM
  AVERAGE SKY COVER 0.3


WEATHER CONDITIONS
 THE FOLLOWING WEATHER WAS RECORDED YESTERDAY.
  THUNDERSTORM
  HEAVY RAIN
  RAIN
  LIGHT RAIN
  HAIL
  FOG


RELATIVE HUMIDITY (PERCENT)
 HIGHEST    93          1000 PM
 LOWEST     49           200 PM
 AVERAGE    71

..........................................................


THE DAVENPORT IA CLIMATE NORMALS FOR TODAY
                         NORMAL    RECORD    YEAR
 MAXIMUM TEMPERATURE (F)   73        MM        MM
 MINIMUM TEMPERATURE (F)   49        MM        MM


SUNRISE AND SUNSET
SEPTEMBER 21 2017.....SUNRISE   649 AM CDT   SUNSET   701 PM CDT
SEPTEMBER 22 2017.....SUNRISE   650 AM CDT   SUNSET   659 PM CDT


-  INDICATES NEGATIVE NUMBERS.
R  INDICATES RECORD WAS SET OR TIED.
MM INDICATES DATA IS MISSING.
T  INDICATES TRACE AMOUNT.




$$
