000
CDUS43 KDVN 231003
CLIDVN


CLIMATE REPORT
NATIONAL WEATHER SERVICE QUAD CITIES IA IL
402 AM CST TUE JAN 23 2018


...................................

...THE DAVENPORT IA CLIMATE SUMMARY FOR JANUARY 22 2018...

CLIMATE NORMAL PERIOD 1981 TO 2010
CLIMATE RECORD PERIOD 9999 TO 9999


WEATHER ITEM   OBSERVED TIME   RECORD YEAR NORMAL DEPARTURE LAST
                VALUE   (LST)  VALUE       VALUE  FROM      YEAR
                                                  NORMAL
..................................................................
TEMPERATURE (F)
 YESTERDAY
  MAXIMUM         57    112 PM  MM      MM  30     27       42
  MINIMUM         31    936 PM  MM      MM  13     18       28
  AVERAGE         44                        21     23       35

PRECIPITATION (IN)
  YESTERDAY        0.12         MM      MM   0.05   0.07     0.00
  MONTH TO DATE    0.34                      0.62  -0.28     1.03
  SINCE DEC 1      0.88                      2.35  -1.47     2.41
  SINCE JAN 1      0.34                      0.62  -0.28     1.03

SNOWFALL (IN)
  YESTERDAY        0.0          MM      MM  MM     MM        0.0
  MONTH TO DATE    1.8                      MM     MM         T
  SINCE DEC 1      8.2                      MM     MM       16.5
  SINCE JUL 1      8.3                      MM     MM       16.5
  SNOW DEPTH       0

DEGREE DAYS
 HEATING
  YESTERDAY       21                        44    -23       30
  MONTH TO DATE 1028                       967     61      866
  SINCE DEC 1   2258                      2199     59     2108
  SINCE JUL 1   3468                      3547    -79     2963

 COOLING
  YESTERDAY        0                         0      0        0
  MONTH TO DATE    0                         0      0        0
  SINCE DEC 1      0                         0      0        0
  SINCE JAN 1      0                         0      0        0
..................................................................


WIND (MPH)
  HIGHEST WIND SPEED    24   HIGHEST WIND DIRECTION     S (200)
  HIGHEST GUST SPEED    35   HIGHEST GUST DIRECTION     S (200)
  AVERAGE WIND SPEED    10.6


SKY COVER
  POSSIBLE SUNSHINE  MM
  AVERAGE SKY COVER 0.7


WEATHER CONDITIONS
 THE FOLLOWING WEATHER WAS RECORDED YESTERDAY.
  RAIN
  LIGHT RAIN
  FOG
  FOG W/VISIBILITY <= 1/4 MILE


RELATIVE HUMIDITY (PERCENT)
 HIGHEST   100           200 AM
 LOWEST     55           100 PM
 AVERAGE    78

..........................................................


THE DAVENPORT IA CLIMATE NORMALS FOR TODAY
                         NORMAL    RECORD    YEAR
 MAXIMUM TEMPERATURE (F)   30        MM        MM
 MINIMUM TEMPERATURE (F)   13        MM        MM


SUNRISE AND SUNSET
JANUARY 23 2018.......SUNRISE   722 AM CST   SUNSET   507 PM CST
JANUARY 24 2018.......SUNRISE   721 AM CST   SUNSET   508 PM CST


-  INDICATES NEGATIVE NUMBERS.
R  INDICATES RECORD WAS SET OR TIED.
MM INDICATES DATA IS MISSING.
T  INDICATES TRACE AMOUNT.




$$
