000
CDUS43 KDVN 271020
CLIDVN


CLIMATE REPORT
NATIONAL WEATHER SERVICE QUAD CITIES IA IL
419 AM CST SAT DEC 27 2014


...................................

...THE DAVENPORT IA CLIMATE SUMMARY FOR DECEMBER 26 2014...

CLIMATE NORMAL PERIOD 1981 TO 2010
CLIMATE RECORD PERIOD 9999 TO 9999


WEATHER ITEM   OBSERVED TIME   RECORD YEAR NORMAL DEPARTURE LAST
                VALUE   (LST)  VALUE       VALUE  FROM      YEAR
                                                  NORMAL
..................................................................
TEMPERATURE (F)
 YESTERDAY
  MAXIMUM         51    257 PM  MM      MM  30     21       36
  MINIMUM         39    644 AM  MM      MM  14     25        9
  AVERAGE         45                        22     23       23

PRECIPITATION (IN)
  YESTERDAY        T            MM      MM   0.04  -0.04     0.00
  MONTH TO DATE    0.75                      1.58  -0.83     1.06
  SINCE DEC 1      0.75                      1.58  -0.83     1.06
  SINCE JAN 1     34.18                     35.88  -1.70    34.83

SNOWFALL (IN)
  YESTERDAY        0.0          MM      MM  MM     MM        0.0
  MONTH TO DATE    T                        MM     MM       12.4
  SINCE DEC 1      T                        MM     MM       12.4
  SINCE JUL 1      4.0                      MM     MM       15.7
  SNOW DEPTH       0

DEGREE DAYS
 HEATING
  YESTERDAY       20                        43    -23       42
  MONTH TO DATE  850                      1017   -167     1178
  SINCE DEC 1    850                      1017   -167     1178
  SINCE JUL 1   2455                      2365     90     2591

 COOLING
  YESTERDAY        0                         0      0        0
  MONTH TO DATE    0                         0      0        0
  SINCE DEC 1      0                         0      0        0
  SINCE JAN 1    728                       786    -58      938
..................................................................


WIND (MPH)
  HIGHEST WIND SPEED    23   HIGHEST WIND DIRECTION     S (190)
  HIGHEST GUST SPEED    30   HIGHEST GUST DIRECTION     S (180)
  AVERAGE WIND SPEED    10.9


SKY COVER
  POSSIBLE SUNSHINE  MM
  AVERAGE SKY COVER 0.3


WEATHER CONDITIONS
 THE FOLLOWING WEATHER WAS RECORDED YESTERDAY.
  LIGHT RAIN


RELATIVE HUMIDITY (PERCENT)
 HIGHEST    82           700 PM
 LOWEST     54           300 PM
 AVERAGE    68

..........................................................


THE DAVENPORT IA CLIMATE NORMALS FOR TODAY
                         NORMAL    RECORD    YEAR
 MAXIMUM TEMPERATURE (F)   30        MM        MM
 MINIMUM TEMPERATURE (F)   14        MM        MM


SUNRISE AND SUNSET
DECEMBER 27 2014......SUNRISE   728 AM CST   SUNSET   439 PM CST
DECEMBER 28 2014......SUNRISE   728 AM CST   SUNSET   440 PM CST


-  INDICATES NEGATIVE NUMBERS.
R  INDICATES RECORD WAS SET OR TIED.
MM INDICATES DATA IS MISSING.
T  INDICATES TRACE AMOUNT.




$$
