000
CDUS43 KDVN 250932
CLIDVN


CLIMATE REPORT
NATIONAL WEATHER SERVICE QUAD CITIES IA IL
431 AM CDT THU MAY 25 2017


...................................

...THE DAVENPORT IA CLIMATE SUMMARY FOR MAY 24 2017...

CLIMATE NORMAL PERIOD 1981 TO 2010
CLIMATE RECORD PERIOD 9999 TO 9999


WEATHER ITEM   OBSERVED TIME   RECORD YEAR NORMAL DEPARTURE LAST
                VALUE   (LST)  VALUE       VALUE  FROM      YEAR
                                                  NORMAL
..................................................................
TEMPERATURE (F)
 YESTERDAY
  MAXIMUM         62    508 PM  MM      MM  75    -13       88
  MINIMUM         46    348 AM  MM      MM  53     -7       62
  AVERAGE         54                        64    -10       75

PRECIPITATION (IN)
  YESTERDAY        T            MM      MM   0.16  -0.16     0.00
  MONTH TO DATE    4.20                      3.30   0.90     1.90
  SINCE MAR 1     11.91                      9.33   2.58     7.44
  SINCE JAN 1     13.86                     11.86   2.00     8.22

SNOWFALL (IN)
  YESTERDAY        0.0          MM      MM  MM     MM        0.0
  MONTH TO DATE    T                        MM     MM        0.0
  SINCE MAR 1      6.1                      MM     MM        1.2
  SINCE JUL 1     25.2                      MM     MM       16.6
  SNOW DEPTH       0

DEGREE DAYS
 HEATING
  YESTERDAY       11                         4      7        0
  MONTH TO DATE  181                       162     19      178
  SINCE MAR 1   1344                      1441    -97     1283
  SINCE JUL 1   5400                      6466  -1066     5507

 COOLING
  YESTERDAY        0                         2     -2       10
  MONTH TO DATE   34                        34      0       19
  SINCE MAR 1     47                        40      7       30
  SINCE JAN 1     47                        40      7       30
..................................................................


WIND (MPH)
  HIGHEST WIND SPEED    17   HIGHEST WIND DIRECTION    NE (30)
  HIGHEST GUST SPEED    20   HIGHEST GUST DIRECTION     N (20)
  AVERAGE WIND SPEED    10.1


SKY COVER
  POSSIBLE SUNSHINE  MM
  AVERAGE SKY COVER 0.8


WEATHER CONDITIONS
 THE FOLLOWING WEATHER WAS RECORDED YESTERDAY.
  LIGHT RAIN
  FOG


RELATIVE HUMIDITY (PERCENT)
 HIGHEST   100           500 AM
 LOWEST     67           500 PM
 AVERAGE    84

..........................................................


THE DAVENPORT IA CLIMATE NORMALS FOR TODAY
                         NORMAL    RECORD    YEAR
 MAXIMUM TEMPERATURE (F)   75        MM        MM
 MINIMUM TEMPERATURE (F)   53        MM        MM


SUNRISE AND SUNSET
MAY 25 2017...........SUNRISE   534 AM CDT   SUNSET   825 PM CDT
MAY 26 2017...........SUNRISE   534 AM CDT   SUNSET   826 PM CDT


-  INDICATES NEGATIVE NUMBERS.
R  INDICATES RECORD WAS SET OR TIED.
MM INDICATES DATA IS MISSING.
T  INDICATES TRACE AMOUNT.




$$
