000
CDUS43 KDVN 101024
CLIDVN


CLIMATE REPORT
NATIONAL WEATHER SERVICE QUAD CITIES IA IL
424 AM CST WED FEB 10 2016


...................................

...THE DAVENPORT IA CLIMATE SUMMARY FOR FEBRUARY 9 2016...

CLIMATE NORMAL PERIOD 1981 TO 2010
CLIMATE RECORD PERIOD 9999 TO 9999


WEATHER ITEM   OBSERVED TIME   RECORD YEAR NORMAL DEPARTURE LAST
                VALUE   (LST)  VALUE       VALUE  FROM      YEAR
                                                  NORMAL
..................................................................
TEMPERATURE (F)
 YESTERDAY
  MAXIMUM         18    145 PM  MM      MM  32    -14       28
  MINIMUM         10   1159 PM  MM      MM  16     -6       13
  AVERAGE         14                        24    -10       21

PRECIPITATION (IN)
  YESTERDAY        T            MM      MM   0.05  -0.05     0.00
  MONTH TO DATE    0.31                      0.38  -0.07     1.39
  SINCE DEC 1      5.15                      3.30   1.85     3.17
  SINCE JAN 1      0.71                      1.57  -0.86     2.38

SNOWFALL (IN)
  YESTERDAY        0.2          MM      MM  MM     MM        0.0
  MONTH TO DATE    0.7                      MM     MM       12.5
  SINCE DEC 1      6.6                      MM     MM       24.4
  SINCE JUL 1     13.5                      MM     MM       28.4
  SNOW DEPTH       T

DEGREE DAYS
 HEATING
  YESTERDAY       51                        41     10       44
  MONTH TO DATE  330                       376    -46      434
  SINCE DEC 1   2487                      2964   -477     2849
  SINCE JUL 1   3550                      4312   -762     4454

 COOLING
  YESTERDAY        0                         0      0        0
  MONTH TO DATE    0                         0      0        0
  SINCE DEC 1      0                         0      0        0
  SINCE JAN 1      0                         0      0        0
..................................................................


WIND (MPH)
  HIGHEST WIND SPEED    25   HIGHEST WIND DIRECTION    NW (320)
  HIGHEST GUST SPEED    33   HIGHEST GUST DIRECTION    NW (300)
  AVERAGE WIND SPEED    17.6


SKY COVER
  POSSIBLE SUNSHINE  MM
  AVERAGE SKY COVER 0.5


WEATHER CONDITIONS
 THE FOLLOWING WEATHER WAS RECORDED YESTERDAY.
  LIGHT SNOW


RELATIVE HUMIDITY (PERCENT)
 HIGHEST    80          1200 AM
 LOWEST     61          1100 AM
 AVERAGE    71

..........................................................


THE DAVENPORT IA CLIMATE NORMALS FOR TODAY
                         NORMAL    RECORD    YEAR
 MAXIMUM TEMPERATURE (F)   33        MM        MM
 MINIMUM TEMPERATURE (F)   16        MM        MM


SUNRISE AND SUNSET
FEBRUARY 10 2016......SUNRISE   705 AM CST   SUNSET   529 PM CST
FEBRUARY 11 2016......SUNRISE   703 AM CST   SUNSET   530 PM CST


-  INDICATES NEGATIVE NUMBERS.
R  INDICATES RECORD WAS SET OR TIED.
MM INDICATES DATA IS MISSING.
T  INDICATES TRACE AMOUNT.




$$
