000
CDUS43 KDVN 010949
CLIDVN


CLIMATE REPORT
NATIONAL WEATHER SERVICE QUAD CITIES IA IL
440 AM CDT WED JUL 1 2015


...................................

...THE DAVENPORT IA CLIMATE SUMMARY FOR JUNE 30 2015...

CLIMATE NORMAL PERIOD 1981 TO 2010
CLIMATE RECORD PERIOD 9999 TO 9999


WEATHER ITEM   OBSERVED TIME   RECORD YEAR NORMAL DEPARTURE LAST
                VALUE   (LST)  VALUE       VALUE  FROM      YEAR
                                                  NORMAL
..................................................................
TEMPERATURE (F)
 YESTERDAY
  MAXIMUM         81    401 PM  MM      MM  84     -3       85
  MINIMUM         60    331 AM  MM      MM  63     -3       65
  AVERAGE         71                        73     -2       75

PRECIPITATION (IN)
  YESTERDAY        0.00         MM      MM   0.12  -0.12     3.18
  MONTH TO DATE    7.68                      4.19   3.49     8.23
  SINCE JUN 1      7.68                      4.19   3.49     8.23
  SINCE JAN 1     18.32                     17.00   1.32    19.79

SNOWFALL (IN)
  YESTERDAY        0.0          MM      MM  MM     MM        0.0
  MONTH TO DATE    0.0                      MM     MM        0.0
  SINCE JUN 1      0.0                      MM     MM        0.0
  SINCE JUL 1     32.5                      MM     MM       50.2
  SNOW DEPTH       0

DEGREE DAYS
 HEATING
  YESTERDAY        0                         0      0        0
  MONTH TO DATE    7                        22    -15        4
  SINCE JUN 1      7                        24    -17        4
  SINCE JUL 1   6924                      6511    413     7556

 COOLING
  YESTERDAY        6                         8     -2       10
  MONTH TO DATE  186                       182      4      213
  SINCE JUN 1    186                       182      4      213
  SINCE JAN 1    266                       243     23      321
..................................................................


WIND (MPH)
  HIGHEST WIND SPEED    12   HIGHEST WIND DIRECTION     N (360)
  HIGHEST GUST SPEED    14   HIGHEST GUST DIRECTION     N (360)
  AVERAGE WIND SPEED     5.9


SKY COVER
  POSSIBLE SUNSHINE  MM
  AVERAGE SKY COVER 0.2


WEATHER CONDITIONS
 THE FOLLOWING WEATHER WAS RECORDED YESTERDAY.
  FOG


RELATIVE HUMIDITY (PERCENT)
 HIGHEST    97           300 AM
 LOWEST     58          1200 PM
 AVERAGE    78

..........................................................


THE DAVENPORT IA CLIMATE NORMALS FOR TODAY
                         NORMAL    RECORD    YEAR
 MAXIMUM TEMPERATURE (F)   84        MM        MM
 MINIMUM TEMPERATURE (F)   63        MM        MM


SUNRISE AND SUNSET
JULY  1 2015..........SUNRISE   532 AM CDT   SUNSET   840 PM CDT
JULY  2 2015..........SUNRISE   532 AM CDT   SUNSET   840 PM CDT


-  INDICATES NEGATIVE NUMBERS.
R  INDICATES RECORD WAS SET OR TIED.
MM INDICATES DATA IS MISSING.
T  INDICATES TRACE AMOUNT.




$$

HAASE
