000
CDUS46 KOTX 310827
CLIEAT


CLIMATE REPORT
NATIONAL WEATHER SERVICE SPOKANE, WA
122 AM PDT SUN AUG 31 2014


...................................

...THE WENATCHEE WA PANGBORN FIELD CLIMATE SUMMARY FOR AUGUST 30 2014...

CLIMATE NORMAL PERIOD 1981 TO 2010
CLIMATE RECORD PERIOD 1959 TO 2014


WEATHER ITEM   OBSERVED TIME   RECORD YEAR NORMAL DEPARTURE LAST
                VALUE   (LST)  VALUE       VALUE  FROM      YEAR
                                                  NORMAL
..................................................................
TEMPERATURE (F)
 YESTERDAY
  MAXIMUM         76    517 PM  97    1998  82     -6       82
  MINIMUM         57    523 AM  45    1965  58     -1       58
  AVERAGE         67                        70     -3       70

PRECIPITATION (IN)
  YESTERDAY        T           0.42   1977  0.00   0.00     0.00
  MONTH TO DATE    0.83                     0.19   0.64     1.91
  SINCE OCT 1      4.52                     7.66  -3.14     9.68
  SINCE JAN 1      3.96                     4.71  -0.75     5.88

SNOWFALL (IN)
  YESTERDAY       MM                        0.0     MM       MM
  MONTH TO DATE   MM                        0.0     MM       MM
  SINCE JUN 1     MM                        0.0     MM       MM
  SINCE JUL 1     MM                        0.0     MM       MM
  SNOW DEPTH      MM

DEGREE DAYS
 HEATING
  YESTERDAY        0                         1     -1        0
  MONTH TO DATE    0                         2     -2        0
  SINCE JUN 1     15                        67    -52       35
  SINCE JUL 1      0                         9     -9        0

 COOLING
  YESTERDAY        2                         6     -4        5
  MONTH TO DATE  382                       263    119      291
  SINCE JUN 1   1029                       824    205      816
  SINCE JAN 1   1087                       971    116      876
..................................................................


WIND (MPH)
  HIGHEST WIND SPEED    18   HIGHEST WIND DIRECTION     W (290)
  HIGHEST GUST SPEED    21   HIGHEST GUST DIRECTION    NW (310)
  AVERAGE WIND SPEED     8.5


SKY COVER
  POSSIBLE SUNSHINE  MM
  AVERAGE SKY COVER 0.2


WEATHER CONDITIONS
 THE FOLLOWING WEATHER WAS RECORDED YESTERDAY.
  NO SIGNIFICANT WEATHER WAS OBSERVED.


RELATIVE HUMIDITY (PERCENT)
 HIGHEST    62           500 AM
 LOWEST     36           400 PM
 AVERAGE    49

..........................................................


THE WENATCHEE WA PANGBORN FIELD CLIMATE NORMALS FOR TODAY
                         NORMAL    RECORD    YEAR
 MAXIMUM TEMPERATURE (F)   82        99      1998
 MINIMUM TEMPERATURE (F)   57        45      1999


SUNRISE AND SUNSET
AUGUST 31 2014........SUNRISE   618 AM PDT   SUNSET   743 PM PDT
SEPTEMBER  1 2014.....SUNRISE   620 AM PDT   SUNSET   741 PM PDT


-  INDICATES NEGATIVE NUMBERS.
R  INDICATES RECORD WAS SET OR TIED.
MM INDICATES DATA IS MISSING.
T  INDICATES TRACE AMOUNT.

$$
