081
CDUS46 KOTX 190823
CLIEAT


CLIMATE REPORT
NATIONAL WEATHER SERVICE SPOKANE, WA
123 AM PDT THU OCT 19 2017


...................................

...THE WENATCHEE WA PANGBORN FIELD CLIMATE SUMMARY FOR OCTOBER 18 2017...

CLIMATE NORMAL PERIOD 1981 TO 2010
CLIMATE RECORD PERIOD 1959 TO 2017


WEATHER ITEM   OBSERVED TIME   RECORD YEAR NORMAL DEPARTURE LAST
                VALUE   (LST)  VALUE       VALUE  FROM      YEAR
                                                  NORMAL
..................................................................
TEMPERATURE (F)
 YESTERDAY
  MAXIMUM         57    904 PM  72    1974  60     -3       60
  MINIMUM         39    530 AM  26    1982  40     -1       45
  AVERAGE         48                        50     -2       53

PRECIPITATION (IN)
  YESTERDAY        T             0.16 2007   0.02  -0.02     0.05
  MONTH TO DATE    0.05                      0.19  -0.14     1.15
  SINCE OCT 1      0.05                      0.19  -0.14     1.15
  SINCE JAN 1      7.13                      5.25   1.88     8.50

SNOWFALL (IN)
  YESTERDAY       MM

DEGREE DAYS
 HEATING
  YESTERDAY       17                        15      2       12
  MONTH TO DATE  270                       200     70      224
  SINCE SEP 1    372                       298     74      293
  SINCE JUL 1    372                       312     60      297

 COOLING
  YESTERDAY        0                         0      0        0
  MONTH TO DATE    0                         0      0        0
  SINCE SEP 1    113                         2    111       28
  SINCE JAN 1   1058                       790    268      801
..................................................................


WIND (MPH)
  HIGHEST WIND SPEED    15   HIGHEST WIND DIRECTION    SE (150)
  HIGHEST GUST SPEED    19   HIGHEST GUST DIRECTION    SE (140)
  AVERAGE WIND SPEED     5.3


SKY COVER
  POSSIBLE SUNSHINE  MM
  AVERAGE SKY COVER 0.5


WEATHER CONDITIONS
 THE FOLLOWING WEATHER WAS RECORDED YESTERDAY.
  LIGHT RAIN


RELATIVE HUMIDITY (PERCENT)
 HIGHEST    80          1000 PM
 LOWEST     50           100 PM
 AVERAGE    65

..........................................................


THE WENATCHEE WA PANGBORN FIELD CLIMATE NORMALS FOR TODAY
                         NORMAL    RECORD    YEAR
 MAXIMUM TEMPERATURE (F)   59        75      1981
 MINIMUM TEMPERATURE (F)   40        25      1984


SUNRISE AND SUNSET
OCTOBER 19 2017.......SUNRISE   726 AM PDT   SUNSET   605 PM PDT
OCTOBER 20 2017.......SUNRISE   727 AM PDT   SUNSET   603 PM PDT


-  INDICATES NEGATIVE NUMBERS.
R  INDICATES RECORD WAS SET OR TIED.
MM INDICATES DATA IS MISSING.
T  INDICATES TRACE AMOUNT.




$$
