000
CDUS46 KOTX 280825
CLIEAT


CLIMATE REPORT
NATIONAL WEATHER SERVICE SPOKANE, WA
130 AM PDT SAT MAR 28 2015


...................................

...THE WENATCHEE WA PANGBORN FIELD CLIMATE SUMMARY FOR MARCH 27 2015...

CLIMATE NORMAL PERIOD 1981 TO 2010
CLIMATE RECORD PERIOD 1959 TO 2015


WEATHER ITEM   OBSERVED TIME   RECORD YEAR NORMAL DEPARTURE LAST
                VALUE   (LST)  VALUE       VALUE  FROM      YEAR
                                                  NORMAL
..................................................................
TEMPERATURE (F)
 YESTERDAY
  MAXIMUM         71    408 PM  75    1994  58     13       60
  MINIMUM         46    606 AM  24    1975  38      8       40
  AVERAGE         59                        48     11       50

PRECIPITATION (IN)
  YESTERDAY        0.00          0.64 2012   0.01  -0.01      T
  MONTH TO DATE    0.65                      0.57   0.08     0.60
  SINCE OCT 1      5.36                      5.39  -0.03     2.36
  SINCE JAN 1      2.18                      2.44  -0.26     1.80

DEGREE DAYS
 HEATING
  YESTERDAY        6                        17    -11       15
  MONTH TO DATE  399                       580   -181      568
  SINCE MAR 1    399                       580   -181      568
  SINCE JUL 1   4028                      5044  -1016     5138

 COOLING
  YESTERDAY        0                         0      0        0
  MONTH TO DATE    0                         0      0        0
  SINCE MAR 1      0                         0      0        0
  SINCE JAN 1      0                         0      0        0
..................................................................


WIND (MPH)
  HIGHEST WIND SPEED    33   HIGHEST WIND DIRECTION     W (270)
  HIGHEST GUST SPEED    39   HIGHEST GUST DIRECTION     W (270)
  AVERAGE WIND SPEED     6.4


SKY COVER
  POSSIBLE SUNSHINE  MM
  AVERAGE SKY COVER 0.1


WEATHER CONDITIONS
 THE FOLLOWING WEATHER WAS RECORDED YESTERDAY.
  NO SIGNIFICANT WEATHER WAS OBSERVED.


RELATIVE HUMIDITY (PERCENT)
 HIGHEST    86           500 AM
 LOWEST     43          1100 PM
 AVERAGE    65

..........................................................


THE WENATCHEE WA PANGBORN FIELD CLIMATE NORMALS FOR TODAY
                         NORMAL    RECORD    YEAR
 MAXIMUM TEMPERATURE (F)   58        78      1994
 MINIMUM TEMPERATURE (F)   38        22      1998


SUNRISE AND SUNSET
MARCH 28 2015.........SUNRISE   648 AM PDT   SUNSET   725 PM PDT
MARCH 29 2015.........SUNRISE   646 AM PDT   SUNSET   726 PM PDT


-  INDICATES NEGATIVE NUMBERS.
R  INDICATES RECORD WAS SET OR TIED.
MM INDICATES DATA IS MISSING.
T  INDICATES TRACE AMOUNT.




$$
