000
CDUS46 KOTX 170426
CLIEAT


CLIMATE REPORT
NATIONAL WEATHER SERVICE SPOKANE, WA
825 PM PST MON JAN 16 2017


...................................

...THE WENATCHEE WA PANGBORN FIELD CLIMATE SUMMARY FOR JANUARY 16 2017...
VALID TODAY AS OF 0800 PM LOCAL TIME.

CLIMATE NORMAL PERIOD 1981 TO 2010
CLIMATE RECORD PERIOD 1959 TO 2017


WEATHER ITEM   OBSERVED TIME   RECORD YEAR NORMAL DEPARTURE LAST
                VALUE   (LST)  VALUE       VALUE  FROM      YEAR
                                                  NORMAL
..................................................................
TEMPERATURE (F)
 TODAY
  MAXIMUM         14    345 PM  55    1994  34    -20       34
  MINIMUM         12    757 PM   6    1997  25    -13       26
  AVERAGE         13                        30    -17       30

PRECIPITATION (IN)
  TODAY            T             0.52 1971   0.04  -0.04     0.21
  MONTH TO DATE    0.30                      0.59  -0.29     0.92
  SINCE OCT 1      3.12                      3.54  -0.42     4.78
  SINCE JAN 1      0.30                      0.59  -0.29     0.92

SNOWFALL (IN)
  TODAY           MM

DEGREE DAYS
 HEATING
  TODAY           52                        35     17       35
  MONTH TO DATE  827                       589    238      521
  SINCE DEC 1   2109                      1737    372     1579
  SINCE JUL 1   3186                      3109     77     2644

 COOLING
  TODAY            0                         0      0        0
  MONTH TO DATE    0                         0      0        0
  SINCE DEC 1      0                         0      0        0
  SINCE JAN 1      0                         0      0        0
..................................................................


WIND (MPH)
  HIGHEST WIND SPEED    10   HIGHEST WIND DIRECTION     E (100)
  HIGHEST GUST SPEED    14   HIGHEST GUST DIRECTION    SE (130)
  AVERAGE WIND SPEED     6.5


SKY COVER
  POSSIBLE SUNSHINE  MM
  AVERAGE SKY COVER 1.0


WEATHER CONDITIONS
 THE FOLLOWING WEATHER WAS RECORDED TODAY.
  LIGHT SNOW
  FOG
  HAZE


RELATIVE HUMIDITY (PERCENT)
 HIGHEST    92          1200 AM
 LOWEST     80           200 PM
 AVERAGE    86

..........................................................


THE WENATCHEE WA PANGBORN FIELD CLIMATE NORMALS FOR TOMORROW
                         NORMAL    RECORD    YEAR
 MAXIMUM TEMPERATURE (F)   35        54      2011
 MINIMUM TEMPERATURE (F)   25         7      2007
                                             1984


SUNRISE AND SUNSET
JANUARY 16 2017.......SUNRISE   743 AM PST   SUNSET   439 PM PST
JANUARY 17 2017.......SUNRISE   742 AM PST   SUNSET   441 PM PST


-  INDICATES NEGATIVE NUMBERS.
R  INDICATES RECORD WAS SET OR TIED.
MM INDICATES DATA IS MISSING.
T  INDICATES TRACE AMOUNT.




$$
