824
CDUS46 KOTX 240835
CLIEAT


CLIMATE REPORT
NATIONAL WEATHER SERVICE SPOKANE, WA
135 AM PDT SAT JUN 24 2017


...................................

...THE WENATCHEE WA PANGBORN FIELD CLIMATE SUMMARY FOR JUNE 23 2017...

CLIMATE NORMAL PERIOD 1981 TO 2010
CLIMATE RECORD PERIOD 1959 TO 2017


WEATHER ITEM   OBSERVED TIME   RECORD YEAR NORMAL DEPARTURE LAST
                VALUE   (LST)  VALUE       VALUE  FROM      YEAR
                                                  NORMAL
..................................................................
TEMPERATURE (F)
 YESTERDAY
  MAXIMUM         87    243 PM 105    1992  80      7       78
  MINIMUM         54    452 AM  46    2009  56     -2       59
                                      1993
  AVERAGE         71                        68      3       69

PRECIPITATION (IN)
  YESTERDAY        0.00          0.07 1996   0.02  -0.02     0.05
  MONTH TO DATE    0.20                      0.51  -0.31     0.66
  SINCE OCT 1      9.82                      7.11   2.71    10.90
  SINCE JAN 1      7.00                      4.16   2.84     7.04

SNOWFALL (IN)
  YESTERDAY       MM

DEGREE DAYS
 HEATING
  YESTERDAY        0                         1     -1        0
  MONTH TO DATE   40                        51    -11       55
  SINCE JUN 1     40                        51    -11       55
  SINCE JUL 1   6241                      5765    476     4766

 COOLING
  YESTERDAY        6                         5      1        4
  MONTH TO DATE   50                        72    -22      110
  SINCE JUN 1     50                        72    -22      110
  SINCE JAN 1    106                       219   -113      152
..................................................................


WIND (MPH)
  HIGHEST WIND SPEED    14   HIGHEST WIND DIRECTION     W (290)
  HIGHEST GUST SPEED    17   HIGHEST GUST DIRECTION     W (290)
  AVERAGE WIND SPEED     5.2


SKY COVER
  POSSIBLE SUNSHINE  MM
  AVERAGE SKY COVER 0.0


WEATHER CONDITIONS
 THE FOLLOWING WEATHER WAS RECORDED YESTERDAY.
  NO SIGNIFICANT WEATHER WAS OBSERVED.


RELATIVE HUMIDITY (PERCENT)
 HIGHEST    66           500 AM
 LOWEST     17           400 PM
 AVERAGE    42

..........................................................


THE WENATCHEE WA PANGBORN FIELD CLIMATE NORMALS FOR TODAY
                         NORMAL    RECORD    YEAR
 MAXIMUM TEMPERATURE (F)   80       104      1992
 MINIMUM TEMPERATURE (F)   57        42      1983


SUNRISE AND SUNSET
JUNE 24 2017..........SUNRISE   505 AM PDT   SUNSET   902 PM PDT
JUNE 25 2017..........SUNRISE   505 AM PDT   SUNSET   902 PM PDT


-  INDICATES NEGATIVE NUMBERS.
R  INDICATES RECORD WAS SET OR TIED.
MM INDICATES DATA IS MISSING.
T  INDICATES TRACE AMOUNT.




$$
