000
CDUS46 KOTX 010425
CLIEAT


CLIMATE REPORT
NATIONAL WEATHER SERVICE SPOKANE, WA
923 PM PDT MON AUG 31 2015


...................................

...THE WENATCHEE WA PANGBORN FIELD CLIMATE SUMMARY FOR AUGUST 31 2015...
VALID TODAY AS OF 0800 PM LOCAL TIME.

CLIMATE NORMAL PERIOD 1981 TO 2010
CLIMATE RECORD PERIOD 1959 TO 2015


WEATHER ITEM   OBSERVED TIME   RECORD YEAR NORMAL DEPARTURE LAST
                VALUE   (LST)  VALUE       VALUE  FROM      YEAR
                                                  NORMAL
..................................................................
TEMPERATURE (F)
 TODAY
  MAXIMUM         74    414 PM  99    1998  82     -8       77
  MINIMUM         57    548 AM  45    1999  57      0       60
  AVERAGE         66                        70     -4       69

PRECIPITATION (IN)
  TODAY            0.00          0.05 1964   0.01  -0.01     0.00
  MONTH TO DATE    0.02                      0.20  -0.18     0.83
  SINCE OCT 1      7.17                      7.67  -0.50     4.52
  SINCE JAN 1      3.99                      4.72  -0.73     3.96

SNOWFALL (IN)
  TODAY           MM

DEGREE DAYS
 HEATING
  TODAY            0                         1     -1        0
  MONTH TO DATE    0                         3     -3        0
  SINCE JUN 1      0                        72    -72       15
  SINCE JUL 1      0                        14    -14        0

 COOLING
  TODAY            1                         5     -4        4
  MONTH TO DATE  376                        80    296      386
  SINCE JUN 1   1239                       641    598     1033
  SINCE JAN 1   1338                       788    550     1091
..................................................................


WIND (MPH)
  HIGHEST WIND SPEED    25   HIGHEST WIND DIRECTION     W (260)
  HIGHEST GUST SPEED    30   HIGHEST GUST DIRECTION     W (260)
  AVERAGE WIND SPEED     5.3


SKY COVER
  POSSIBLE SUNSHINE  MM
  AVERAGE SKY COVER 0.2


WEATHER CONDITIONS
 THE FOLLOWING WEATHER WAS RECORDED TODAY.
  NO SIGNIFICANT WEATHER WAS OBSERVED.


RELATIVE HUMIDITY (PERCENT)
 HIGHEST    57           400 AM
 LOWEST     33           300 PM
 AVERAGE    45

..........................................................


THE WENATCHEE WA PANGBORN FIELD CLIMATE NORMALS FOR TOMORROW
                         NORMAL    RECORD    YEAR
 MAXIMUM TEMPERATURE (F)   82       101      1987
 MINIMUM TEMPERATURE (F)   57        44      1999


SUNRISE AND SUNSET
AUGUST 31 2015........SUNRISE   618 AM PDT   SUNSET   743 PM PDT
SEPTEMBER  1 2015.....SUNRISE   619 AM PDT   SUNSET   741 PM PDT


-  INDICATES NEGATIVE NUMBERS.
R  INDICATES RECORD WAS SET OR TIED.
MM INDICATES DATA IS MISSING.
T  INDICATES TRACE AMOUNT.




$$
