000
CDUS43 KMPX 300624
CLIEAU


CLIMATE REPORT
NATIONAL WEATHER SERVICE CHANHASSEN MN
124 AM CDT FRI SEP 30 2016


...................................

...THE EAU CLAIRE WI CLIMATE SUMMARY FOR SEPTEMBER 29 2016...

CLIMATE NORMAL PERIOD 1981 TO 2010
CLIMATE RECORD PERIOD 1893 TO 2016


WEATHER ITEM   OBSERVED TIME   RECORD YEAR NORMAL DEPARTURE LAST
                VALUE   (LST)  VALUE       VALUE  FROM      YEAR
                                                  NORMAL
..................................................................
TEMPERATURE (F)
 YESTERDAY
  MAXIMUM         71    405 PM  89    1898  66      5       62
  MINIMUM         44    344 AM  23    1967  43      1       38
  AVERAGE         58                        54      4       50

PRECIPITATION (IN)
  YESTERDAY        0.00          0.86 1985   0.11  -0.11     0.00
  MONTH TO DATE    8.20                      3.58   4.62     5.29
  SINCE SEP 1      8.20                      3.58   4.62     5.29
  SINCE JAN 1     35.03                     25.70   9.33    32.85

SNOWFALL (IN)
  YESTERDAY        0.0           T    1899   0.0    0.0      0.0
  MONTH TO DATE    0.0                       0.0    0.0      0.0
  SINCE SEP 1      0.0                       0.0    0.0      0.0
  SINCE JUL 1      0.0                       0.0    0.0      0.0
  SNOW DEPTH       0

DEGREE DAYS
 HEATING
  YESTERDAY        7                        11     -4       15
  MONTH TO DATE   76                       181   -105       76
  SINCE SEP 1     76                       181   -105       76
  SINCE JUL 1     86                       220   -134      131

 COOLING
  YESTERDAY        0                         0      0        0
  MONTH TO DATE   39                        48     -9      116
  SINCE SEP 1     39                        48     -9      116
  SINCE JAN 1    622                       575     47      518
..................................................................


WIND (MPH)
  HIGHEST WIND SPEED    12   HIGHEST WIND DIRECTION    NE (60)
  HIGHEST GUST SPEED    16   HIGHEST GUST DIRECTION     E (80)
  AVERAGE WIND SPEED     6.4


SKY COVER
  POSSIBLE SUNSHINE  MM
  AVERAGE SKY COVER 0.1


WEATHER CONDITIONS
 THE FOLLOWING WEATHER WAS RECORDED YESTERDAY.
  FOG


RELATIVE HUMIDITY (PERCENT)
 HIGHEST   100           300 AM
 LOWEST     51           300 PM
 AVERAGE    76

..........................................................


THE EAU CLAIRE WI CLIMATE NORMALS FOR TODAY
                         NORMAL    RECORD    YEAR
 MAXIMUM TEMPERATURE (F)   65        85      1971
 MINIMUM TEMPERATURE (F)   42        22      1899


SUNRISE AND SUNSET
SEPTEMBER 30 2016.....SUNRISE   703 AM CDT   SUNSET   647 PM CDT
OCTOBER  1 2016.......SUNRISE   705 AM CDT   SUNSET   645 PM CDT


-  INDICATES NEGATIVE NUMBERS.
R  INDICATES RECORD WAS SET OR TIED.
MM INDICATES DATA IS MISSING.
T  INDICATES TRACE AMOUNT.




$$
