000
CDUS43 KMPX 180646
CLIEAU


CLIMATE REPORT
NATIONAL WEATHER SERVICE CHANHASSEN MN
1241 AM CST SAT NOV 18 2017


...................................

...THE EAU CLAIRE WI CLIMATE SUMMARY FOR NOVEMBER 17 2017...

CLIMATE NORMAL PERIOD 1981 TO 2010
CLIMATE RECORD PERIOD 1893 TO 2017


WEATHER ITEM   OBSERVED TIME   RECORD YEAR NORMAL DEPARTURE LAST
                VALUE   (LST)  VALUE       VALUE  FROM      YEAR
                                                  NORMAL
..................................................................
TEMPERATURE (F)
 YESTERDAY
  MAXIMUM         37    621 PM  69    1953  40     -3       59
                                      1931
  MINIMUM         33    442 AM  -3    1959  24      9       43
  AVERAGE         35                        32      3       51

PRECIPITATION (IN)
  YESTERDAY        0.06          1.52 1987   0.06   0.00     0.00
  MONTH TO DATE    0.45                      1.09  -0.64     0.00
  SINCE SEP 1      6.26                      7.11  -0.85    10.92
  SINCE JAN 1     34.38                     29.23   5.15    37.75

SNOWFALL (IN)
  YESTERDAY        0.0           8.7  1978   0.2   -0.2      0.0
  MONTH TO DATE    1.4                       2.4   -1.0      0.0
  SINCE SEP 1      3.3                       2.8    0.5      0.0
  SINCE JUL 1      3.3                       2.8    0.5      0.0
  SNOW DEPTH       0

DEGREE DAYS
 HEATING
  YESTERDAY       30                        33     -3       14
  MONTH TO DATE  587                       483    104      296
  SINCE SEP 1   1177                      1228    -51      803
  SINCE JUL 1   1220                      1267    -47      813

 COOLING
  YESTERDAY        0                         0      0        0
  MONTH TO DATE    0                         0      0        0
  SINCE SEP 1     94                        52     42       41
  SINCE JAN 1    466                       579   -113      624
..................................................................


WIND (MPH)
  HIGHEST WIND SPEED    24   HIGHEST WIND DIRECTION    SE (150)
  HIGHEST GUST SPEED    29   HIGHEST GUST DIRECTION    SE (150)
  AVERAGE WIND SPEED     8.1


SKY COVER
  POSSIBLE SUNSHINE  MM
  AVERAGE SKY COVER 1.0


WEATHER CONDITIONS
 THE FOLLOWING WEATHER WAS RECORDED YESTERDAY.
  LIGHT SNOW
  FOG
  HAZE


RELATIVE HUMIDITY (PERCENT)
 HIGHEST   100           200 PM
 LOWEST     69          1200 AM
 AVERAGE    85

..........................................................


THE EAU CLAIRE WI CLIMATE NORMALS FOR TODAY
                         NORMAL    RECORD    YEAR
 MAXIMUM TEMPERATURE (F)   40        69      1941
 MINIMUM TEMPERATURE (F)   23         0      1989


SUNRISE AND SUNSET
NOVEMBER 18 2017......SUNRISE   708 AM CST   SUNSET   434 PM CST
NOVEMBER 19 2017......SUNRISE   709 AM CST   SUNSET   433 PM CST


-  INDICATES NEGATIVE NUMBERS.
R  INDICATES RECORD WAS SET OR TIED.
MM INDICATES DATA IS MISSING.
T  INDICATES TRACE AMOUNT.




$$
