000
CDUS42 KAKQ 200645
CLIECG


CLIMATE REPORT
NATIONAL WEATHER SERVICE WAKEFIELD, VA
145 AM EST FRI JAN 20 2017


...................................

...THE ELIZABETH CITY NC CLIMATE SUMMARY FOR JANUARY 19 2017...

CLIMATE NORMAL PERIOD 1981 TO 2010
CLIMATE RECORD PERIOD 1934 TO 2017


WEATHER ITEM   OBSERVED TIME   RECORD YEAR NORMAL DEPARTURE LAST
                VALUE   (LST)  VALUE       VALUE  FROM      YEAR
                                                  NORMAL
..................................................................
TEMPERATURE (F)
 YESTERDAY
  MAXIMUM         57    314 PM  75    1936  51      6       30
  MINIMUM         38    743 AM   5    1994  32      6       17
  AVERAGE         48                        41      7       24

PRECIPITATION (IN)
  YESTERDAY        0.00          2.17 1987   0.10  -0.10     0.00
  MONTH TO DATE    3.03                      1.91   1.12     1.46
  SINCE DEC 1      5.70                      4.47   1.23     5.47
  SINCE JAN 1      3.03                      1.91   1.12     1.46

SNOWFALL (IN)
  YESTERDAY        0.0           0.5  1940  MM     MM
  MONTH TO DATE    1.2                      MM     MM
  SINCE NOV 1      1.2                      MM     MM
  SINCE JUL 1      1.2                      MM     MM
  SNOW DEPTH       0

DEGREE DAYS
 HEATING
  YESTERDAY       17                        24     -7       41
  MONTH TO DATE  391                       456    -65      435
  SINCE DEC 1    996                      1096   -100      679
  SINCE JUL 1   1486                      1611   -125     1035

 COOLING
  YESTERDAY        0                         0      0        0
  MONTH TO DATE    0                         0      0        0
  SINCE DEC 1      0                         2     -2       31
  SINCE JAN 1      0                         0      0        0
..................................................................


WIND (MPH)
  HIGHEST WIND SPEED    10   HIGHEST WIND DIRECTION     N (10)
  HIGHEST GUST SPEED    13   HIGHEST GUST DIRECTION     S (170)
  AVERAGE WIND SPEED     4.9


SKY COVER
  POSSIBLE SUNSHINE  MM
  AVERAGE SKY COVER 0.0


WEATHER CONDITIONS
 THE FOLLOWING WEATHER WAS RECORDED YESTERDAY.
  FOG


RELATIVE HUMIDITY (PERCENT)
 HIGHEST   100           800 AM
 LOWEST     51           300 PM
 AVERAGE    76

..........................................................


THE ELIZABETH CITY NC CLIMATE NORMALS FOR TODAY
                         NORMAL    RECORD    YEAR
 MAXIMUM TEMPERATURE (F)   51        73      1951
 MINIMUM TEMPERATURE (F)   32         8      1994


SUNRISE AND SUNSET
JANUARY 20 2017.......SUNRISE   713 AM EST   SUNSET   519 PM EST
JANUARY 21 2017.......SUNRISE   713 AM EST   SUNSET   520 PM EST


-  INDICATES NEGATIVE NUMBERS.
R  INDICATES RECORD WAS SET OR TIED.
MM INDICATES DATA IS MISSING.
T  INDICATES TRACE AMOUNT.




$$
