000
CDUS42 KAKQ 290550
CLIECG


CLIMATE REPORT
NATIONAL WEATHER SERVICE WAKEFIELD, VA
150 AM EDT WED JUL 29 2015


...................................

...THE ELIZABETH CITY NC CLIMATE SUMMARY FOR JULY 28 2015...

CLIMATE NORMAL PERIOD 1981 TO 2010
CLIMATE RECORD PERIOD 1934 TO 2015


WEATHER ITEM   OBSERVED TIME   RECORD YEAR NORMAL DEPARTURE LAST
                VALUE   (LST)  VALUE       VALUE  FROM      YEAR
                                                  NORMAL
..................................................................
TEMPERATURE (F)
 YESTERDAY
  MAXIMUM         88    244 PM  99    1952  88      0       88
  MINIMUM         70    547 AM  57    1962  70      0       68
  AVERAGE         79                        79      0       78

PRECIPITATION (IN)
  YESTERDAY        0.00          3.17 1965   0.19  -0.19      T
  MONTH TO DATE    5.40                      5.08   0.32     5.38
  SINCE JUN 1     10.27                      9.57   0.70     9.21
  SINCE JAN 1     27.57                     26.74   0.83    24.17

SNOWFALL (IN)
  YESTERDAY        0.0           0.0  2002  MM     MM
  MONTH TO DATE    0.0                      MM     MM
  SINCE NOV 1      T                        MM     MM
  SINCE JUL 1      0.0                      MM     MM
  SNOW DEPTH       0

DEGREE DAYS
 HEATING
  YESTERDAY        0                         0      0        0
  MONTH TO DATE    0                         0      0        0
  SINCE JUN 1      0                         3     -3        5
  SINCE JUL 1      0                         0      0        0

 COOLING
  YESTERDAY       14                        14      0       13
  MONTH TO DATE  397                       387     10      351
  SINCE JUN 1    805                       701    104      662
  SINCE JAN 1   1010                       865    145      871
..................................................................


WIND (MPH)
  HIGHEST WIND SPEED    13   HIGHEST WIND DIRECTION    SE (130)
  HIGHEST GUST SPEED    16   HIGHEST GUST DIRECTION    SE (130)
  AVERAGE WIND SPEED     4.5


SKY COVER
  POSSIBLE SUNSHINE  MM
  AVERAGE SKY COVER 0.2


WEATHER CONDITIONS
 THE FOLLOWING WEATHER WAS RECORDED YESTERDAY.
  NO SIGNIFICANT WEATHER WAS OBSERVED.


RELATIVE HUMIDITY (PERCENT)
 HIGHEST   100           300 AM
 LOWEST     55           200 PM
 AVERAGE    78

..........................................................


THE ELIZABETH CITY NC CLIMATE NORMALS FOR TODAY
                         NORMAL    RECORD    YEAR
 MAXIMUM TEMPERATURE (F)   87       101      2011
 MINIMUM TEMPERATURE (F)   70        58      1946


SUNRISE AND SUNSET
JULY 29 2015..........SUNRISE   609 AM EDT   SUNSET   813 PM EDT
JULY 30 2015..........SUNRISE   610 AM EDT   SUNSET   812 PM EDT


-  INDICATES NEGATIVE NUMBERS.
R  INDICATES RECORD WAS SET OR TIED.
MM INDICATES DATA IS MISSING.
T  INDICATES TRACE AMOUNT.




$$
