000
CDUS42 KAKQ 070550
CLIECG


CLIMATE REPORT
NATIONAL WEATHER SERVICE WAKEFIELD, VA
150 AM EDT TUE JUL 7 2015


...................................

...THE ELIZABETH CITY NC CLIMATE SUMMARY FOR JULY 6 2015...

CLIMATE NORMAL PERIOD 1981 TO 2010
CLIMATE RECORD PERIOD 1934 TO 2015


WEATHER ITEM   OBSERVED TIME   RECORD YEAR NORMAL DEPARTURE LAST
                VALUE   (LST)  VALUE       VALUE  FROM      YEAR
                                                  NORMAL
..................................................................
TEMPERATURE (F)
 YESTERDAY
  MAXIMUM         87   1222 PM  99    2012  88     -1       82
  MINIMUM         71    523 AM  53    1938  70      1       58
  AVERAGE         79                        79      0       70

PRECIPITATION (IN)
  YESTERDAY        T             4.30 1948   0.16  -0.16     0.00
  MONTH TO DATE    2.55                      0.98   1.57     1.35
  SINCE JUN 1      7.42                      5.47   1.95     5.18
  SINCE JAN 1     24.72                     22.64   2.08    20.14

SNOWFALL (IN)
  YESTERDAY        0.0           0.0  2002  MM     MM
  MONTH TO DATE    0.0                      MM     MM
  SINCE NOV 1      T                        MM     MM
  SINCE JUL 1      0.0                      MM     MM
  SNOW DEPTH       0

DEGREE DAYS
 HEATING
  YESTERDAY        0                         0      0        0
  MONTH TO DATE    0                         0      0        0
  SINCE JUN 1      0                         3     -3        5
  SINCE JUL 1      0                         0      0        0

 COOLING
  YESTERDAY       14                        14      0        5
  MONTH TO DATE   86                        79      7       74
  SINCE JUN 1    494                       393    101      385
  SINCE JAN 1    699                       557    142      594
..................................................................


WIND (MPH)
  HIGHEST WIND SPEED    18   HIGHEST WIND DIRECTION     S (170)
  HIGHEST GUST SPEED    23   HIGHEST GUST DIRECTION     S (160)
  AVERAGE WIND SPEED     8.1


SKY COVER
  POSSIBLE SUNSHINE  MM
  AVERAGE SKY COVER 0.2


WEATHER CONDITIONS
 THE FOLLOWING WEATHER WAS RECORDED YESTERDAY.
  FOG
  HAZE


RELATIVE HUMIDITY (PERCENT)
 HIGHEST    93           100 AM
 LOWEST     65          1200 PM
 AVERAGE    79

..........................................................


THE ELIZABETH CITY NC CLIMATE NORMALS FOR TODAY
                         NORMAL    RECORD    YEAR
 MAXIMUM TEMPERATURE (F)   88       101      2010
 MINIMUM TEMPERATURE (F)   70        52      1979


SUNRISE AND SUNSET
JULY  7 2015..........SUNRISE   554 AM EDT   SUNSET   825 PM EDT
JULY  8 2015..........SUNRISE   554 AM EDT   SUNSET   825 PM EDT


-  INDICATES NEGATIVE NUMBERS.
R  INDICATES RECORD WAS SET OR TIED.
MM INDICATES DATA IS MISSING.
T  INDICATES TRACE AMOUNT.




$$
