000
CDUS42 KAKQ 240844
CLIECG


CLIMATE REPORT
NATIONAL WEATHER SERVICE WAKEFIELD, VA
442 AM EDT THU JUL 24 2014


...................................

...THE ELIZABETH CITY NC CLIMATE SUMMARY FOR JULY 23 2014...

CLIMATE NORMAL PERIOD 1981 TO 2010
CLIMATE RECORD PERIOD 1934 TO 2014


WEATHER ITEM   OBSERVED TIME   RECORD YEAR NORMAL DEPARTURE LAST
                VALUE   (LST)  VALUE       VALUE  FROM      YEAR
                                                  NORMAL
..................................................................
TEMPERATURE (F)
 YESTERDAY
  MAXIMUM         88    432 PM 104    1952  88      0       87
  MINIMUM         72    245 AM  56    1974  70      2       76
  AVERAGE         80                        79      1       82

PRECIPITATION (IN)
  YESTERDAY        0.00          2.13 2006   0.20  -0.20     0.00
  MONTH TO DATE    5.37                      4.11   1.26     3.29
  SINCE JUN 1      9.20                      8.60   0.60     9.91
  SINCE JAN 1     24.16                     25.77  -1.61    20.58

SNOWFALL (IN)
  YESTERDAY        0.0           0.0  2002  MM     MM
  MONTH TO DATE    0.0                      MM     MM
  SINCE NOV 1     10.2                      MM     MM
  SINCE JUL 1      0.0                      MM     MM
  SNOW DEPTH       0

DEGREE DAYS
 HEATING
  YESTERDAY        0                         0      0        0
  MONTH TO DATE    0                         0      0        0
  SINCE JUN 1      5                         3      2        0
  SINCE JUL 1      0                         0      0        0

 COOLING
  YESTERDAY       15                        14      1       17
  MONTH TO DATE  291                       317    -26      370
  SINCE JUN 1    602                       631    -29      718
  SINCE JAN 1    811                       795     16      924
..................................................................


WIND (MPH)
  HIGHEST WIND SPEED    15   HIGHEST WIND DIRECTION    SW (210)
  HIGHEST GUST SPEED    23   HIGHEST GUST DIRECTION     S (200)
  AVERAGE WIND SPEED     7.7


SKY COVER
  POSSIBLE SUNSHINE  MM
  AVERAGE SKY COVER 0.4


WEATHER CONDITIONS
 THE FOLLOWING WEATHER WAS RECORDED YESTERDAY.
  FOG


RELATIVE HUMIDITY (PERCENT)
 HIGHEST   100          1200 AM
 LOWEST     63           300 PM
 AVERAGE    82

..........................................................


THE ELIZABETH CITY NC CLIMATE NORMALS FOR TODAY
                         NORMAL    RECORD    YEAR
 MAXIMUM TEMPERATURE (F)   88        97      2012
                                             2011
                                             1995
 MINIMUM TEMPERATURE (F)   70        54      1977


SUNRISE AND SUNSET
JULY 24 2014..........SUNRISE   605 AM EDT   SUNSET   817 PM EDT
JULY 25 2014..........SUNRISE   606 AM EDT   SUNSET   816 PM EDT


-  INDICATES NEGATIVE NUMBERS.
R  INDICATES RECORD WAS SET OR TIED.
MM INDICATES DATA IS MISSING.
T  INDICATES TRACE AMOUNT.




$$
