000
CDUS42 KAKQ 230545
CLIECG


CLIMATE REPORT
NATIONAL WEATHER SERVICE WAKEFIELD, VA
145 AM EDT THU MAR 23 2017


...................................

...THE ELIZABETH CITY NC CLIMATE SUMMARY FOR MARCH 22 2017...

CLIMATE NORMAL PERIOD 1981 TO 2010
CLIMATE RECORD PERIOD 1934 TO 2017


WEATHER ITEM   OBSERVED TIME   RECORD YEAR NORMAL DEPARTURE LAST
                VALUE   (LST)  VALUE       VALUE  FROM      YEAR
                                                  NORMAL
..................................................................
TEMPERATURE (F)
 YESTERDAY
  MAXIMUM         55   1230 PM  90    1948  63     -8       63
  MINIMUM         38   1159 PM  22    2013  41     -3       30
  AVERAGE         47                        52     -5       47

PRECIPITATION (IN)
  YESTERDAY        0.06          1.15 1985   0.13  -0.07     0.00
  MONTH TO DATE    2.91                      2.65   0.26     1.15
  SINCE MAR 1      2.91                      2.65   0.26     1.15
  SINCE JAN 1      7.52                      9.09  -1.57     8.74

SNOWFALL (IN)
  YESTERDAY       MM             T    2006  MM     MM
                                      1963
  MONTH TO DATE    T                        MM     MM
  SINCE NOV 1      1.2                      MM     MM
  SINCE JUL 1      1.2                      MM     MM
  SNOW DEPTH       0

DEGREE DAYS
 HEATING
  YESTERDAY       18                        13      5       18
  MONTH TO DATE  409                       357     52      230
  SINCE MAR 1    409                       357     52      230
  SINCE JUL 1   2504                      2829   -325     2141

 COOLING
  YESTERDAY        0                         0      0        0
  MONTH TO DATE    7                         0      7       16
  SINCE MAR 1      7                         0      7       16
  SINCE JAN 1     10                         2      8       16
..................................................................


WIND (MPH)
  HIGHEST WIND SPEED    26   HIGHEST WIND DIRECTION     N (10)
  HIGHEST GUST SPEED    35   HIGHEST GUST DIRECTION     N (10)
  AVERAGE WIND SPEED    11.2


SKY COVER
  POSSIBLE SUNSHINE  MM
  AVERAGE SKY COVER 0.5


WEATHER CONDITIONS
 THE FOLLOWING WEATHER WAS RECORDED YESTERDAY.
  LIGHT RAIN
  FOG


RELATIVE HUMIDITY (PERCENT)
 HIGHEST    89           800 AM
 LOWEST     35           100 PM
 AVERAGE    62

..........................................................


THE ELIZABETH CITY NC CLIMATE NORMALS FOR TODAY
                         NORMAL    RECORD    YEAR
 MAXIMUM TEMPERATURE (F)   63        84      2012
 MINIMUM TEMPERATURE (F)   41        26      2004


SUNRISE AND SUNSET
MARCH 23 2017.........SUNRISE   704 AM EDT   SUNSET   719 PM EDT
MARCH 24 2017.........SUNRISE   702 AM EDT   SUNSET   720 PM EDT


-  INDICATES NEGATIVE NUMBERS.
R  INDICATES RECORD WAS SET OR TIED.
MM INDICATES DATA IS MISSING.
T  INDICATES TRACE AMOUNT.




$$
