000
CDUS42 KAKQ 270630
CLIECG


CLIMATE REPORT
NATIONAL WEATHER SERVICE WAKEFIELD, VA
130 AM EST MON FEB 27 2017


...................................

...THE ELIZABETH CITY NC CLIMATE SUMMARY FOR FEBRUARY 26 2017...

CLIMATE NORMAL PERIOD 1981 TO 2010
CLIMATE RECORD PERIOD 1934 TO 2017


WEATHER ITEM   OBSERVED TIME   RECORD YEAR NORMAL DEPARTURE LAST
                VALUE   (LST)  VALUE       VALUE  FROM      YEAR
                                                  NORMAL
..................................................................
TEMPERATURE (F)
 YESTERDAY
  MAXIMUM         59   1200 AM  81    1977  56      3       51
  MINIMUM         39    622 AM  16    1967  36      3       36
  AVERAGE         49                        46      3       44

PRECIPITATION (IN)
  YESTERDAY        0.00          1.67 1957   0.11  -0.11     0.00
  MONTH TO DATE    0.92                      2.96  -2.04     4.68
  SINCE DEC 1      7.28                      8.78  -1.50    11.60
  SINCE JAN 1      4.61                      6.22  -1.61     7.59

SNOWFALL (IN)
  YESTERDAY        0.0           6.2  1963  MM     MM
  MONTH TO DATE    0.0                      MM     MM
  SINCE NOV 1      1.2                      MM     MM
  SINCE JUL 1      1.2                      MM     MM
  SNOW DEPTH       0

DEGREE DAYS
 HEATING
  YESTERDAY       16                        19     -3       21
  MONTH TO DATE  382                       546   -164      529
  SINCE DEC 1   1589                      1918   -329     1505
  SINCE JUL 1   2079                      2433   -354     1861

 COOLING
  YESTERDAY        0                         0      0        0
  MONTH TO DATE    3                         0      3        0
  SINCE DEC 1      3                         3      0       31
  SINCE JAN 1      3                         1      2        0
..................................................................


WIND (MPH)
  HIGHEST WIND SPEED    18   HIGHEST WIND DIRECTION    NW (320)
  HIGHEST GUST SPEED    23   HIGHEST GUST DIRECTION     W (290)
  AVERAGE WIND SPEED     8.0


SKY COVER
  POSSIBLE SUNSHINE  MM
  AVERAGE SKY COVER 0.0


WEATHER CONDITIONS
 THE FOLLOWING WEATHER WAS RECORDED YESTERDAY.
  NO SIGNIFICANT WEATHER WAS OBSERVED.


RELATIVE HUMIDITY (PERCENT)
 HIGHEST    82           800 PM
 LOWEST     28           400 PM
 AVERAGE    55

..........................................................


THE ELIZABETH CITY NC CLIMATE NORMALS FOR TODAY
                         NORMAL    RECORD    YEAR
 MAXIMUM TEMPERATURE (F)   56        82      1997
 MINIMUM TEMPERATURE (F)   36        17      1934


SUNRISE AND SUNSET
FEBRUARY 27 2017......SUNRISE   637 AM EST   SUNSET   558 PM EST
FEBRUARY 28 2017......SUNRISE   636 AM EST   SUNSET   559 PM EST


-  INDICATES NEGATIVE NUMBERS.
R  INDICATES RECORD WAS SET OR TIED.
MM INDICATES DATA IS MISSING.
T  INDICATES TRACE AMOUNT.




$$
