000
CDUS42 KAKQ 190805
CLIECG


CLIMATE REPORT
NATIONAL WEATHER SERVICE WAKEFIELD, VA
302 AM EST FRI JAN 19 2018


...................................

...THE ELIZABETH CITY NC CLIMATE SUMMARY FOR JANUARY 18 2018...

CLIMATE NORMAL PERIOD 1981 TO 2010
CLIMATE RECORD PERIOD 1934 TO 2018


WEATHER ITEM   OBSERVED TIME   RECORD YEAR NORMAL DEPARTURE LAST
                VALUE   (LST)  VALUE       VALUE  FROM      YEAR
                                                  NORMAL
..................................................................
TEMPERATURE (F)
 YESTERDAY
  MAXIMUM         36    337 PM  78    1937  51    -15       69
  MINIMUM         20    811 AM  10    1997  32    -12       40
  AVERAGE         28                        41    -13       55

PRECIPITATION (IN)
  YESTERDAY        0.32          1.82 1943   0.10   0.22     0.02
  MONTH TO DATE    1.56                      1.81  -0.25     3.03
  SINCE DEC 1      4.62                      4.37   0.25     5.70
  SINCE JAN 1      1.56                      1.81  -0.25     3.03

SNOWFALL (IN)
  YESTERDAY        2.5 R         T    2009  MM     MM
  MONTH TO DATE    6.8                      MM     MM
  SINCE NOV 1      6.8                      MM     MM
  SINCE JUL 1      6.8                      MM     MM
  SNOW DEPTH      MM

DEGREE DAYS
 HEATING
  YESTERDAY       37                        24     13       10
  MONTH TO DATE  593                       432    161      374
  SINCE DEC 1   1235                      1072    163      979
  SINCE JUL 1   1669                      1587     82     1469

 COOLING
  YESTERDAY        0                         0      0        0
  MONTH TO DATE    3                         0      3        0
  SINCE DEC 1      3                         2      1        0
  SINCE JAN 1      3                         0      3        0
..................................................................


WIND (MPH)
  HIGHEST WIND SPEED    25   HIGHEST WIND DIRECTION     N (340)
  HIGHEST GUST SPEED    35   HIGHEST GUST DIRECTION     N (340)
  AVERAGE WIND SPEED    14.5


SKY COVER
  POSSIBLE SUNSHINE  MM
  AVERAGE SKY COVER 0.4


WEATHER CONDITIONS
 THE FOLLOWING WEATHER WAS RECORDED YESTERDAY.
  LIGHT SNOW
  FOG


RELATIVE HUMIDITY (PERCENT)
 HIGHEST   100           100 AM
 LOWEST     56           200 PM
 AVERAGE    78

..........................................................


THE ELIZABETH CITY NC CLIMATE NORMALS FOR TODAY
                         NORMAL    RECORD    YEAR
 MAXIMUM TEMPERATURE (F)   51        75      1936
 MINIMUM TEMPERATURE (F)   32         5      1994


SUNRISE AND SUNSET
JANUARY 19 2018.......SUNRISE   714 AM EST   SUNSET   518 PM EST
JANUARY 20 2018.......SUNRISE   713 AM EST   SUNSET   519 PM EST


-  INDICATES NEGATIVE NUMBERS.
R  INDICATES RECORD WAS SET OR TIED.
MM INDICATES DATA IS MISSING.
T  INDICATES TRACE AMOUNT.




$$
