000
CDUS42 KAKQ 090634
CLIECG


CLIMATE REPORT
NATIONAL WEATHER SERVICE WAKEFIELD, VA
133 AM EST FRI DEC 9 2016


...................................

...THE ELIZABETH CITY NC CLIMATE SUMMARY FOR DECEMBER 8 2016...

CLIMATE NORMAL PERIOD 1981 TO 2010
CLIMATE RECORD PERIOD 1934 TO 2016


WEATHER ITEM   OBSERVED TIME   RECORD YEAR NORMAL DEPARTURE LAST
                VALUE   (LST)  VALUE       VALUE  FROM      YEAR
                                                  NORMAL
..................................................................
TEMPERATURE (F)
 YESTERDAY
  MAXIMUM         53    114 PM  77    1998  56     -3       59
  MINIMUM         37   1154 PM  16    1954  36      1       37
  AVERAGE         45                        46     -1       48

PRECIPITATION (IN)
  YESTERDAY        0.00          1.18 1942   0.07  -0.07     0.00
  MONTH TO DATE    1.03                      0.65   0.38     0.85
  SINCE DEC 1      1.03                      0.65   0.38     0.85
  SINCE JAN 1     52.47                     44.67   7.80    43.67

SNOWFALL (IN)
  YESTERDAY        0.0           2.0  1968  MM     MM
  MONTH TO DATE    0.0                      MM     MM
  SINCE NOV 1      0.0                      MM     MM
  SINCE JUL 1      0.0                      MM     MM
  SNOW DEPTH       0

DEGREE DAYS
 HEATING
  YESTERDAY       20                        19      1       17
  MONTH TO DATE  129                       142    -13      109
  SINCE DEC 1    129                       142    -13      109
  SINCE JUL 1    619                       657    -38      465

 COOLING
  YESTERDAY        0                         0      0        0
  MONTH TO DATE    0                         0      0        0
  SINCE DEC 1      0                         0      0        0
  SINCE JAN 1   1954                      1588    366     1843
..................................................................


WIND (MPH)
  HIGHEST WIND SPEED    18   HIGHEST WIND DIRECTION     W (290)
  HIGHEST GUST SPEED    23   HIGHEST GUST DIRECTION     W (280)
  AVERAGE WIND SPEED     6.5


SKY COVER
  POSSIBLE SUNSHINE  MM
  AVERAGE SKY COVER 0.5


WEATHER CONDITIONS
 THE FOLLOWING WEATHER WAS RECORDED YESTERDAY.
  FOG


RELATIVE HUMIDITY (PERCENT)
 HIGHEST   100          1200 AM
 LOWEST     53           800 PM
 AVERAGE    77

..........................................................


THE ELIZABETH CITY NC CLIMATE NORMALS FOR TODAY
                         NORMAL    RECORD    YEAR
 MAXIMUM TEMPERATURE (F)   56        82      1978
 MINIMUM TEMPERATURE (F)   36        20      2006
                                             1976


SUNRISE AND SUNSET
DECEMBER  9 2016......SUNRISE   705 AM EST   SUNSET   450 PM EST
DECEMBER 10 2016......SUNRISE   705 AM EST   SUNSET   450 PM EST


-  INDICATES NEGATIVE NUMBERS.
R  INDICATES RECORD WAS SET OR TIED.
MM INDICATES DATA IS MISSING.
T  INDICATES TRACE AMOUNT.




$$
