000
CDUS42 KAKQ 052242
CLIECG


CLIMATE REPORT
NATIONAL WEATHER SERVICE WAKEFIELD, VA
542 PM EST FRI FEB 5 2016


...................................

...THE ELIZABETH CITY NC CLIMATE SUMMARY FOR FEBRUARY 5 2016...
VALID TODAY AS OF 0500 PM LOCAL TIME.

CLIMATE NORMAL PERIOD 1981 TO 2010
CLIMATE RECORD PERIOD 1934 TO 2016


WEATHER ITEM   OBSERVED TIME   RECORD YEAR NORMAL DEPARTURE LAST
                VALUE   (LST)  VALUE       VALUE  FROM      YEAR
                                                  NORMAL
..................................................................
TEMPERATURE (F)
 TODAY
  MAXIMUM         45    338 PM  77    2008  53     -8       46
  MINIMUM         35    817 AM   5    1996  33      2       26
  AVERAGE         40

PRECIPITATION (IN)
  TODAY            0.70          1.52 1959   0.11   0.59     0.28
  MONTH TO DATE    2.90                      0.58   2.32     0.73
  SINCE DEC 1      9.82                      6.40   3.42     7.88
  SINCE JAN 1      5.81                      3.84   1.97     4.74

SNOWFALL (IN)
  TODAY            T
  MONTH TO DATE    T
  SINCE NOV 1      T
  SINCE JUL 1      T
  SNOW DEPTH       0

DEGREE DAYS
 HEATING
  TODAY           25
  MONTH TO DATE   59
  SINCE DEC 1   1035
  SINCE JUL 1   1391

 COOLING
  TODAY            0
  MONTH TO DATE    0
  SINCE DEC 1     31
  SINCE JAN 1      0
..................................................................


WIND (MPH)
  RESULTANT WIND SPEED  18   RESULTANT WIND DIRECTION   N (340)
  HIGHEST WIND SPEED    31   HIGHEST WIND DIRECTION     N (340)
  HIGHEST GUST SPEED    37   HIGHEST GUST DIRECTION     N (340)


SKY COVER
  POSSIBLE SUNSHINE  MM
  AVERAGE SKY COVER 0.8


WEATHER CONDITIONS
 THE FOLLOWING WEATHER WAS RECORDED TODAY.
  HEAVY RAIN
  RAIN
  LIGHT RAIN
  LIGHT SNOW
  FOG


RELATIVE HUMIDITY (PERCENT)
 HIGHEST   100
 LOWEST     53
 AVERAGE    77

..........................................................


THE ELIZABETH CITY NC CLIMATE NORMALS FOR TOMORROW
                         NORMAL    RECORD    YEAR
 MAXIMUM TEMPERATURE (F)   53        79      2008
 MINIMUM TEMPERATURE (F)   34        10      1996


SUNRISE AND SUNSET
FEBRUARY  5 2016......SUNRISE   703 AM EST   SUNSET   535 PM EST
FEBRUARY  6 2016......SUNRISE   702 AM EST   SUNSET   536 PM EST


-  INDICATES NEGATIVE NUMBERS.
R  INDICATES RECORD WAS SET OR TIED.
MM INDICATES DATA IS MISSING.
T  INDICATES TRACE AMOUNT.




$$
