000
CDUS42 KAKQ 310527
CLIECG


CLIMATE REPORT
NATIONAL WEATHER SERVICE WAKEFIELD, VA
127 AM EDT TUE MAY 31 2016


...................................

...THE ELIZABETH CITY NC CLIMATE SUMMARY FOR MAY 30 2016...

CLIMATE NORMAL PERIOD 1981 TO 2010
CLIMATE RECORD PERIOD 1934 TO 2016


WEATHER ITEM   OBSERVED TIME   RECORD YEAR NORMAL DEPARTURE LAST
                VALUE   (LST)  VALUE       VALUE  FROM      YEAR
                                                  NORMAL
..................................................................
TEMPERATURE (F)
 YESTERDAY
  MAXIMUM         76    257 PM  96    2011  81     -5       83
  MINIMUM         69   1159 PM  49    2008  61      8       65
  AVERAGE         73                        71      2       74

PRECIPITATION (IN)
  YESTERDAY        0.66          2.06 1984   0.13   0.53     0.00
  MONTH TO DATE    4.36                      3.48   0.88     3.42
  SINCE MAR 1     10.62                     10.60   0.02    10.50
  SINCE JAN 1     18.21                     17.04   1.17    17.30

SNOWFALL (IN)
  YESTERDAY        0.0           0.0  2002  MM     MM
  MONTH TO DATE    0.0                      MM     MM
  SINCE NOV 1      1.8                      MM     MM
  SINCE JUL 1      1.8                      MM     MM
  SNOW DEPTH       0

DEGREE DAYS
 HEATING
  YESTERDAY        0                         0      0        0
  MONTH TO DATE   58                        67     -9       29
  SINCE MAR 1    570                       756   -186      701
  SINCE JUL 1   2481                      3228   -747     3235

 COOLING
  YESTERDAY        8                         7      1        9
  MONTH TO DATE  105                       115    -10      160
  SINCE MAR 1    160                       155      5      193
  SINCE JAN 1    160                       157      3      195
..................................................................


WIND (MPH)
  HIGHEST WIND SPEED    12   HIGHEST WIND DIRECTION    SE (130)
  HIGHEST GUST SPEED    27   HIGHEST GUST DIRECTION     S (200)
  AVERAGE WIND SPEED     5.6


SKY COVER
  POSSIBLE SUNSHINE  MM
  AVERAGE SKY COVER 0.9


WEATHER CONDITIONS
 THE FOLLOWING WEATHER WAS RECORDED YESTERDAY.
  HEAVY RAIN
  RAIN
  LIGHT RAIN
  FOG


RELATIVE HUMIDITY (PERCENT)
 HIGHEST   100           200 AM
 LOWEST     90          1100 PM
 AVERAGE    95

..........................................................


THE ELIZABETH CITY NC CLIMATE NORMALS FOR TODAY
                         NORMAL    RECORD    YEAR
 MAXIMUM TEMPERATURE (F)   81        97      1991
 MINIMUM TEMPERATURE (F)   62        44      1996


SUNRISE AND SUNSET
MAY 31 2016...........SUNRISE   549 AM EDT   SUNSET   816 PM EDT
JUNE  1 2016..........SUNRISE   548 AM EDT   SUNSET   817 PM EDT


-  INDICATES NEGATIVE NUMBERS.
R  INDICATES RECORD WAS SET OR TIED.
MM INDICATES DATA IS MISSING.
T  INDICATES TRACE AMOUNT.




$$
