000
CDUS42 KAKQ 040715
CLIECG


CLIMATE REPORT
NATIONAL WEATHER SERVICE WAKEFIELD, VA
215 AM EST WED MAR 4 2015


...................................

...THE ELIZABETH CITY NC CLIMATE SUMMARY FOR MARCH 3 2015...

CLIMATE NORMAL PERIOD 1981 TO 2010
CLIMATE RECORD PERIOD 1934 TO 2015


WEATHER ITEM   OBSERVED TIME   RECORD YEAR NORMAL DEPARTURE LAST
                VALUE   (LST)  VALUE       VALUE  FROM      YEAR
                                                  NORMAL
..................................................................
TEMPERATURE (F)
 YESTERDAY
  MAXIMUM         47   1135 PM  82    1976  57    -10       53
  MINIMUM         32    701 AM  19    2009  37     -5       24
  AVERAGE         40                        47     -7       39

PRECIPITATION (IN)
  YESTERDAY        T             1.81 1971   0.10  -0.10     0.10
  MONTH TO DATE    0.62                      0.31   0.31     0.10
  SINCE MAR 1      0.62                      0.31   0.31     0.10
  SINCE JAN 1      7.42                      6.75   0.67     4.24

SNOWFALL (IN)
  YESTERDAY       MM             T    1959  MM     MM
  MONTH TO DATE    0.0                      MM     MM
  SINCE NOV 1      T                        MM     MM
  SINCE JUL 1      T                        MM     MM
  SNOW DEPTH       0

DEGREE DAYS
 HEATING
  YESTERDAY       25                        18      7       26
  MONTH TO DATE   74                        56     18       63
  SINCE MAR 1     74                        56     18       63
  SINCE JUL 1   2608                      2528     80     2638

 COOLING
  YESTERDAY        0                         0      0        0
  MONTH TO DATE    0                         0      0        0
  SINCE MAR 1      0                         0      0        0
  SINCE JAN 1      2                         2      0        0
..................................................................


WIND (MPH)
  HIGHEST WIND SPEED    14   HIGHEST WIND DIRECTION    NE (30)
  HIGHEST GUST SPEED    16   HIGHEST GUST DIRECTION    NE (40)
  AVERAGE WIND SPEED     6.8


SKY COVER
  POSSIBLE SUNSHINE  MM
  AVERAGE SKY COVER 0.6


WEATHER CONDITIONS
 THE FOLLOWING WEATHER WAS RECORDED YESTERDAY.
  LIGHT RAIN
  FOG


RELATIVE HUMIDITY (PERCENT)
 HIGHEST    83           900 PM
 LOWEST     56           200 AM
 AVERAGE    70

..........................................................


THE ELIZABETH CITY NC CLIMATE NORMALS FOR TODAY
                         NORMAL    RECORD    YEAR
 MAXIMUM TEMPERATURE (F)   57        82      2004
 MINIMUM TEMPERATURE (F)   37        16      1943


SUNRISE AND SUNSET
MARCH  4 2015.........SUNRISE   631 AM EST   SUNSET   602 PM EST
MARCH  5 2015.........SUNRISE   630 AM EST   SUNSET   603 PM EST


-  INDICATES NEGATIVE NUMBERS.
R  INDICATES RECORD WAS SET OR TIED.
MM INDICATES DATA IS MISSING.
T  INDICATES TRACE AMOUNT.




$$
