000
CDUS44 KBMX 302113
CLIEET


CLIMATE REPORT
NATIONAL WEATHER SERVICE BIRMINGHAM, AL
412 PM CDT SUN AUG 30 2015


...................................

...THE SHELBY COUNTY AIRPORT CLIMATE SUMMARY FOR AUGUST 30 2015...
VALID AS OF 0400 PM LOCAL TIME.

CLIMATE NORMAL PERIOD 1981 TO 2010
CLIMATE RECORD PERIOD 9999 TO 9999


WEATHER ITEM   OBSERVED TIME   RECORD YEAR NORMAL DEPARTURE LAST
                VALUE   (LST)  VALUE       VALUE  FROM      YEAR
                                                  NORMAL
..................................................................
TEMPERATURE (F)
 TODAY
  MAXIMUM         80    214 PM  MM      MM  89     -9       91
  MINIMUM         69    534 AM  MM      MM  69      0       71
  AVERAGE         75                        79     -4       81

PRECIPITATION (IN)
  TODAY            0.19                      0.15   0.04     0.08
  MONTH TO DATE    5.33                      4.61   0.72     2.95
  SINCE JUN 1     18.32                     14.00   4.32    11.48
  SINCE JAN 1     42.53                     37.93   4.60    38.98

DEGREE DAYS
 COOLING
  TODAY           10                        14     -4       16
  MONTH TO DATE  454                       456     -2      496
  SINCE JUN 1   1403                      1317     86     1357
  SINCE JAN 1   1753                      1586    167     1651
..................................................................


WIND (MPH)
  HIGHEST WIND SPEED    13   HIGHEST WIND DIRECTION    NW (310)
  HIGHEST GUST SPEED    17   HIGHEST GUST DIRECTION    NW (310)
  AVERAGE WIND SPEED     2.5


SKY COVER
  POSSIBLE SUNSHINE  MM
  AVERAGE SKY COVER 0.8


WEATHER CONDITIONS
 THE FOLLOWING WEATHER WAS RECORDED TODAY.
  RAIN
  LIGHT RAIN
  FOG


RELATIVE HUMIDITY (PERCENT)
 HIGHEST   100           300 AM
 LOWEST     74           100 PM
 AVERAGE    87

..........................................................


THE SHELBY COUNTY AIRPORT CLIMATE NORMALS FOR TOMORROW
                         NORMAL    RECORD    YEAR
 MAXIMUM TEMPERATURE (F)   89        MM        MM
 MINIMUM TEMPERATURE (F)   68        MM        MM


SUNRISE AND SUNSET
AUGUST 30 2015........SUNRISE   620 AM CDT   SUNSET   715 PM CDT
AUGUST 31 2015........SUNRISE   621 AM CDT   SUNSET   714 PM CDT


-  INDICATES NEGATIVE NUMBERS.
R  INDICATES RECORD WAS SET OR TIED.
MM INDICATES DATA IS MISSING.
T  INDICATES TRACE AMOUNT.




$$
