000
CDUS44 KBMX 272243
CLIEET


CLIMATE REPORT
NATIONAL WEATHER SERVICE BIRMINGHAM, AL
443 PM CST MON FEB 27 2017


...................................

...THE SHELBY COUNTY AIRPORT CLIMATE SUMMARY FOR FEBRUARY 27 2017...
VALID TODAY AS OF 0400 PM LOCAL TIME.

CLIMATE NORMAL PERIOD 1981 TO 2010
CLIMATE RECORD PERIOD 9999 TO 9999


WEATHER ITEM   OBSERVED TIME   RECORD YEAR NORMAL DEPARTURE LAST
                VALUE   (LST)  VALUE       VALUE  FROM      YEAR
                                                  NORMAL
..................................................................
TEMPERATURE (F)
 TODAY
  MAXIMUM         56    259 PM  MM      MM  62     -6       62
  MINIMUM         45    435 AM  MM      MM  40      5       32
  AVERAGE         51                        51      0       47

PRECIPITATION (IN)
  TODAY            0.51                      0.20   0.31     0.00
  MONTH TO DATE    4.14                      5.54  -1.40     7.57
  SINCE DEC 1     13.21                     15.67  -2.46    19.56
  SINCE JAN 1     11.08                     10.87   0.21    10.64

SNOWFALL (IN)
  TODAY            0.0                      MM     MM        0.0
  MONTH TO DATE    0.0                      MM     MM         T
  SINCE DEC 1      0.0                      MM     MM         T
  SINCE JUL 1      0.0                      MM     MM         T
  SNOW DEPTH       0

DEGREE DAYS
 HEATING
  TODAY           14                        14      0       18
  MONTH TO DATE  250                       451   -201      391
  SINCE DEC 1   1084                      1671   -587     1319
  SINCE JUL 1   1320                      2115   -795     1562
..................................................................


WIND (MPH)
  HIGHEST WIND SPEED    23   HIGHEST WIND DIRECTION    NW (310)
  HIGHEST GUST SPEED    32   HIGHEST GUST DIRECTION    NW (320)
  AVERAGE WIND SPEED     4.1


SKY COVER
  POSSIBLE SUNSHINE  MM
  AVERAGE SKY COVER 0.7


WEATHER CONDITIONS
 THE FOLLOWING WEATHER WAS RECORDED TODAY.
  THUNDERSTORM
  HEAVY RAIN
  RAIN
  LIGHT RAIN
  FOG


RELATIVE HUMIDITY (PERCENT)
 HIGHEST   100          1000 AM
 LOWEST     41           700 AM
 AVERAGE    71

..........................................................


THE SHELBY COUNTY AIRPORT CLIMATE NORMALS FOR TOMORROW
                         NORMAL    RECORD    YEAR
 MAXIMUM TEMPERATURE (F)   63        MM        MM
 MINIMUM TEMPERATURE (F)   41        MM        MM


SUNRISE AND SUNSET
FEBRUARY 27 2017......SUNRISE   617 AM CST   SUNSET   543 PM CST
FEBRUARY 28 2017......SUNRISE   616 AM CST   SUNSET   543 PM CST


-  INDICATES NEGATIVE NUMBERS.
R  INDICATES RECORD WAS SET OR TIED.
MM INDICATES DATA IS MISSING.
T  INDICATES TRACE AMOUNT.




$$
