000
CDUS44 KBMX 020831
CLIEET


CLIMATE REPORT
NATIONAL WEATHER SERVICE BIRMINGHAM, AL
330 AM CDT MON MAY 2 2016


...................................

...THE SHELBY COUNTY AIRPORT CLIMATE SUMMARY FOR MAY 1 2016...

CLIMATE NORMAL PERIOD 1981 TO 2010
CLIMATE RECORD PERIOD 9999 TO 9999


WEATHER ITEM   OBSERVED TIME   RECORD YEAR NORMAL DEPARTURE LAST
                VALUE   (LST)  VALUE       VALUE  FROM      YEAR
                                                  NORMAL
..................................................................
TEMPERATURE (F)
 YESTERDAY
  MAXIMUM         78   1229 PM  MM      MM  78      0       73
  MINIMUM         63   1143 PM  MM      MM  55      8       50
  AVERAGE         71                        67      4       62

PRECIPITATION (IN)
  YESTERDAY        0.45                      0.14   0.31     0.00
  MONTH TO DATE    0.45                      0.14   0.31     0.00
  SINCE MAR 1     10.82                      8.51   2.31    10.60
  SINCE JAN 1     21.46                     19.59   1.87    19.97

SNOWFALL (IN)
  YESTERDAY        0.0                      MM     MM        0.0
  MONTH TO DATE    0.0                      MM     MM        0.0
  SINCE MAR 1      0.0                      MM     MM         T
  SINCE JUL 1      T                        MM     MM         T
  SNOW DEPTH       0

DEGREE DAYS
 HEATING
  YESTERDAY        0                         2     -2        3
  MONTH TO DATE    0                         2     -2        3
  SINCE MAR 1    251                       441   -190      242
  SINCE JUL 1   1829                      2570   -741     2487

 COOLING
  YESTERDAY        6                         3      3        0
  MONTH TO DATE    6                         3      3        0
  SINCE MAR 1    101                        74     27      109
  SINCE JAN 1    108                        78     30      109
..................................................................


WIND (MPH)
  HIGHEST WIND SPEED    13   HIGHEST WIND DIRECTION     W (250)
  HIGHEST GUST SPEED    24   HIGHEST GUST DIRECTION     W (280)
  AVERAGE WIND SPEED     2.3


SKY COVER
  POSSIBLE SUNSHINE  MM
  AVERAGE SKY COVER 0.7


WEATHER CONDITIONS
 THE FOLLOWING WEATHER WAS RECORDED YESTERDAY.
  THUNDERSTORM
  HEAVY RAIN
  RAIN
  LIGHT RAIN
  FOG


RELATIVE HUMIDITY (PERCENT)
 HIGHEST   100           300 AM
 LOWEST     74          1100 AM
 AVERAGE    87

..........................................................


THE SHELBY COUNTY AIRPORT CLIMATE NORMALS FOR TODAY
                         NORMAL    RECORD    YEAR
 MAXIMUM TEMPERATURE (F)   78        MM        MM
 MINIMUM TEMPERATURE (F)   56        MM        MM


SUNRISE AND SUNSET
MAY  2 2016...........SUNRISE   558 AM CDT   SUNSET   731 PM CDT
MAY  3 2016...........SUNRISE   557 AM CDT   SUNSET   731 PM CDT


-  INDICATES NEGATIVE NUMBERS.
R  INDICATES RECORD WAS SET OR TIED.
MM INDICATES DATA IS MISSING.
T  INDICATES TRACE AMOUNT.




$$
