000
CDUS44 KBMX 280016
CLIEET


CLIMATE REPORT
NATIONAL WEATHER SERVICE BIRMINGHAM, AL
716 PM CDT MON JUL 27 2015


...................................

...THE SHELBY COUNTY AIRPORT CLIMATE SUMMARY FOR JULY 27 2015...
VALID TODAY AS OF 0700 PM LOCAL TIME.

CLIMATE NORMAL PERIOD 1981 TO 2010
CLIMATE RECORD PERIOD 9999 TO 9999


WEATHER ITEM   OBSERVED TIME   RECORD YEAR NORMAL DEPARTURE LAST
                VALUE   (LST)  VALUE       VALUE  FROM      YEAR
                                                  NORMAL
..................................................................
TEMPERATURE (F)
 TODAY
  MAXIMUM         92   1233 PM  MM      MM  91      1       93
  MINIMUM         74    532 AM  MM      MM  71      3       73
  AVERAGE         83                        81      2       83

PRECIPITATION (IN)
  TODAY            0.00                      0.15  -0.15     0.00
  MONTH TO DATE    9.15                      4.14   5.01     3.06
  SINCE JUN 1     11.17                      8.77   2.40     8.53
  SINCE JAN 1     35.38                     32.70   2.68    36.03

DEGREE DAYS
 COOLING
  TODAY           18                        16      2       18
  MONTH TO DATE  440                       424     16      399
  SINCE JUN 1    870                       798     72      814
  SINCE JAN 1   1220                      1067    153     1108
..................................................................


WIND (MPH)
  HIGHEST WIND SPEED    14   HIGHEST WIND DIRECTION    NW (300)
  HIGHEST GUST SPEED    19   HIGHEST GUST DIRECTION    NW (300)
  AVERAGE WIND SPEED     2.5


SKY COVER
  POSSIBLE SUNSHINE  MM
  AVERAGE SKY COVER 0.1


WEATHER CONDITIONS
 THE FOLLOWING WEATHER WAS RECORDED TODAY.
  FOG
  HAZE


RELATIVE HUMIDITY (PERCENT)
 HIGHEST   100           300 AM
 LOWEST     59          1000 AM
 AVERAGE    80

..........................................................


THE SHELBY COUNTY AIRPORT CLIMATE NORMALS FOR TOMORROW
                         NORMAL    RECORD    YEAR
 MAXIMUM TEMPERATURE (F)   91        MM        MM
 MINIMUM TEMPERATURE (F)   71        MM        MM


SUNRISE AND SUNSET
JULY 27 2015..........SUNRISE   557 AM CDT   SUNSET   750 PM CDT
JULY 28 2015..........SUNRISE   557 AM CDT   SUNSET   750 PM CDT


-  INDICATES NEGATIVE NUMBERS.
R  INDICATES RECORD WAS SET OR TIED.
MM INDICATES DATA IS MISSING.
T  INDICATES TRACE AMOUNT.




$$
