000
CDUS44 KBMX 310720
CLIEET


CLIMATE REPORT
NATIONAL WEATHER SERVICE BIRMINGHAM, AL
117 AM CST SAT JAN 31 2015


...................................

...THE SHELBY COUNTY AIRPORT CLIMATE SUMMARY FOR JANUARY 30 2015...

CLIMATE NORMAL PERIOD 1981 TO 2010
CLIMATE RECORD PERIOD 9999 TO 9999


WEATHER ITEM   OBSERVED TIME   RECORD YEAR NORMAL DEPARTURE LAST
                VALUE   (LST)  VALUE       VALUE  FROM      YEAR
                                                  NORMAL
..................................................................
TEMPERATURE (F)
 YESTERDAY
  MAXIMUM         54    322 PM  MM      MM  56     -2       45
  MINIMUM         37    902 PM  MM      MM  35      2        9
  AVERAGE         46                        45      1       27

PRECIPITATION (IN)
  YESTERDAY        0.00                      0.19  -0.19     0.00
  MONTH TO DATE    4.82                      5.14  -0.32     2.93
  SINCE DEC 1     12.90                      9.94   2.96    13.27
  SINCE JAN 1      4.82                      5.14  -0.32     2.93

SNOWFALL (IN)
  YESTERDAY        0.0                      MM     MM        0.0
  MONTH TO DATE    0.0                      MM     MM        1.0
  SINCE DEC 1      0.0                      MM     MM        1.0
  SINCE JUL 1      0.0                      MM     MM        1.0
  SNOW DEPTH       0

DEGREE DAYS
 HEATING
  YESTERDAY       19                        20     -1       38
  MONTH TO DATE  616                       622     -6      824
  SINCE DEC 1   1059                      1198   -139     1331
  SINCE JUL 1   1585                      1642    -57     1787
..................................................................


WIND (MPH)
  HIGHEST WIND SPEED    18   HIGHEST WIND DIRECTION     N (360)
  HIGHEST GUST SPEED    28   HIGHEST GUST DIRECTION     N (340)
  AVERAGE WIND SPEED     7.8


SKY COVER
  POSSIBLE SUNSHINE  MM
  AVERAGE SKY COVER 0.2


WEATHER CONDITIONS
 THE FOLLOWING WEATHER WAS RECORDED YESTERDAY.
  NO SIGNIFICANT WEATHER WAS OBSERVED.


RELATIVE HUMIDITY (PERCENT)
 HIGHEST    66          1200 AM
 LOWEST     28           300 PM
 AVERAGE    47

..........................................................


THE SHELBY COUNTY AIRPORT CLIMATE NORMALS FOR TODAY
                         NORMAL    RECORD    YEAR
 MAXIMUM TEMPERATURE (F)   56        MM        MM
 MINIMUM TEMPERATURE (F)   35        MM        MM


SUNRISE AND SUNSET
JANUARY 31 2015.......SUNRISE   644 AM CST   SUNSET   518 PM CST
FEBRUARY  1 2015......SUNRISE   643 AM CST   SUNSET   519 PM CST


-  INDICATES NEGATIVE NUMBERS.
R  INDICATES RECORD WAS SET OR TIED.
MM INDICATES DATA IS MISSING.
T  INDICATES TRACE AMOUNT.




$$
