000
CDUS44 KBMX 200956
CLIEET


CLIMATE REPORT
NATIONAL WEATHER SERVICE BIRMINGHAM, AL
456 AM CDT MON OCT 20 2014


...................................

...THE SHELBY COUNTY AIRPORT CLIMATE SUMMARY FOR OCTOBER 19 2014...

CLIMATE NORMAL PERIOD 1981 TO 2010
CLIMATE RECORD PERIOD 9999 TO 9999


WEATHER ITEM   OBSERVED TIME   RECORD YEAR NORMAL DEPARTURE LAST
                VALUE   (LST)  VALUE       VALUE  FROM      YEAR
                                                  NORMAL
..................................................................
TEMPERATURE (F)
 YESTERDAY
  MAXIMUM         72    317 PM  MM      MM  74     -2       69
  MINIMUM         49    622 AM  MM      MM  51     -2       53
  AVERAGE         61                        63     -2       61

PRECIPITATION (IN)
  YESTERDAY        0.00                      0.09  -0.09     0.03
  MONTH TO DATE    5.23                      1.82   3.41     1.72
  SINCE SEP 1      8.07                      5.65   2.42     3.55
  SINCE JAN 1     46.89                     43.73   3.16    51.84

SNOWFALL (IN)
  YESTERDAY        0.0                      MM     MM        0.0
  MONTH TO DATE    0.0                      MM     MM        0.0
  SINCE SEP 1      0.0                      MM     MM        0.0
  SINCE JUL 1      0.0                      MM     MM        0.0
  SNOW DEPTH       0

DEGREE DAYS
 HEATING
  YESTERDAY        4                         4      0        4
  MONTH TO DATE   25                        46    -21        4
  SINCE SEP 1     25                        53    -28        4
  SINCE JUL 1     25                        53    -28        4

 COOLING
  YESTERDAY        0                         2     -2        0
  MONTH TO DATE  110                        60     50      119
  SINCE SEP 1    492                       346    146      481
  SINCE JAN 1   2160                      1944    216     1970
..................................................................


WIND (MPH)
  HIGHEST WIND SPEED     9   HIGHEST WIND DIRECTION    NE (40)
  HIGHEST GUST SPEED    17   HIGHEST GUST DIRECTION    NE (40)
  AVERAGE WIND SPEED     1.7


SKY COVER
  POSSIBLE SUNSHINE  MM
  AVERAGE SKY COVER 0.0


WEATHER CONDITIONS
 THE FOLLOWING WEATHER WAS RECORDED YESTERDAY.
  NO SIGNIFICANT WEATHER WAS OBSERVED.


RELATIVE HUMIDITY (PERCENT)
 HIGHEST    93           800 PM
 LOWEST     41           300 PM
 AVERAGE    67

..........................................................


THE SHELBY COUNTY AIRPORT CLIMATE NORMALS FOR TODAY
                         NORMAL    RECORD    YEAR
 MAXIMUM TEMPERATURE (F)   74        MM        MM
 MINIMUM TEMPERATURE (F)   51        MM        MM


SUNRISE AND SUNSET
OCTOBER 20 2014.......SUNRISE   655 AM CDT   SUNSET   608 PM CDT
OCTOBER 21 2014.......SUNRISE   656 AM CDT   SUNSET   607 PM CDT


-  INDICATES NEGATIVE NUMBERS.
R  INDICATES RECORD WAS SET OR TIED.
MM INDICATES DATA IS MISSING.
T  INDICATES TRACE AMOUNT.




$$
