000
CDUS44 KBMX 280855
CLIEET


CLIMATE REPORT
NATIONAL WEATHER SERVICE BIRMINGHAM, AL
353 AM CDT SAT MAR 28 2015


...................................

...THE SHELBY COUNTY AIRPORT CLIMATE SUMMARY FOR MARCH 27 2015...

CLIMATE NORMAL PERIOD 1981 TO 2010
CLIMATE RECORD PERIOD 9999 TO 9999


WEATHER ITEM   OBSERVED TIME   RECORD YEAR NORMAL DEPARTURE LAST
                VALUE   (LST)  VALUE       VALUE  FROM      YEAR
                                                  NORMAL
..................................................................
TEMPERATURE (F)
 YESTERDAY
  MAXIMUM         59    157 PM  MM      MM  70    -11       72
  MINIMUM         41   1147 PM  MM      MM  46     -5       41
  AVERAGE         50                        58     -8       57

PRECIPITATION (IN)
  YESTERDAY        0.01                      0.13  -0.12     0.43
  MONTH TO DATE    3.55                      3.94  -0.39     4.56
  SINCE MAR 1      3.55                      3.94  -0.39     4.56
  SINCE JAN 1     12.92                     15.02  -2.10    13.09

SNOWFALL (IN)
  YESTERDAY        0.0                      MM     MM        0.0
  MONTH TO DATE    T                        MM     MM        0.0
  SINCE MAR 1      T                        MM     MM        0.0
  SINCE JUL 1      T                        MM     MM        1.3
  SNOW DEPTH       0

DEGREE DAYS
 HEATING
  YESTERDAY       15                         8      7        8
  MONTH TO DATE  176                       281   -105      312
  SINCE MAR 1    176                       281   -105      312
  SINCE JUL 1   2421                      2410     11     2591

 COOLING
  YESTERDAY        0                         1     -1        0
  MONTH TO DATE   14                         1     13        0
  SINCE MAR 1     14                         1     13        0
  SINCE JAN 1     14                         5      9        4
..................................................................


WIND (MPH)
  HIGHEST WIND SPEED    20   HIGHEST WIND DIRECTION    NW (310)
  HIGHEST GUST SPEED    27   HIGHEST GUST DIRECTION    NW (300)
  AVERAGE WIND SPEED    10.7


SKY COVER
  POSSIBLE SUNSHINE  MM
  AVERAGE SKY COVER 0.7


WEATHER CONDITIONS
 THE FOLLOWING WEATHER WAS RECORDED YESTERDAY.
  LIGHT RAIN


RELATIVE HUMIDITY (PERCENT)
 HIGHEST    86           100 AM
 LOWEST     33           200 PM
 AVERAGE    60

..........................................................


THE SHELBY COUNTY AIRPORT CLIMATE NORMALS FOR TODAY
                         NORMAL    RECORD    YEAR
 MAXIMUM TEMPERATURE (F)   70        MM        MM
 MINIMUM TEMPERATURE (F)   47        MM        MM


SUNRISE AND SUNSET
MARCH 28 2015.........SUNRISE   641 AM CDT   SUNSET   704 PM CDT
MARCH 29 2015.........SUNRISE   639 AM CDT   SUNSET   705 PM CDT


-  INDICATES NEGATIVE NUMBERS.
R  INDICATES RECORD WAS SET OR TIED.
MM INDICATES DATA IS MISSING.
T  INDICATES TRACE AMOUNT.




$$
