000
CDUS44 KBMX 222142
CLIEET


CLIMATE REPORT
NATIONAL WEATHER SERVICE BIRMINGHAM, AL
442 PM CDT SUN OCT 22 2017


...................................

...THE SHELBY COUNTY AIRPORT CLIMATE SUMMARY FOR OCTOBER 22 2017...
VALID TODAY AS OF 0400 PM LOCAL TIME.

CLIMATE NORMAL PERIOD 1981 TO 2010
CLIMATE RECORD PERIOD 9999 TO 9999


WEATHER ITEM   OBSERVED TIME   RECORD YEAR NORMAL DEPARTURE LAST
                VALUE   (LST)  VALUE       VALUE  FROM      YEAR
                                                  NORMAL
..................................................................
TEMPERATURE (F)
 TODAY
  MAXIMUM         78   1236 PM  MM      MM  73      5       72
  MINIMUM         62    447 AM  MM      MM  50     12       44
  AVERAGE         70                        62      8       58

PRECIPITATION (IN)
  TODAY            0.00                      0.09  -0.09     0.00
  MONTH TO DATE    3.79                      2.08   1.71     0.03
  SINCE SEP 1      6.13                      5.91   0.22     0.73
  SINCE JAN 1     57.17                     43.99  13.18    31.69

SNOWFALL (IN)
  TODAY            0.0                      MM     MM        0.0
  MONTH TO DATE    0.0                      MM     MM        0.0
  SINCE SEP 1      0.0                      MM     MM        0.0
  SINCE JUL 1      0.0                      MM     MM        0.0
  SNOW DEPTH       0

DEGREE DAYS
 HEATING
  TODAY            0                         5     -5        7
  MONTH TO DATE   12                        60    -48       10
  SINCE SEP 1     20                        67    -47       11
  SINCE JUL 1     20                        67    -47       11

 COOLING
  TODAY            5                         2      3        0
  MONTH TO DATE  139                        66     73      133
  SINCE SEP 1    446                       352     94      581
  SINCE JAN 1   2236                      1950    286     2465
..................................................................


WIND (MPH)
  HIGHEST WIND SPEED    15   HIGHEST WIND DIRECTION    SE (140)
  HIGHEST GUST SPEED    23   HIGHEST GUST DIRECTION    SE (150)
  AVERAGE WIND SPEED     5.9


SKY COVER
  POSSIBLE SUNSHINE  MM
  AVERAGE SKY COVER 0.4


WEATHER CONDITIONS
 THE FOLLOWING WEATHER WAS RECORDED TODAY.
  NO SIGNIFICANT WEATHER WAS OBSERVED.


RELATIVE HUMIDITY (PERCENT)
 HIGHEST   100           600 AM
 LOWEST     69           100 PM
 AVERAGE    85

..........................................................


THE SHELBY COUNTY AIRPORT CLIMATE NORMALS FOR TOMORROW
                         NORMAL    RECORD    YEAR
 MAXIMUM TEMPERATURE (F)   73        MM        MM
 MINIMUM TEMPERATURE (F)   50        MM        MM


SUNRISE AND SUNSET
OCTOBER 22 2017.......SUNRISE   657 AM CDT   SUNSET   605 PM CDT
OCTOBER 23 2017.......SUNRISE   658 AM CDT   SUNSET   604 PM CDT


-  INDICATES NEGATIVE NUMBERS.
R  INDICATES RECORD WAS SET OR TIED.
MM INDICATES DATA IS MISSING.
T  INDICATES TRACE AMOUNT.




$$
