000
CDUS46 KEKA 301209
CLIEKA


CLIMATE REPORT
NATIONAL WEATHER SERVICE EUREKA CA
509 AM PDT SAT MAY 30 2015


...................................

...THE EUREKA CA CLIMATE SUMMARY FOR MAY 29 2015...

CLIMATE NORMAL PERIOD 1981 TO 2010
CLIMATE RECORD PERIOD 1886 TO 2015


WEATHER ITEM   OBSERVED RECORD YEAR NORMAL DEPARTURE LAST
                VALUE   VALUE       VALUE  FROM      YEAR
                                           NORMAL
...........................................................
TEMPERATURE (F)
 YESTERDAY
  MAXIMUM         57     77    1993  61     -4       62
  MINIMUM         50     42    1979  49      1       46
  AVERAGE         54                 55     -1       54

PRECIPITATION (IN)
  YESTERDAY        0.01   0.40 1948   0.05  -0.04     0.00
  MONTH TO DATE    0.01               1.69  -1.68     0.58
  SINCE OCT 1     30.57              38.41  -7.84    17.54
  SINCE JAN 1     12.19              22.44 -10.25    15.64

SNOWFALL (IN)
  YESTERDAY        0.0   MM      MM   0.0    0.0      0.0
  MONTH TO DATE    0.0                0.0    0.0      0.0
  SINCE MAR 1      T                  T      0.0      0.0
  SINCE JUL 1      T                  0.2   -0.2       T
  SNOW DEPTH       0

DEGREE DAYS
 HEATING
  YESTERDAY       11                 10      1       11
  MONTH TO DATE  332                328      4      237
  SINCE MAR 1   1152               1227    -75     1026
  SINCE JUL 1   3307               4149   -842     4117

 COOLING
  YESTERDAY        0                  0      0        0
  MONTH TO DATE    0                  0      0        1
  SINCE MAR 1      0                  0      0        1
  SINCE JAN 1      0                  0      0        1
...........................................................


WIND (MPH)
  HIGHEST WIND SPEED    10   HIGHEST WIND DIRECTION    NW (320)
  HIGHEST GUST SPEED    MM   HIGHEST GUST DIRECTION    MM
  AVERAGE WIND SPEED     5.4


SKY COVER
  AVERAGE SKY COVER 1.0


WEATHER CONDITIONS
 THE FOLLOWING WEATHER WAS RECORDED YESTERDAY.
  LIGHT RAIN
  FOG


..........................................................


THE EUREKA CA CLIMATE NORMALS FOR TODAY
                         NORMAL    RECORD    YEAR
 MAXIMUM TEMPERATURE (F)   61        77      1997
 MINIMUM TEMPERATURE (F)   49        42      1898
                                             1893


SUNRISE AND SUNSET
MAY 30 2015...........SUNRISE   548 AM PDT   SUNSET   840 PM PDT
MAY 31 2015...........SUNRISE   548 AM PDT   SUNSET   841 PM PDT


-  INDICATES NEGATIVE NUMBERS.
R  INDICATES RECORD WAS SET OR TIED.
MM INDICATES DATA IS MISSING.
T  INDICATES TRACE AMOUNT.




&&

..........................................................

TOTAL SEASON     NORMAL   % OF NORMAL     LAST SEASON

    30.57         38.41        80            17.54


$$
