000
CDUS46 KEKA 051212
CLIEKA


CLIMATE REPORT
NATIONAL WEATHER SERVICE EUREKA CA
512 AM PDT SAT SEP 5 2015


...................................

...THE EUREKA CA CLIMATE SUMMARY FOR SEPTEMBER 4 2015...

CLIMATE NORMAL PERIOD 1981 TO 2010
CLIMATE RECORD PERIOD 1886 TO 2015


WEATHER ITEM   OBSERVED RECORD YEAR NORMAL DEPARTURE LAST
                VALUE   VALUE       VALUE  FROM      YEAR
                                           NORMAL
...........................................................
TEMPERATURE (F)
 YESTERDAY
  MAXIMUM         67     76    1975  64      3       66
  MINIMUM         52     46    2014  52      0       46
                               1996
                               1914
  AVERAGE         60                 58      2       56

PRECIPITATION (IN)
  YESTERDAY        0.00   0.92 1978   0.02  -0.02     0.00
  MONTH TO DATE    0.00               0.06  -0.06     0.00
  SINCE OCT 1     31.23              39.80  -8.57    17.93
  SINCE JAN 1     12.85              23.83 -10.98    16.03

SNOWFALL (IN)
  YESTERDAY        0.0    0.0  2002   0.0    0.0      0.0
                               2001
  MONTH TO DATE    0.0                0.0    0.0      0.0
  SINCE SEP 1      0.0                0.0    0.0      0.0
  SINCE JUL 1      0.0                0.0    0.0      0.0
  SNOW DEPTH       0

DEGREE DAYS
 HEATING
  YESTERDAY        5                  7     -2        9
  MONTH TO DATE   14                 28    -14       25
  SINCE SEP 1     14                 28    -14       25
  SINCE JUL 1    237                454   -217      388

 COOLING
  YESTERDAY        0                  0      0        0
  MONTH TO DATE    0                  0      0        0
  SINCE SEP 1      0                  0      0        0
  SINCE JAN 1      5                  0      5        1
...........................................................


WIND (MPH)
  HIGHEST WIND SPEED     9   HIGHEST WIND DIRECTION     N (360)
  HIGHEST GUST SPEED    15   HIGHEST GUST DIRECTION     N (360)
  AVERAGE WIND SPEED     3.6


SKY COVER
  AVERAGE SKY COVER 0.1


WEATHER CONDITIONS
 THE FOLLOWING WEATHER WAS RECORDED YESTERDAY.
  NO SIGNIFICANT WEATHER WAS OBSERVED.


..........................................................


THE EUREKA CA CLIMATE NORMALS FOR TODAY
                         NORMAL    RECORD    YEAR
 MAXIMUM TEMPERATURE (F)   64        72      2013
                                             1984
                                             1979
 MINIMUM TEMPERATURE (F)   52        43      1892


SUNRISE AND SUNSET
SEPTEMBER  5 2015.....SUNRISE   647 AM PDT   SUNSET   743 PM PDT
SEPTEMBER  6 2015.....SUNRISE   648 AM PDT   SUNSET   741 PM PDT


-  INDICATES NEGATIVE NUMBERS.
R  INDICATES RECORD WAS SET OR TIED.
MM INDICATES DATA IS MISSING.
T  INDICATES TRACE AMOUNT.




&&

..........................................................

TOTAL SEASON     NORMAL   % OF NORMAL     LAST SEASON

    31.23         39.80        78            17.93


$$
