000
CDUS46 KEKA 010012
CLIEKA


CLIMATE REPORT
NATIONAL WEATHER SERVICE EUREKA CA
510 PM PDT SUN APR 30 2017


...................................

...THE EUREKA CA CLIMATE SUMMARY FOR APRIL 30 2017...
VALID TODAY AS OF 0500 PM LOCAL TIME.

CLIMATE NORMAL PERIOD 1981 TO 2010
CLIMATE RECORD PERIOD 1886 TO 2017


WEATHER ITEM   OBSERVED RECORD YEAR NORMAL DEPARTURE LAST
                VALUE   VALUE       VALUE  FROM      YEAR
                                           NORMAL
...........................................................
TEMPERATURE (F)
 TODAY
  MAXIMUM         58     80    2014  59     -1       57
  MINIMUM         44     37    1972  46     -2       47
                               1946
  AVERAGE         51                 52     -1       52

PRECIPITATION (IN)
  TODAY            0.00   0.86 1912   0.08  -0.08     0.00
  MONTH TO DATE    5.46               3.32   2.14     2.84
  SINCE OCT 1     60.81              36.72  24.09    46.71
  SINCE JAN 1     35.04              20.75  14.29    25.99

SNOWFALL (IN)
  TODAY            0.0   MM      MM   0.0    0.0      0.0
  MONTH TO DATE    T                  T      0.0      0.0
  SINCE MAR 1      T                  T      0.0      0.0
  SINCE JUL 1      T                  0.2   -0.2       T
  SNOW DEPTH      MM

...........................................................


WIND (MPH)
  HIGHEST WIND SPEED    14   HIGHEST WIND DIRECTION     N (360)
  HIGHEST GUST SPEED    18   HIGHEST GUST DIRECTION     N (360)
  AVERAGE WIND SPEED     5.1


SKY COVER
  AVERAGE SKY COVER 0.9


WEATHER CONDITIONS
 THE FOLLOWING WEATHER WAS RECORDED TODAY.
  NO SIGNIFICANT WEATHER WAS OBSERVED.


..........................................................


THE EUREKA CA CLIMATE NORMALS FOR TOMORROW
                         NORMAL    RECORD    YEAR
 MAXIMUM TEMPERATURE (F)   59        79      1940
 MINIMUM TEMPERATURE (F)   46        35      1887


SUNRISE AND SUNSET
APRIL 30 2017.........SUNRISE   616 AM PDT   SUNSET   812 PM PDT
MAY  1 2017...........SUNRISE   615 AM PDT   SUNSET   813 PM PDT


-  INDICATES NEGATIVE NUMBERS.
R  INDICATES RECORD WAS SET OR TIED.
MM INDICATES DATA IS MISSING.
T  INDICATES TRACE AMOUNT.




&&

..........................................................

TOTAL SEASON     NORMAL   % OF NORMAL     LAST SEASON

    60.81         36.72        166            46.71


$$
