000
CDUS46 KEKA 020013
CLIEKA


CLIMATE REPORT
NATIONAL WEATHER SERVICE EUREKA CA
512 PM PDT WED JUL 1 2015


...................................

...THE EUREKA CA CLIMATE SUMMARY FOR JULY 1 2015...
VALID TODAY AS OF 0500 PM LOCAL TIME.

CLIMATE NORMAL PERIOD 1981 TO 2010
CLIMATE RECORD PERIOD 1886 TO 2015


WEATHER ITEM   OBSERVED RECORD YEAR NORMAL DEPARTURE LAST
                VALUE   VALUE       VALUE  FROM      YEAR
                                           NORMAL
...........................................................
TEMPERATURE (F)
 TODAY
  MAXIMUM         62     73    1985  63     -1       60
  MINIMUM         54     46    2010  51      3       54
                               1973
                               1902
  AVERAGE         58                 57      1       57

PRECIPITATION (IN)
  TODAY            0.00   0.89 1983   0.01  -0.01     0.00
  MONTH TO DATE    0.00               0.01  -0.01     0.00
  SINCE OCT 1     30.67              39.26  -8.59    17.89
  SINCE JAN 1     12.29              23.29 -11.00    15.99

SNOWFALL (IN)
  TODAY            0.0    0.0  2002   0.0    0.0      0.0
                               2001
  MONTH TO DATE    0.0                0.0    0.0      0.0
  SINCE JUN 1      0.0                0.0    0.0      0.0
  SINCE JUL 1      0.0                0.0    0.0      0.0
  SNOW DEPTH      MM

...........................................................


WIND (MPH)
  HIGHEST WIND SPEED    12   HIGHEST WIND DIRECTION     W (280)
  HIGHEST GUST SPEED    12   HIGHEST GUST DIRECTION     W (280)
  AVERAGE WIND SPEED     3.4


SKY COVER
  AVERAGE SKY COVER 0.6


WEATHER CONDITIONS
 THE FOLLOWING WEATHER WAS RECORDED TODAY.
  FOG


..........................................................


THE EUREKA CA CLIMATE NORMALS FOR TOMORROW
                         NORMAL    RECORD    YEAR
 MAXIMUM TEMPERATURE (F)   63        71      2007
 MINIMUM TEMPERATURE (F)   51        47      1962
                                             1960
                                             1948


SUNRISE AND SUNSET
JULY  1 2015..........SUNRISE   549 AM PDT   SUNSET   852 PM PDT
JULY  2 2015..........SUNRISE   549 AM PDT   SUNSET   852 PM PDT


-  INDICATES NEGATIVE NUMBERS.
R  INDICATES RECORD WAS SET OR TIED.
MM INDICATES DATA IS MISSING.
T  INDICATES TRACE AMOUNT.




&&

..........................................................

TOTAL SEASON     NORMAL   % OF NORMAL     LAST SEASON

    30.67         39.26        78            17.89


$$
