000
CDUS46 KEKA 280022
CLIEKA


CLIMATE REPORT
NATIONAL WEATHER SERVICE EUREKA CA
520 PM PDT WED AUG 27 2014


...................................

...THE EUREKA CA CLIMATE SUMMARY FOR AUGUST 27 2014...
VALID TODAY AS OF 0500 PM LOCAL TIME.

CLIMATE NORMAL PERIOD 1981 TO 2010
CLIMATE RECORD PERIOD 1886 TO 2014


WEATHER ITEM   OBSERVED RECORD YEAR NORMAL DEPARTURE LAST
                VALUE   VALUE       VALUE  FROM      YEAR
                                           NORMAL
...........................................................
TEMPERATURE (F)
 TODAY
  MAXIMUM         64     79    1894  65     -1       71
  MINIMUM         53     45    1908  53      0       53
                               1895
  AVERAGE         59                 59      0       62

PRECIPITATION (IN)
  TODAY            0.00   0.58 1954   0.01  -0.01     0.00
  MONTH TO DATE    0.02               0.25  -0.23     0.07
  SINCE JUL 1      0.04               0.43  -0.39     0.07
  SINCE JAN 1     16.03              23.71  -7.68    11.55

SNOWFALL (IN)
  TODAY            0.0    0.0  2002   0.0    0.0      0.0
                               2001
  MONTH TO DATE    0.0                0.0    0.0      0.0
  SINCE JUN 1      0.0                0.0    0.0      0.0
  SINCE JUL 1      0.0                0.0    0.0      0.0
  SNOW DEPTH      MM

...........................................................


WIND (MPH)
  HIGHEST WIND SPEED     7   HIGHEST WIND DIRECTION    NW (310)
  HIGHEST GUST SPEED    MM   HIGHEST GUST DIRECTION    MM
  AVERAGE WIND SPEED     2.5


SKY COVER
  AVERAGE SKY COVER 0.0


WEATHER CONDITIONS
 THE FOLLOWING WEATHER WAS RECORDED TODAY.
  FOG


..........................................................


THE EUREKA CA CLIMATE NORMALS FOR TOMORROW
                         NORMAL    RECORD    YEAR
 MAXIMUM TEMPERATURE (F)   65        78      2009
 MINIMUM TEMPERATURE (F)   53        46      1895


SUNRISE AND SUNSET
AUGUST 27 2014........SUNRISE   639 AM PDT   SUNSET   757 PM PDT
AUGUST 28 2014........SUNRISE   640 AM PDT   SUNSET   755 PM PDT


-  INDICATES NEGATIVE NUMBERS.
R  INDICATES RECORD WAS SET OR TIED.
MM INDICATES DATA IS MISSING.
T  INDICATES TRACE AMOUNT.




&&

..........................................................

TOTAL SEASON     NORMAL   % OF NORMAL     LAST SEASON

     0.04          0.43        9             0.07

$$
