000
CDUS46 KEKA 121220
CLIEKA


CLIMATE REPORT
NATIONAL WEATHER SERVICE EUREKA CA
520 AM PDT SAT JUL 12 2014


...................................

...THE EUREKA CA CLIMATE SUMMARY FOR JULY 11 2014...

CLIMATE NORMAL PERIOD 1981 TO 2010
CLIMATE RECORD PERIOD 1886 TO 2014


WEATHER ITEM   OBSERVED RECORD YEAR NORMAL DEPARTURE LAST
                VALUE   VALUE       VALUE  FROM      YEAR
                                           NORMAL
...........................................................
TEMPERATURE (F)
 YESTERDAY
  MAXIMUM         65     74    2005  63      2       61
  MINIMUM         55     46    1950  52      3       51
                               1912
                               1887
  AVERAGE         60                 58      2       56

PRECIPITATION (IN)
  YESTERDAY        0.00   0.38 1888   0.00   0.00     0.00
  MONTH TO DATE    T                  0.08  -0.08     0.00
  SINCE JUL 1      T                  0.08  -0.08     0.00
  SINCE JAN 1     15.99              23.36  -7.37    11.48

SNOWFALL (IN)
  YESTERDAY        0.0    0.0  2002   0.0    0.0      0.0
                               2001
  MONTH TO DATE    0.0                0.0    0.0      0.0
  SINCE JUN 1      0.0                0.0    0.0      0.0
  SINCE JUL 1      0.0                0.0    0.0      0.0
  SNOW DEPTH       0

DEGREE DAYS
 HEATING
  YESTERDAY        5                  8     -3        9
  MONTH TO DATE   67                 88    -21       78
  SINCE JUN 1    319                354    -35      301
  SINCE JUL 1     67                 88    -21       78

 COOLING
  YESTERDAY        0                  0      0        0
  MONTH TO DATE    0                  0      0        0
  SINCE JUN 1      0                  0      0        0
  SINCE JAN 1      1                  0      1        0
...........................................................


WIND (MPH)
  HIGHEST WIND SPEED    12   HIGHEST WIND DIRECTION    NW (300)
  HIGHEST GUST SPEED    14   HIGHEST GUST DIRECTION    MM
  AVERAGE WIND SPEED     4.3


SKY COVER
  AVERAGE SKY COVER 1.0


WEATHER CONDITIONS
 THE FOLLOWING WEATHER WAS RECORDED YESTERDAY.
  FOG


..........................................................


THE EUREKA CA CLIMATE NORMALS FOR TODAY
                         NORMAL    RECORD    YEAR
 MAXIMUM TEMPERATURE (F)   63        74      2003
 MINIMUM TEMPERATURE (F)   52        45      1887


SUNRISE AND SUNSET
JULY 12 2014..........SUNRISE   556 AM PDT   SUNSET   848 PM PDT
JULY 13 2014..........SUNRISE   557 AM PDT   SUNSET   848 PM PDT


-  INDICATES NEGATIVE NUMBERS.
R  INDICATES RECORD WAS SET OR TIED.
MM INDICATES DATA IS MISSING.
T  INDICATES TRACE AMOUNT.




&&

..........................................................

TOTAL SEASON     NORMAL   % OF NORMAL     LAST SEASON

     0.00          0.08        0             0.00

$$
