000
CDUS46 KEKA 051212
CLIEKA


CLIMATE REPORT
NATIONAL WEATHER SERVICE EUREKA CA
411 AM PST MON DEC 5 2016


...................................

...THE EUREKA CA CLIMATE SUMMARY FOR DECEMBER 4 2016...

CLIMATE NORMAL PERIOD 1981 TO 2010
CLIMATE RECORD PERIOD 1886 TO 2016


WEATHER ITEM   OBSERVED RECORD YEAR NORMAL DEPARTURE LAST
                VALUE   VALUE       VALUE  FROM      YEAR
                                           NORMAL
...........................................................
TEMPERATURE (F)
 YESTERDAY
  MAXIMUM         53     69    1979  55     -2       60
  MINIMUM         40     28    2013  41     -1       46
  AVERAGE         47                 48     -1       53

PRECIPITATION (IN)
  YESTERDAY        0.06   2.41 1952   0.26  -0.20     0.22
  MONTH TO DATE    0.06               1.04  -0.98     1.72
  SINCE OCT 1     17.96               8.89   9.07     7.78
  SINCE JAN 1     45.32              33.25  12.07    20.90

SNOWFALL (IN)
  YESTERDAY       MM      0.0  2002   0.0   MM       MM
                               2001
  MONTH TO DATE    0.0                0.0    0.0      0.0
  SINCE DEC 1      0.0                0.0    0.0      0.0
  SINCE JUL 1      T                  0.0    0.0       T
  SNOW DEPTH       0

DEGREE DAYS
 HEATING
  YESTERDAY       18                 17      1       12
  MONTH TO DATE   77                 67     10       41
  SINCE DEC 1     77                 67     10       41
  SINCE JUL 1   1311               1489   -178     1123

 COOLING
  YESTERDAY        0                  0      0        0
  MONTH TO DATE    0                  0      0        0
  SINCE DEC 1      0                  0      0        0
  SINCE JAN 1      0                  0      0        6
...........................................................


WIND (MPH)
  HIGHEST WIND SPEED    15   HIGHEST WIND DIRECTION     N (360)
  HIGHEST GUST SPEED    23   HIGHEST GUST DIRECTION     N (360)
  AVERAGE WIND SPEED     3.5


SKY COVER
  AVERAGE SKY COVER 1.0


WEATHER CONDITIONS
 THE FOLLOWING WEATHER WAS RECORDED YESTERDAY.
  LIGHT RAIN
  FOG


..........................................................


THE EUREKA CA CLIMATE NORMALS FOR TODAY
                         NORMAL    RECORD    YEAR
 MAXIMUM TEMPERATURE (F)   55        67      2014
                                             1997
                                             1934
 MINIMUM TEMPERATURE (F)   41        26      2013


SUNRISE AND SUNSET
DECEMBER  5 2016......SUNRISE   726 AM PST   SUNSET   449 PM PST
DECEMBER  6 2016......SUNRISE   727 AM PST   SUNSET   449 PM PST


-  INDICATES NEGATIVE NUMBERS.
R  INDICATES RECORD WAS SET OR TIED.
MM INDICATES DATA IS MISSING.
T  INDICATES TRACE AMOUNT.




&&

..........................................................

TOTAL SEASON     NORMAL   % OF NORMAL     LAST SEASON

    17.96          8.89        202             7.78


$$
