420
CDUS46 KEKA 170015
CLIEKA


CLIMATE REPORT
NATIONAL WEATHER SERVICE EUREKA CA
515 PM PDT WED AUG 16 2017


...................................

...THE EUREKA CA CLIMATE SUMMARY FOR AUGUST 16 2017...
VALID TODAY AS OF 0500 PM LOCAL TIME.

CLIMATE NORMAL PERIOD 1981 TO 2010
CLIMATE RECORD PERIOD 1886 TO 2017


WEATHER ITEM   OBSERVED RECORD YEAR NORMAL DEPARTURE LAST
                VALUE   VALUE       VALUE  FROM      YEAR
                                           NORMAL
...........................................................
TEMPERATURE (F)
 TODAY
  MAXIMUM         65     72    1990  64      1       62
                               1984
  MINIMUM         54     44    1935  53      1       53
  AVERAGE         60                 59      1       58

PRECIPITATION (IN)
  TODAY            0.00   0.09 1924   0.01  -0.01      T
  MONTH TO DATE    0.01               0.11  -0.10      T
  SINCE OCT 1     62.79              39.54  23.25    48.03
  SINCE JAN 1     37.02              23.57  13.45    27.31

SNOWFALL (IN)
  TODAY            0.0    0.0  2002   0.0    0.0      0.0
                               2001
  MONTH TO DATE    0.0                0.0    0.0      0.0
  SINCE JUN 1      0.0                0.0    0.0      0.0
  SINCE JUL 1      0.0                0.0    0.0      0.0
  SNOW DEPTH      MM

...........................................................


WIND (MPH)
  HIGHEST WIND SPEED     9   HIGHEST WIND DIRECTION    NW (300)
  HIGHEST GUST SPEED     9   HIGHEST GUST DIRECTION    MM
  AVERAGE WIND SPEED     3.9


SKY COVER
  AVERAGE SKY COVER 0.8


WEATHER CONDITIONS
 THE FOLLOWING WEATHER WAS RECORDED TODAY.
  FOG
  HAZE


..........................................................


THE EUREKA CA CLIMATE NORMALS FOR TOMORROW
                         NORMAL    RECORD    YEAR
 MAXIMUM TEMPERATURE (F)   64        71      1923
 MINIMUM TEMPERATURE (F)   53        47      1946
                                             1935


SUNRISE AND SUNSET
AUGUST 16 2017........SUNRISE   628 AM PDT   SUNSET   813 PM PDT
AUGUST 17 2017........SUNRISE   629 AM PDT   SUNSET   811 PM PDT


-  INDICATES NEGATIVE NUMBERS.
R  INDICATES RECORD WAS SET OR TIED.
MM INDICATES DATA IS MISSING.
T  INDICATES TRACE AMOUNT.




&&

..........................................................

TOTAL SEASON     NORMAL   % OF NORMAL     LAST SEASON

    62.79         39.54        159            48.03


$$
