000
CDUS46 KEKA 231429 CCA
CLIEKA

CLIMATE REPORT... CORRECTED SKY COVER
NATIONAL WEATHER SERVICE EUREKA CA
509 AM PDT THU MAR 23 2017


...................................

...THE EUREKA CA CLIMATE SUMMARY FOR MARCH 22 2017...

CLIMATE NORMAL PERIOD 1981 TO 2010
CLIMATE RECORD PERIOD 1886 TO 2017


WEATHER ITEM   OBSERVED RECORD YEAR NORMAL DEPARTURE LAST
                VALUE   VALUE       VALUE  FROM      YEAR
                                           NORMAL
...........................................................
TEMPERATURE (F)
 YESTERDAY
  MAXIMUM         55     69    1915  57     -2       57
                               1896
  MINIMUM         47     30    1898  43      4       44
  AVERAGE         51                 50      1       51

PRECIPITATION (IN)
  YESTERDAY        0.07   2.04 1998   0.17  -0.10     0.27
  MONTH TO DATE    5.52               3.91   1.61     7.92
  SINCE OCT 1     52.90              32.01  20.89    43.68
  SINCE JAN 1     27.13              16.04  11.09    22.96

SNOWFALL (IN)
  YESTERDAY        0.0   MM      MM   0.0    0.0     MM
  MONTH TO DATE    T                  0.0    0.0      0.0
  SINCE MAR 1      T                  0.0    0.0      0.0
  SINCE JUL 1      T                  0.2   -0.2       T
  SNOW DEPTH       0

DEGREE DAYS
 HEATING
  YESTERDAY       14                 15     -1       14
  MONTH TO DATE  307                338    -31      263
  SINCE MAR 1    307                338    -31      263
  SINCE JUL 1   3196               3260    -64     2673

 COOLING
  YESTERDAY        0                  0      0        0
  MONTH TO DATE    0                  0      0        0
  SINCE MAR 1      0                  0      0        0
  SINCE JAN 1      0                  0      0        0
...........................................................


WIND (MPH)
  HIGHEST WIND SPEED    12   HIGHEST WIND DIRECTION    NW (330)
  HIGHEST GUST SPEED    14   HIGHEST GUST DIRECTION    MM
  AVERAGE WIND SPEED     5.9


SKY COVER
  AVERAGE SKY COVER 0.9


WEATHER CONDITIONS
 THE FOLLOWING WEATHER WAS RECORDED YESTERDAY.
  LIGHT RAIN


..........................................................


THE EUREKA CA CLIMATE NORMALS FOR TODAY
                         NORMAL    RECORD    YEAR
 MAXIMUM TEMPERATURE (F)   57        66      2004
                                             1896
 MINIMUM TEMPERATURE (F)   43        33      2013
                                             2009


SUNRISE AND SUNSET
MARCH 23 2017.........SUNRISE   714 AM PDT   SUNSET   732 PM PDT
MARCH 24 2017.........SUNRISE   713 AM PDT   SUNSET   733 PM PDT


-  INDICATES NEGATIVE NUMBERS.
R  INDICATES RECORD WAS SET OR TIED.
MM INDICATES DATA IS MISSING.
T  INDICATES TRACE AMOUNT.




&&

..........................................................

TOTAL SEASON     NORMAL   % OF NORMAL     LAST SEASON

    52.90         32.01        165            43.68


$$
