000
CDUS46 KEKA 241210
CLIEKA


CLIMATE REPORT
NATIONAL WEATHER SERVICE EUREKA CA
508 AM PDT TUE MAY 24 2016


...................................

...THE EUREKA CA CLIMATE SUMMARY FOR MAY 23 2016...

CLIMATE NORMAL PERIOD 1981 TO 2010
CLIMATE RECORD PERIOD 1886 TO 2016


WEATHER ITEM   OBSERVED RECORD YEAR NORMAL DEPARTURE LAST
                VALUE   VALUE       VALUE  FROM      YEAR
                                           NORMAL
...........................................................
TEMPERATURE (F)
 YESTERDAY
  MAXIMUM         62     67    1992  61      1       61
  MINIMUM         51     37    2010  48      3       52
  AVERAGE         57                 55      2       57

PRECIPITATION (IN)
  YESTERDAY        0.00   0.69 1960   0.06  -0.06     0.00
  MONTH TO DATE    0.76               1.40  -0.64      T
  SINCE OCT 1     47.47              38.12   9.35    30.56
  SINCE JAN 1     26.75              22.15   4.60    12.18

SNOWFALL (IN)
  YESTERDAY        0.0    0.0  2002   0.0    0.0      0.0
                               2001
  MONTH TO DATE    0.0                0.0    0.0      0.0
  SINCE MAR 1      0.0                T      0.0       T
  SINCE JUL 1      T                  0.2   -0.2       T
  SNOW DEPTH       0

DEGREE DAYS
 HEATING
  YESTERDAY        8                 11     -3        8
  MONTH TO DATE  222                268    -46      267
  SINCE MAR 1    921               1167   -246     1087
  SINCE JUL 1   3331               4089   -758     3242

 COOLING
  YESTERDAY        0                  0      0        0
  MONTH TO DATE    0                  0      0        0
  SINCE MAR 1      0                  0      0        0
  SINCE JAN 1      0                  0      0        0
...........................................................


WIND (MPH)
  HIGHEST WIND SPEED    12   HIGHEST WIND DIRECTION     W (270)
  HIGHEST GUST SPEED    12   HIGHEST GUST DIRECTION    MM
  AVERAGE WIND SPEED     4.5


SKY COVER
  AVERAGE SKY COVER 0.6


WEATHER CONDITIONS
 THE FOLLOWING WEATHER WAS RECORDED YESTERDAY.
  NO SIGNIFICANT WEATHER WAS OBSERVED.


..........................................................


THE EUREKA CA CLIMATE NORMALS FOR TODAY
                         NORMAL    RECORD    YEAR
 MAXIMUM TEMPERATURE (F)   61        78      1890
 MINIMUM TEMPERATURE (F)   48        42      1922
                                             1920
                                             1918


SUNRISE AND SUNSET
MAY 24 2016...........SUNRISE   552 AM PDT   SUNSET   836 PM PDT
MAY 25 2016...........SUNRISE   551 AM PDT   SUNSET   837 PM PDT


-  INDICATES NEGATIVE NUMBERS.
R  INDICATES RECORD WAS SET OR TIED.
MM INDICATES DATA IS MISSING.
T  INDICATES TRACE AMOUNT.




&&

..........................................................

TOTAL SEASON     NORMAL   % OF NORMAL     LAST SEASON

    47.47         38.12        125            30.56


$$
