000
CDUS46 KEKA 210020
CLIEKA


CLIMATE REPORT
NATIONAL WEATHER SERVICE EUREKA CA
417 PM PST THU NOV 20 2014


...................................

...THE EUREKA CA CLIMATE SUMMARY FOR NOVEMBER 20 2014...
VALID TODAY AS OF 0400 PM LOCAL TIME.

CLIMATE NORMAL PERIOD 1981 TO 2010
CLIMATE RECORD PERIOD 1886 TO 2014


WEATHER ITEM   OBSERVED RECORD YEAR NORMAL DEPARTURE LAST
                VALUE   VALUE       VALUE  FROM      YEAR
                                           NORMAL
...........................................................
TEMPERATURE (F)
 TODAY
  MAXIMUM         56     73    1926  57     -1       55
  MINIMUM         51     33    2004  43      8       48
  AVERAGE         54                 50      4       52

PRECIPITATION (IN)
  TODAY            0.57   2.20 1909   0.20   0.37     0.53
  MONTH TO DATE    1.80               3.37  -1.57     1.29
  SINCE JUL 1      9.67               6.69   2.98     4.56
  SINCE JAN 1     25.66              29.97  -4.31    16.04

SNOWFALL (IN)
  TODAY            0.0    0.0  2002   0.0    0.0     MM
                               2001
  MONTH TO DATE    0.0                0.0    0.0      0.0
  SINCE SEP 1      0.0                0.0    0.0      0.0
  SINCE JUL 1      0.0                0.0    0.0      0.0
  SNOW DEPTH      MM

...........................................................


WIND (MPH)
  HIGHEST WIND SPEED     9   HIGHEST WIND DIRECTION     W (260)
  HIGHEST GUST SPEED    20   HIGHEST GUST DIRECTION    MM
  AVERAGE WIND SPEED     4.1


SKY COVER
  AVERAGE SKY COVER 1.0


WEATHER CONDITIONS
 THE FOLLOWING WEATHER WAS RECORDED TODAY.
  RAIN
  LIGHT RAIN
  FOG


..........................................................


THE EUREKA CA CLIMATE NORMALS FOR TOMORROW
                         NORMAL    RECORD    YEAR
 MAXIMUM TEMPERATURE (F)   57        70      1930
                                             1912
 MINIMUM TEMPERATURE (F)   43        32      1994


SUNRISE AND SUNSET
NOVEMBER 20 2014......SUNRISE   710 AM PST   SUNSET   455 PM PST
NOVEMBER 21 2014......SUNRISE   711 AM PST   SUNSET   454 PM PST


-  INDICATES NEGATIVE NUMBERS.
R  INDICATES RECORD WAS SET OR TIED.
MM INDICATES DATA IS MISSING.
T  INDICATES TRACE AMOUNT.




&&

..........................................................

TOTAL SEASON     NORMAL   % OF NORMAL     LAST SEASON

     9.67          6.69        145             4.56


$$
