000
CDUS41 KRLX 202217
CLIEKN


CLIMATE REPORT
NATIONAL WEATHER SERVICE CHARLESTON WV
516 PM EST TUE FEB 20 2018


...................................

...THE ELKINS WV CLIMATE SUMMARY FOR FEBRUARY 20 2018...
VALID TODAY AS OF 0500 PM LOCAL TIME.

CLIMATE NORMAL PERIOD 1981 TO 2010
CLIMATE RECORD PERIOD 1899 TO 2018


WEATHER ITEM   OBSERVED TIME   RECORD YEAR NORMAL DEPARTURE LAST
                VALUE   (LST)  VALUE       VALUE  FROM      YEAR
                                                  NORMAL
..................................................................
TEMPERATURE (F)
 TODAY
  MAXIMUM         77R   323 PM  68    1955  44     33       67
  MINIMUM         46    232 AM -15    1978  22     24       31
  AVERAGE         62                        33     29       49

PRECIPITATION (IN)
  TODAY            0.00          1.23 1981   0.12  -0.12     0.00
  MONTH TO DATE    5.80                      2.18   3.62     1.52
  SINCE DEC 1     10.72                      8.67   2.05    11.51
  SINCE JAN 1      8.48                      5.41   3.07     6.61

DEGREE DAYS
 HEATING
  TODAY            3                        32    -29       16
  MONTH TO DATE  529                       673   -144      539
  SINCE DEC 1   2765                      2790    -25     2319
  SINCE JUL 1   3850                      4074   -224     3264

 COOLING
  TODAY            0                         0      0        0
  MONTH TO DATE    0                         0      0        0
  SINCE DEC 1      0                         0      0        0
  SINCE JAN 1      0                         0      0        0
..................................................................


WIND (MPH)
  HIGHEST WIND SPEED    21   HIGHEST WIND DIRECTION     W (250)
  HIGHEST GUST SPEED    33   HIGHEST GUST DIRECTION    SW (220)
  AVERAGE WIND SPEED     6.9


SKY COVER
  POSSIBLE SUNSHINE  MM
  AVERAGE SKY COVER 0.6


WEATHER CONDITIONS
 THE FOLLOWING WEATHER WAS RECORDED TODAY.
  NO SIGNIFICANT WEATHER WAS OBSERVED.


RELATIVE HUMIDITY (PERCENT)
 HIGHEST    93          1200 AM
 LOWEST     36           200 PM
 AVERAGE    65

..........................................................


THE ELKINS WV CLIMATE NORMALS FOR TOMORROW
                         NORMAL    RECORD    YEAR
 MAXIMUM TEMPERATURE (F)   44        68      2017
                                             1997
 MINIMUM TEMPERATURE (F)   22        -7      1958


SUNRISE AND SUNSET
FEBRUARY 20 2018......SUNRISE   704 AM EST   SUNSET   602 PM EST
FEBRUARY 21 2018......SUNRISE   703 AM EST   SUNSET   604 PM EST


-  INDICATES NEGATIVE NUMBERS.
R  INDICATES RECORD WAS SET OR TIED.
MM INDICATES DATA IS MISSING.
T  INDICATES TRACE AMOUNT.




$$
