000
CDUS41 KRLX 060823
CLIEKN


CLIMATE REPORT
NATIONAL WEATHER SERVICE CHARLESTON WV
321 AM EST FRI MAR 6 2015


...................................

...THE ELKINS WV CLIMATE SUMMARY FOR MARCH 5 2015...

CLIMATE NORMAL PERIOD 1981 TO 2010
CLIMATE RECORD PERIOD 1899 TO 2015


WEATHER ITEM   OBSERVED TIME   RECORD YEAR NORMAL DEPARTURE LAST
                VALUE   (LST)  VALUE       VALUE  FROM      YEAR
                                                  NORMAL
..................................................................
TEMPERATURE (F)
 YESTERDAY
  MAXIMUM         32   1227 AM  78    2004  48    -16       42
  MINIMUM          9   1159 PM   0    1975  25    -16       13
  AVERAGE         21                        36    -15       28

PRECIPITATION (IN)
  YESTERDAY        1.44R         1.29 1939   0.12   1.32     0.00
  MONTH TO DATE    4.18                      0.59   3.59     0.87
  SINCE JAN 1      9.90                      6.92   2.98     7.13

SNOWFALL (IN)
  YESTERDAY        8.3
  MONTH TO DATE    9.1
  SINCE SEP 1     65.1
  SNOW DEPTH       7

DEGREE DAYS
 HEATING
  YESTERDAY       44                        29     15       37
  MONTH TO DATE  159                       146     13      204
  SINCE MAR 1    159                       146     13      204
  SINCE JUL 1   4790                      4467    323     4727

 COOLING
  YESTERDAY        0                         0      0        0
  MONTH TO DATE    0                         0      0        0
  SINCE MAR 1      0                         0      0        0
  SINCE JAN 1      0                         0      0        0
..................................................................


WIND (MPH)
  HIGHEST WIND SPEED    13   HIGHEST WIND DIRECTION     N (340)
  HIGHEST GUST SPEED    16   HIGHEST GUST DIRECTION     N (340)
  AVERAGE WIND SPEED     6.3


SKY COVER
  POSSIBLE SUNSHINE  MM
  AVERAGE SKY COVER 1.0


WEATHER CONDITIONS
 THE FOLLOWING WEATHER WAS RECORDED YESTERDAY.
  HEAVY SNOW
  SNOW
  LIGHT SNOW
  FOG
  FOG W/VISIBILITY <= 1/4 MILE


RELATIVE HUMIDITY (PERCENT)
 HIGHEST    96           800 AM
 LOWEST     77           300 PM
 AVERAGE    87

..........................................................


THE ELKINS WV CLIMATE NORMALS FOR TODAY
                         NORMAL    RECORD    YEAR
 MAXIMUM TEMPERATURE (F)   48        77      1946
 MINIMUM TEMPERATURE (F)   25         0      1901


SUNRISE AND SUNSET
MARCH  6 2015.........SUNRISE   645 AM EST   SUNSET   617 PM EST
MARCH  7 2015.........SUNRISE   643 AM EST   SUNSET   618 PM EST


-  INDICATES NEGATIVE NUMBERS.
R  INDICATES RECORD WAS SET OR TIED.
MM INDICATES DATA IS MISSING.
T  INDICATES TRACE AMOUNT.




$$
