000
CDUS41 KRLX 122121
CLIEKN


CLIMATE REPORT
NATIONAL WEATHER SERVICE CHARLESTON WV
516 PM EDT SAT JUL 12 2014


...................................

...THE ELKINS WV CLIMATE SUMMARY FOR JULY 12 2014...
VALID TODAY AS OF 0500 PM LOCAL TIME.

CLIMATE NORMAL PERIOD 1981 TO 2010
CLIMATE RECORD PERIOD 1899 TO 2014


WEATHER ITEM   OBSERVED TIME   RECORD YEAR NORMAL DEPARTURE LAST
                VALUE   (LST)  VALUE       VALUE  FROM      YEAR
                                                  NORMAL
..................................................................
TEMPERATURE (F)
 TODAY
  MAXIMUM         85    326 PM  92    1914  81      4       76
  MINIMUM         58    527 AM  42    1945  59     -1       60
  AVERAGE         72                        70      2       68

PRECIPITATION (IN)
  TODAY            0.00          2.42 1991   0.18  -0.18     0.01
  MONTH TO DATE    0.83                      2.13  -1.30     1.74
  SINCE JUN 1      5.35                      6.53  -1.18     5.91
  SINCE JAN 1     20.69                     25.74  -5.05    22.30

DEGREE DAYS
 HEATING
  TODAY            0                         0      0        0
  MONTH TO DATE    6                         8     -2        0
  SINCE JUN 1     20                        63    -43       12
  SINCE JUL 1      6                         8     -2        0

 COOLING
  TODAY            7                         5      2        3
  MONTH TO DATE   68                        60      8       94
  SINCE JUN 1    213                       152     61      191
  SINCE JAN 1    249                       175     74      216
..................................................................


WIND (MPH)
  HIGHEST WIND SPEED    13   HIGHEST WIND DIRECTION    NW (300)
  HIGHEST GUST SPEED    17   HIGHEST GUST DIRECTION    NW (320)
  AVERAGE WIND SPEED     2.6


SKY COVER
  POSSIBLE SUNSHINE  MM
  AVERAGE SKY COVER 0.2


WEATHER CONDITIONS
 THE FOLLOWING WEATHER WAS RECORDED TODAY.
  FOG
  HAZE


RELATIVE HUMIDITY (PERCENT)
 HIGHEST    93           200 AM
 LOWEST     40           200 PM
 AVERAGE    67

..........................................................


THE ELKINS WV CLIMATE NORMALS FOR TOMORROW
                         NORMAL    RECORD    YEAR
 MAXIMUM TEMPERATURE (F)   81        92      1993
 MINIMUM TEMPERATURE (F)   59        42      1974


SUNRISE AND SUNSET
JULY 12 2014..........SUNRISE   604 AM EDT   SUNSET   845 PM EDT
JULY 13 2014..........SUNRISE   605 AM EDT   SUNSET   845 PM EDT


-  INDICATES NEGATIVE NUMBERS.
R  INDICATES RECORD WAS SET OR TIED.
MM INDICATES DATA IS MISSING.
T  INDICATES TRACE AMOUNT.




$$
