000
CDUS41 KRLX 010818
CLIEKN


CLIMATE REPORT
NATIONAL WEATHER SERVICE CHARLESTON WV
317 AM EST SUN FEB 1 2015


...................................

...THE ELKINS WV CLIMATE SUMMARY FOR JANUARY 31 2015...

CLIMATE NORMAL PERIOD 1981 TO 2010
CLIMATE RECORD PERIOD 1899 TO 2015


WEATHER ITEM   OBSERVED TIME   RECORD YEAR NORMAL DEPARTURE LAST
                VALUE   (LST)  VALUE       VALUE  FROM      YEAR
                                                  NORMAL
..................................................................
TEMPERATURE (F)
 YESTERDAY
  MAXIMUM         31    340 PM  76    2002  40     -9       44
  MINIMUM         -1    754 AM -11    2004  20    -21       26
  AVERAGE         15                        30    -15       35

PRECIPITATION (IN)
  YESTERDAY        0.00          1.33 1951   0.11  -0.11     0.00
  MONTH TO DATE    3.02                      3.23  -0.21     2.15
  SINCE JAN 1      3.02                      3.23  -0.21     2.15

SNOWFALL (IN)
  YESTERDAY        0.0
  MONTH TO DATE   16.2
  SINCE SEP 1     25.3
  SNOW DEPTH       1

DEGREE DAYS
 HEATING
  YESTERDAY       50                        35     15       30
  MONTH TO DATE 1153                      1111     42     1293
  SINCE DEC 1   2025                      2117    -92     2208
  SINCE JUL 1   3381                      3401    -20     3503

 COOLING
  YESTERDAY        0                         0      0        0
  MONTH TO DATE    0                         0      0        0
  SINCE DEC 1      0                         0      0        0
  SINCE JAN 1      0                         0      0        0
..................................................................


WIND (MPH)
  HIGHEST WIND SPEED     9   HIGHEST WIND DIRECTION     W (290)
  HIGHEST GUST SPEED    12   HIGHEST GUST DIRECTION     W (290)
  AVERAGE WIND SPEED     1.2


SKY COVER
  POSSIBLE SUNSHINE  MM
  AVERAGE SKY COVER 0.2


WEATHER CONDITIONS
 THE FOLLOWING WEATHER WAS RECORDED YESTERDAY.
  NO SIGNIFICANT WEATHER WAS OBSERVED.


RELATIVE HUMIDITY (PERCENT)
 HIGHEST    96           400 AM
 LOWEST     39           400 PM
 AVERAGE    68

..........................................................


THE ELKINS WV CLIMATE NORMALS FOR TODAY
                         NORMAL    RECORD    YEAR
 MAXIMUM TEMPERATURE (F)   40        68      1988
 MINIMUM TEMPERATURE (F)   20       -12      1965


SUNRISE AND SUNSET
FEBRUARY  1 2015......SUNRISE   726 AM EST   SUNSET   541 PM EST
FEBRUARY  2 2015......SUNRISE   725 AM EST   SUNSET   542 PM EST


-  INDICATES NEGATIVE NUMBERS.
R  INDICATES RECORD WAS SET OR TIED.
MM INDICATES DATA IS MISSING.
T  INDICATES TRACE AMOUNT.




$$
