000
CDUS41 KRLX 270720
CLIEKN


CLIMATE REPORT
NATIONAL WEATHER SERVICE CHARLESTON WV
316 AM EDT FRI MAR 27 2015


...................................

...THE ELKINS WV CLIMATE SUMMARY FOR MARCH 26 2015...

CLIMATE NORMAL PERIOD 1981 TO 2010
CLIMATE RECORD PERIOD 1899 TO 2015


WEATHER ITEM   OBSERVED TIME   RECORD YEAR NORMAL DEPARTURE LAST
                VALUE   (LST)  VALUE       VALUE  FROM      YEAR
                                                  NORMAL
..................................................................
TEMPERATURE (F)
 YESTERDAY
  MAXIMUM         71    232 PM  79    1916  55     16       27
  MINIMUM         39   1159 PM   5    1940  31      8       13
  AVERAGE         55                        43     12       20

PRECIPITATION (IN)
  YESTERDAY        0.34          0.95 1924   0.13   0.21     0.02
  MONTH TO DATE    7.12                      3.29   3.83     2.09
  SINCE JAN 1     12.84                      9.62   3.22     8.35

SNOWFALL (IN)
  YESTERDAY       MM
  MONTH TO DATE    9.1
  SINCE SEP 1     65.1
  SNOW DEPTH       0

DEGREE DAYS
 HEATING
  YESTERDAY       10                        22    -12       45
  MONTH TO DATE  648                       676    -28      783
  SINCE MAR 1    648                       676    -28      783
  SINCE JUL 1   5279                      4997    282     5306

 COOLING
  YESTERDAY        0                         0      0        0
  MONTH TO DATE    0                         0      0        0
  SINCE MAR 1      0                         0      0        0
  SINCE JAN 1      0                         0      0        0
..................................................................


WIND (MPH)
  HIGHEST WIND SPEED    24   HIGHEST WIND DIRECTION    NW (300)
  HIGHEST GUST SPEED    37   HIGHEST GUST DIRECTION     W (260)
  AVERAGE WIND SPEED     8.1


SKY COVER
  POSSIBLE SUNSHINE  MM
  AVERAGE SKY COVER 0.7


WEATHER CONDITIONS
 THE FOLLOWING WEATHER WAS RECORDED YESTERDAY.
  HEAVY RAIN
  RAIN
  LIGHT RAIN
  FOG


RELATIVE HUMIDITY (PERCENT)
 HIGHEST    92           700 AM
 LOWEST     38          1100 AM
 AVERAGE    65

..........................................................


THE ELKINS WV CLIMATE NORMALS FOR TODAY
                         NORMAL    RECORD    YEAR
 MAXIMUM TEMPERATURE (F)   56        84      1921
 MINIMUM TEMPERATURE (F)   31        11      2001


SUNRISE AND SUNSET
MARCH 27 2015.........SUNRISE   712 AM EDT   SUNSET   738 PM EDT
MARCH 28 2015.........SUNRISE   711 AM EDT   SUNSET   739 PM EDT


-  INDICATES NEGATIVE NUMBERS.
R  INDICATES RECORD WAS SET OR TIED.
MM INDICATES DATA IS MISSING.
T  INDICATES TRACE AMOUNT.




$$
