000
CDUS41 KRLX 220826
CLIEKN


CLIMATE REPORT
NATIONAL WEATHER SERVICE CHARLESTON WV
326 AM EST WED NOV 22 2017


...................................

...THE ELKINS WV CLIMATE SUMMARY FOR NOVEMBER 21 2017...

CLIMATE NORMAL PERIOD 1981 TO 2010
CLIMATE RECORD PERIOD 1899 TO 2017


WEATHER ITEM   OBSERVED TIME   RECORD YEAR NORMAL DEPARTURE LAST
                VALUE   (LST)  VALUE       VALUE  FROM      YEAR
                                                  NORMAL
..................................................................
TEMPERATURE (F)
 YESTERDAY
  MAXIMUM         59    321 PM  78    1906  51      8       33
  MINIMUM         18    710 AM   3    1951  29    -11       25
  AVERAGE         39                        40     -1       29

PRECIPITATION (IN)
  YESTERDAY        T             0.84 1962   0.11  -0.11      T
  MONTH TO DATE    2.57                      2.33   0.24     1.17
  SINCE JAN 1     43.58                     41.62   1.96    38.97

SNOWFALL (IN)
  YESTERDAY        0.0           5.2  1987   0.3   -0.3       T
  MONTH TO DATE    T                         2.7   -2.7      4.7
  SINCE SEP 1      T                         3.1   -3.1      4.7
  SNOW DEPTH       0

DEGREE DAYS
 HEATING
  YESTERDAY       26                        25      1       36
  MONTH TO DATE  436                       455    -19      420
  SINCE SEP 1    839                      1016   -177      723
  SINCE JUL 1    861                      1046   -185      723

 COOLING
  YESTERDAY        0                         0      0        0
  MONTH TO DATE    0                         0      0        0
  SINCE SEP 1     82                        49     33      120
  SINCE JAN 1    544                       475     69      809
..................................................................


WIND (MPH)
  HIGHEST WIND SPEED    20   HIGHEST WIND DIRECTION    SW (210)
  HIGHEST GUST SPEED    30   HIGHEST GUST DIRECTION     S (200)
  AVERAGE WIND SPEED     3.6


SKY COVER
  POSSIBLE SUNSHINE  MM
  AVERAGE SKY COVER 0.1


WEATHER CONDITIONS
 THE FOLLOWING WEATHER WAS RECORDED YESTERDAY.
  LIGHT RAIN


RELATIVE HUMIDITY (PERCENT)
 HIGHEST    96           100 AM
 LOWEST     23           100 PM
 AVERAGE    60

..........................................................


THE ELKINS WV CLIMATE NORMALS FOR TODAY
                         NORMAL    RECORD    YEAR
 MAXIMUM TEMPERATURE (F)   51        73      1931
                                             1913
 MINIMUM TEMPERATURE (F)   29         5      1987


SUNRISE AND SUNSET
NOVEMBER 22 2017......SUNRISE   710 AM EST   SUNSET   501 PM EST
NOVEMBER 23 2017......SUNRISE   711 AM EST   SUNSET   500 PM EST


-  INDICATES NEGATIVE NUMBERS.
R  INDICATES RECORD WAS SET OR TIED.
MM INDICATES DATA IS MISSING.
T  INDICATES TRACE AMOUNT.




$$
