000
CDUS45 KLKN 190055
CLIEKO


CLIMATE REPORT
NATIONAL WEATHER SERVICE ELKO NV
453 PM PST SUN FEB 18 2018


...................................

...THE ELKO AIRPORT NV CLIMATE SUMMARY FOR FEBRUARY 18 2018...
VALID TODAY AS OF 0400 PM LOCAL TIME.

CLIMATE NORMAL PERIOD 1981 TO 2010
CLIMATE RECORD PERIOD 1888 TO 2018


WEATHER ITEM   OBSERVED TIME   RECORD YEAR NORMAL DEPARTURE LAST
                VALUE   (LST)  VALUE       VALUE  FROM      YEAR
                                                  NORMAL
..................................................................
TEMPERATURE (F)
 TODAY
  MAXIMUM         47    454 AM  65    1981  42      5       49
  MINIMUM         32    314 PM -20    1932  19     13       37
  AVERAGE         40                        31      9       43

PRECIPITATION (IN)
  TODAY            0.01          1.50 1901   0.03  -0.02     0.10
  MONTH TO DATE    0.22                      0.53  -0.31     1.06
  SINCE OCT 1      2.39                      4.71  -2.32     9.17
  SINCE JAN 1      0.69                      1.65  -0.96     3.54

SNOWFALL (IN)
  TODAY            0.2           2.0  2016   0.3   -0.1      0.0
                                      1951
  MONTH TO DATE    3.5                       4.5   -1.0       T
  SINCE DEC 1      9.8                      24.9  -15.1     42.8
  SINCE JUL 1     10.5                      30.6  -20.1     48.3
  SNOW DEPTH       0

DEGREE DAYS
 HEATING
  TODAY           25                        34     -9       22
  MONTH TO DATE  542                       660   -118      474
  SINCE DEC 1   2613                      3107   -494     3068
  SINCE JUL 1   4201                      4845   -644     4413

 COOLING
  TODAY            0                         0      0        0
  MONTH TO DATE    0                         0      0        0
  SINCE DEC 1      0                         0      0        0
  SINCE JAN 1      0                         0      0        0
..................................................................


WIND (MPH)
  HIGHEST WIND SPEED    32   HIGHEST WIND DIRECTION     W (260)
  HIGHEST GUST SPEED    44   HIGHEST GUST DIRECTION    SW (240)



WEATHER CONDITIONS
 THE FOLLOWING WEATHER WAS RECORDED TODAY.
  LIGHT SNOW
  FOG


RELATIVE HUMIDITY (PERCENT)
 HIGHEST    89           900 AM
 LOWEST     40          1200 AM
 AVERAGE    65

..........................................................


THE ELKO AIRPORT NV CLIMATE NORMALS FOR TOMORROW
                         NORMAL    RECORD    YEAR
 MAXIMUM TEMPERATURE (F)   43        67      1981
 MINIMUM TEMPERATURE (F)   20       -22      1932


SUNRISE AND SUNSET
FEBRUARY 18 2018......SUNRISE   633 AM PST   SUNSET   522 PM PST
FEBRUARY 19 2018......SUNRISE   632 AM PST   SUNSET   523 PM PST


-  INDICATES NEGATIVE NUMBERS.
R  INDICATES RECORD WAS SET OR TIED.
MM INDICATES DATA IS MISSING.
T  INDICATES TRACE AMOUNT.




$$
