000
CDUS45 KLKN 030931
CLIEKO


CLIMATE REPORT
NATIONAL WEATHER SERVICE ELKO NV
231 AM PDT MON AUG 3 2015


...................................

...THE ELKO AIRPORT NV CLIMATE SUMMARY FOR AUGUST 2 2015...

CLIMATE NORMAL PERIOD 1981 TO 2010
CLIMATE RECORD PERIOD 1888 TO 2015


WEATHER ITEM   OBSERVED TIME   RECORD YEAR NORMAL DEPARTURE LAST
                VALUE   (LST)  VALUE       VALUE  FROM      YEAR
                                                  NORMAL
..................................................................
TEMPERATURE (F)
 YESTERDAY
  MAXIMUM         93    238 PM 104    1978  91      2       94
                                      1892
  MINIMUM         59    247 AM  35    1890  50      9       56
  AVERAGE         76                        71      5       75

PRECIPITATION (IN)
  YESTERDAY        0.00          0.53 2003   0.02  -0.02     0.00
  MONTH TO DATE    0.00                      0.03  -0.03     0.00
  SINCE OCT 1      8.37                      9.00  -0.63     8.01
  SINCE JAN 1      6.13                      5.94   0.19     6.40

SNOWFALL (IN)
  YESTERDAY        0.0           0.0  1888   0.0    0.0      0.0
  MONTH TO DATE    0.0                       0.0    0.0      0.0
  SINCE JUN 1      0.0                       0.0    0.0      0.0
  SINCE JUL 1      0.0                       0.0    0.0      0.0
  SNOW DEPTH       0

DEGREE DAYS
 HEATING
  YESTERDAY        0                         0      0        0
  MONTH TO DATE    0                         0      0        0
  SINCE JUN 1     33                       150   -117       92
  SINCE JUL 1      9                        19    -10        0

 COOLING
  YESTERDAY       11                         6      5       10
  MONTH TO DATE   19                        12      7       17
  SINCE JUN 1    385                       239    146      390
  SINCE JAN 1    392                       243    149      393
..................................................................


WIND (MPH)
  HIGHEST WIND SPEED    24   HIGHEST WIND DIRECTION     W (250)
  HIGHEST GUST SPEED    30   HIGHEST GUST DIRECTION    SW (240)
  AVERAGE WIND SPEED     4.5



WEATHER CONDITIONS
 THE FOLLOWING WEATHER WAS RECORDED YESTERDAY.
  NO SIGNIFICANT WEATHER WAS OBSERVED.


RELATIVE HUMIDITY (PERCENT)
 HIGHEST    47           900 PM
 LOWEST     13           300 PM
 AVERAGE    30

..........................................................


THE ELKO AIRPORT NV CLIMATE NORMALS FOR TODAY
                         NORMAL    RECORD    YEAR
 MAXIMUM TEMPERATURE (F)   91       103      1978
 MINIMUM TEMPERATURE (F)   50        32      1956


SUNRISE AND SUNSET
AUGUST  3 2015........SUNRISE   541 AM PDT   SUNSET   757 PM PDT
AUGUST  4 2015........SUNRISE   542 AM PDT   SUNSET   756 PM PDT


-  INDICATES NEGATIVE NUMBERS.
R  INDICATES RECORD WAS SET OR TIED.
MM INDICATES DATA IS MISSING.
T  INDICATES TRACE AMOUNT.




$$
