286
CDUS45 KLKN 170944
CLIEKO


CLIMATE REPORT
NATIONAL WEATHER SERVICE ELKO NV
144 AM PST TUE JAN 17 2017


...................................

...THE ELKO AIRPORT NV CLIMATE SUMMARY FOR JANUARY 16 2017...

CLIMATE NORMAL PERIOD 1981 TO 2010
CLIMATE RECORD PERIOD 1888 TO 2017


WEATHER ITEM   OBSERVED TIME   RECORD YEAR NORMAL DEPARTURE LAST
                VALUE   (LST)  VALUE       VALUE  FROM      YEAR
                                                  NORMAL
..................................................................
TEMPERATURE (F)
 YESTERDAY
  MAXIMUM         24    259 PM  56    1899  36    -12       40
  MINIMUM         18   1159 PM -25    1917  14      4       21
  AVERAGE         21                        25     -4       31

PRECIPITATION (IN)
  YESTERDAY        T             1.50 1893   0.04  -0.04     0.09
  MONTH TO DATE    1.84                      0.63   1.21     0.77
  SINCE OCT 1      7.47                      3.69   3.78     5.31
  SINCE JAN 1      1.84                      0.63   1.21     0.77

SNOWFALL (IN)
  YESTERDAY        T            15.0  1893   0.4   -0.4      0.8
  MONTH TO DATE   18.3                       5.8   12.5      9.3
  SINCE DEC 1     30.5                      15.7   14.8     32.6
  SINCE JUL 1     36.0                      21.4   14.6     44.8
  SNOW DEPTH       4

DEGREE DAYS
 HEATING
  YESTERDAY       44                        40      4       34
  MONTH TO DATE  664                       640     24      679
  SINCE DEC 1   1918                      1850     68     1929
  SINCE JUL 1   3263                      3588   -325     3410

 COOLING
  YESTERDAY        0                         0      0        0
  MONTH TO DATE    0                         0      0        0
  SINCE DEC 1      0                         0      0        0
  SINCE JAN 1      0                         0      0        0
..................................................................


WIND (MPH)
  HIGHEST WIND SPEED    12   HIGHEST WIND DIRECTION     W (250)
  HIGHEST GUST SPEED    13   HIGHEST GUST DIRECTION     W (250)
  AVERAGE WIND SPEED     4.7



WEATHER CONDITIONS
 THE FOLLOWING WEATHER WAS RECORDED YESTERDAY.
  LIGHT SNOW


RELATIVE HUMIDITY (PERCENT)
 HIGHEST    84          1200 AM
 LOWEST     74          1200 PM
 AVERAGE    79

..........................................................


THE ELKO AIRPORT NV CLIMATE NORMALS FOR TODAY
                         NORMAL    RECORD    YEAR
 MAXIMUM TEMPERATURE (F)   36        60      1899
 MINIMUM TEMPERATURE (F)   14       -27      1917


SUNRISE AND SUNSET
JANUARY 17 2017.......SUNRISE   704 AM PST   SUNSET   443 PM PST
JANUARY 18 2017.......SUNRISE   704 AM PST   SUNSET   444 PM PST


-  INDICATES NEGATIVE NUMBERS.
R  INDICATES RECORD WAS SET OR TIED.
MM INDICATES DATA IS MISSING.
T  INDICATES TRACE AMOUNT.




$$
