000
CDUS45 KLKN 200932
CLIEKO


CLIMATE REPORT
NATIONAL WEATHER SERVICE ELKO NV
131 AM PST SAT DEC 20 2014


...................................

...THE ELKO AIRPORT NV CLIMATE SUMMARY FOR DECEMBER 19 2014...

CLIMATE NORMAL PERIOD 1981 TO 2010
CLIMATE RECORD PERIOD 1888 TO 2014


WEATHER ITEM   OBSERVED TIME   RECORD YEAR NORMAL DEPARTURE LAST
                VALUE   (LST)  VALUE       VALUE  FROM      YEAR
                                                  NORMAL
..................................................................
TEMPERATURE (F)
 YESTERDAY
  MAXIMUM         45    107 PM  62    1917  36      9       34
  MINIMUM         23    340 AM -28    1924  14      9       11
  AVERAGE         34                        25      9       23

PRECIPITATION (IN)
  YESTERDAY        0.11          0.60 1916   0.04   0.07     0.01
  MONTH TO DATE    0.29                      0.71  -0.42     0.55
  SINCE OCT 1      1.44                      2.57  -1.13     1.51
  SINCE JAN 1      9.49                      9.42   0.07     6.36

SNOWFALL (IN)
  YESTERDAY        0.3           6.0  1898   0.4   -0.1       T
  MONTH TO DATE    0.8                       5.7   -4.9      3.2
  SINCE DEC 1      0.8                       5.7   -4.9      3.2
  SINCE JUL 1      2.7                      11.4   -8.7      8.9
  SNOW DEPTH       0

DEGREE DAYS
 HEATING
  YESTERDAY       31                        40     -9       42
  MONTH TO DATE  539                       729   -190      929
  SINCE DEC 1    539                       729   -190      929
  SINCE JUL 1   1899                      2467   -568     2489

 COOLING
  YESTERDAY        0                         0      0        0
  MONTH TO DATE    0                         0      0        0
  SINCE DEC 1      0                         0      0        0
  SINCE JAN 1    549                       383    166      776
..................................................................


WIND (MPH)
  HIGHEST WIND SPEED    14   HIGHEST WIND DIRECTION     W (270)
  HIGHEST GUST SPEED    16   HIGHEST GUST DIRECTION    NW (300)
  AVERAGE WIND SPEED     2.4



WEATHER CONDITIONS
 THE FOLLOWING WEATHER WAS RECORDED YESTERDAY.
  LIGHT RAIN
  LIGHT SNOW
  FOG


RELATIVE HUMIDITY (PERCENT)
 HIGHEST    96           700 PM
 LOWEST     53          1200 PM
 AVERAGE    75

..........................................................


THE ELKO AIRPORT NV CLIMATE NORMALS FOR TODAY
                         NORMAL    RECORD    YEAR
 MAXIMUM TEMPERATURE (F)   36        57      1958
 MINIMUM TEMPERATURE (F)   14       -20      1924


SUNRISE AND SUNSET
DECEMBER 20 2014......SUNRISE   704 AM PST   SUNSET   418 PM PST
DECEMBER 21 2014......SUNRISE   704 AM PST   SUNSET   419 PM PST


-  INDICATES NEGATIVE NUMBERS.
R  INDICATES RECORD WAS SET OR TIED.
MM INDICATES DATA IS MISSING.
T  INDICATES TRACE AMOUNT.




$$
