000
CDUS45 KLKN 240036
CLIEKO


CLIMATE REPORT
NATIONAL WEATHER SERVICE ELKO NV
434 PM PST THU FEB 23 2017


...................................

...THE ELKO AIRPORT NV CLIMATE SUMMARY FOR FEBRUARY 23 2017...
VALID TODAY AS OF 0400 PM LOCAL TIME.

CLIMATE NORMAL PERIOD 1981 TO 2010
CLIMATE RECORD PERIOD 1888 TO 2017


WEATHER ITEM   OBSERVED TIME   RECORD YEAR NORMAL DEPARTURE LAST
                VALUE   (LST)  VALUE       VALUE  FROM      YEAR
                                                  NORMAL
..................................................................
TEMPERATURE (F)
 TODAY
  MAXIMUM         32    122 PM  65    1981  44    -12       43
  MINIMUM         23    726 AM -30    1894  21      2       20
  AVERAGE         28                        32     -4       32

PRECIPITATION (IN)
  TODAY            0.01          0.42 1934   0.03  -0.02     0.00
  MONTH TO DATE    1.51                      0.68   0.83     0.31
  SINCE OCT 1      9.62                      4.86   4.76     6.82
  SINCE JAN 1      3.99                      1.80   2.19     2.28

SNOWFALL (IN)
  TODAY            0.4           5.0  1987   0.2    0.2      0.0
  MONTH TO DATE    1.6                       5.5   -3.9      3.3
  SINCE DEC 1     44.4                      25.9   18.5     44.1
  SINCE JUL 1     49.9                      31.6   18.3     56.3
  SNOW DEPTH       1

DEGREE DAYS
 HEATING
  TODAY           37                        32      5       33
  MONTH TO DATE  608                       826   -218      873
  SINCE DEC 1   3202                      3273    -71     3411
  SINCE JUL 1   4547                      5011   -464     4892

 COOLING
  TODAY            0                         0      0        0
  MONTH TO DATE    0                         0      0        0
  SINCE DEC 1      0                         0      0        0
  SINCE JAN 1      0                         0      0        0
..................................................................


WIND (MPH)
  HIGHEST WIND SPEED    17   HIGHEST WIND DIRECTION     W (290)
  HIGHEST GUST SPEED    23   HIGHEST GUST DIRECTION     W (280)



WEATHER CONDITIONS
 THE FOLLOWING WEATHER WAS RECORDED TODAY.
  LIGHT SNOW
  FOG


RELATIVE HUMIDITY (PERCENT)
 HIGHEST    81          1200 AM
 LOWEST     47           200 PM
 AVERAGE    64

..........................................................


THE ELKO AIRPORT NV CLIMATE NORMALS FOR TOMORROW
                         NORMAL    RECORD    YEAR
 MAXIMUM TEMPERATURE (F)   45        69      1986
 MINIMUM TEMPERATURE (F)   21       -20      1894


SUNRISE AND SUNSET
FEBRUARY 23 2017......SUNRISE   626 AM PST   SUNSET   528 PM PST
FEBRUARY 24 2017......SUNRISE   624 AM PST   SUNSET   529 PM PST


-  INDICATES NEGATIVE NUMBERS.
R  INDICATES RECORD WAS SET OR TIED.
MM INDICATES DATA IS MISSING.
T  INDICATES TRACE AMOUNT.




$$
