555
CDUS45 KLKN 300929
CLIEKO


CLIMATE REPORT
NATIONAL WEATHER SERVICE ELKO NV
228 AM PDT SAT APR 30 2016


...................................

...THE ELKO AIRPORT NV CLIMATE SUMMARY FOR APRIL 29 2016...

CLIMATE NORMAL PERIOD 1981 TO 2010
CLIMATE RECORD PERIOD 1888 TO 2016


WEATHER ITEM   OBSERVED TIME   RECORD YEAR NORMAL DEPARTURE LAST
                VALUE   (LST)  VALUE       VALUE  FROM      YEAR
                                                  NORMAL
..................................................................
TEMPERATURE (F)
 YESTERDAY
  MAXIMUM         51    925 AM  86    1992  64    -13       79
  MINIMUM         39    617 PM  16    1899  34      5       35
  AVERAGE         45                        49     -4       57

PRECIPITATION (IN)
  YESTERDAY        0.27          0.50 1973   0.04   0.23     0.00
  MONTH TO DATE    1.98                      0.94   1.04     0.73
  SINCE OCT 1      9.81                      6.96   2.85     3.62
  SINCE JAN 1      5.27                      3.90   1.37     1.38

SNOWFALL (IN)
  YESTERDAY        0.0           0.3  1973   0.1   -0.1      0.0
  MONTH TO DATE    1.0                       3.2   -2.2      2.2
  SINCE MAR 1      7.5                       8.3   -0.8      2.9
  SINCE JUL 1     63.8                      40.8   23.0     12.3
  SNOW DEPTH       0

DEGREE DAYS
 HEATING
  YESTERDAY       20                        16      4        8
  MONTH TO DATE  453                       578   -125      571
  SINCE MAR 1   1129                      1387   -258     1203
  SINCE JUL 1   6154                      6555   -401     5211

 COOLING
  YESTERDAY        0                         0      0        0
  MONTH TO DATE    0                         0      0        0
  SINCE MAR 1      0                         0      0        0
  SINCE JAN 1      0                         0      0        0
..................................................................


WIND (MPH)
  HIGHEST WIND SPEED    26   HIGHEST WIND DIRECTION     W (290)
  HIGHEST GUST SPEED    30   HIGHEST GUST DIRECTION     W (280)
  AVERAGE WIND SPEED     5.2



WEATHER CONDITIONS
 THE FOLLOWING WEATHER WAS RECORDED YESTERDAY.
  THUNDERSTORM
  HEAVY RAIN
  RAIN
  LIGHT RAIN
  FOG
  HAZE


RELATIVE HUMIDITY (PERCENT)
 HIGHEST    93           800 PM
 LOWEST     61           800 AM
 AVERAGE    77

..........................................................


THE ELKO AIRPORT NV CLIMATE NORMALS FOR TODAY
                         NORMAL    RECORD    YEAR
 MAXIMUM TEMPERATURE (F)   64        86      1981
 MINIMUM TEMPERATURE (F)   34        14      1972
                                             1913


SUNRISE AND SUNSET
APRIL 30 2016.........SUNRISE   542 AM PDT   SUNSET   739 PM PDT
MAY  1 2016...........SUNRISE   541 AM PDT   SUNSET   740 PM PDT


-  INDICATES NEGATIVE NUMBERS.
R  INDICATES RECORD WAS SET OR TIED.
MM INDICATES DATA IS MISSING.
T  INDICATES TRACE AMOUNT.




$$
