000
CDUS45 KLKN 310934
CLIEKO


CLIMATE REPORT
NATIONAL WEATHER SERVICE ELKO NV
134 AM PST SAT JAN 31 2015


...................................

...THE ELKO AIRPORT NV CLIMATE SUMMARY FOR JANUARY 30 2015...

CLIMATE NORMAL PERIOD 1981 TO 2010
CLIMATE RECORD PERIOD 1888 TO 2015


WEATHER ITEM   OBSERVED TIME   RECORD YEAR NORMAL DEPARTURE LAST
                VALUE   (LST)  VALUE       VALUE  FROM      YEAR
                                                  NORMAL
..................................................................
TEMPERATURE (F)
 YESTERDAY
  MAXIMUM         50    139 PM  60    1905  37     13       38
  MINIMUM         28   1159 PM -23    1957  15     13       27
  AVERAGE         39                        26     13       33

PRECIPITATION (IN)
  YESTERDAY        0.00          0.96 1963   0.03  -0.03      T
  MONTH TO DATE    0.20                      1.09  -0.89     0.39
  SINCE OCT 1      2.44                      4.15  -1.71     2.00
  SINCE JAN 1      0.20                      1.09  -0.89     0.39

SNOWFALL (IN)
  YESTERDAY        0.0           8.5  1932   0.3   -0.3       T
  MONTH TO DATE    T                        10.2  -10.2      0.3
  SINCE DEC 1      5.6                      20.1  -14.5      4.7
  SINCE JUL 1      7.5                      25.8  -18.3     10.4
  SNOW DEPTH       0

DEGREE DAYS
 HEATING
  YESTERDAY       26                        39    -13       32
  MONTH TO DATE  930                      1195   -265      979
  SINCE DEC 1   1929                      2405   -476     2350
  SINCE JUL 1   3289                      4143   -854     3910

 COOLING
  YESTERDAY        0                         0      0        0
  MONTH TO DATE    0                         0      0        0
  SINCE DEC 1      0                         0      0        0
  SINCE JAN 1      0                         0      0        0
..................................................................


WIND (MPH)
  HIGHEST WIND SPEED    18   HIGHEST WIND DIRECTION     N (20)
  HIGHEST GUST SPEED    23   HIGHEST GUST DIRECTION    NE (30)
  AVERAGE WIND SPEED     6.3



WEATHER CONDITIONS
 THE FOLLOWING WEATHER WAS RECORDED YESTERDAY.
  NO SIGNIFICANT WEATHER WAS OBSERVED.


RELATIVE HUMIDITY (PERCENT)
 HIGHEST    92           600 AM
 LOWEST     54           200 PM
 AVERAGE    73

..........................................................


THE ELKO AIRPORT NV CLIMATE NORMALS FOR TODAY
                         NORMAL    RECORD    YEAR
 MAXIMUM TEMPERATURE (F)   37        65      2003
 MINIMUM TEMPERATURE (F)   15       -23      1917


SUNRISE AND SUNSET
JANUARY 31 2015.......SUNRISE   654 AM PST   SUNSET   459 PM PST
FEBRUARY  1 2015......SUNRISE   653 AM PST   SUNSET   500 PM PST


-  INDICATES NEGATIVE NUMBERS.
R  INDICATES RECORD WAS SET OR TIED.
MM INDICATES DATA IS MISSING.
T  INDICATES TRACE AMOUNT.




$$
