000
CDUS45 KLKN 250931
CLIEKO


CLIMATE REPORT
NATIONAL WEATHER SERVICE ELKO NV
228 AM PDT TUE APR 25 2017


...................................

...THE ELKO AIRPORT NV CLIMATE SUMMARY FOR APRIL 24 2017...

CLIMATE NORMAL PERIOD 1981 TO 2010
CLIMATE RECORD PERIOD 1888 TO 2017


WEATHER ITEM   OBSERVED TIME   RECORD YEAR NORMAL DEPARTURE LAST
                VALUE   (LST)  VALUE       VALUE  FROM      YEAR
                                                  NORMAL
..................................................................
TEMPERATURE (F)
 YESTERDAY
  MAXIMUM         51    235 PM  84    1977  62    -11       55
  MINIMUM         38   1159 PM  15    1950  33      5       31
  AVERAGE         45                        47     -2       43

PRECIPITATION (IN)
  YESTERDAY        0.17          1.05 1902   0.03   0.14     0.21
  MONTH TO DATE    1.16                      0.77   0.39     1.14
  SINCE OCT 1     12.13                      6.79   5.34     8.97
  SINCE JAN 1      6.50                      3.73   2.77     4.43

SNOWFALL (IN)
  YESTERDAY        0.0           4.3  1971   0.0    0.0      0.0
  MONTH TO DATE    T                         2.8   -2.8      1.0
  SINCE MAR 1      1.9                       7.9   -6.0      7.5
  SINCE JUL 1     53.3                      40.4   12.9     63.8
  SNOW DEPTH       0

DEGREE DAYS
 HEATING
  YESTERDAY       20                        18      2       22
  MONTH TO DATE  460                       493    -33      343
  SINCE MAR 1   1095                      1302   -207     1019
  SINCE JUL 1   5831                      6470   -639     6044

 COOLING
  YESTERDAY        0                         0      0        0
  MONTH TO DATE    0                         0      0        0
  SINCE MAR 1      0                         0      0        0
  SINCE JAN 1      0                         0      0        0
..................................................................


WIND (MPH)
  HIGHEST WIND SPEED    36   HIGHEST WIND DIRECTION     W (280)
  HIGHEST GUST SPEED    45   HIGHEST GUST DIRECTION     W (280)
  AVERAGE WIND SPEED    11.5



WEATHER CONDITIONS
 THE FOLLOWING WEATHER WAS RECORDED YESTERDAY.
  THUNDERSTORM
  RAIN
  LIGHT RAIN
  FOG


RELATIVE HUMIDITY (PERCENT)
 HIGHEST    85           900 AM
 LOWEST     49           100 AM
 AVERAGE    67

..........................................................


THE ELKO AIRPORT NV CLIMATE NORMALS FOR TODAY
                         NORMAL    RECORD    YEAR
 MAXIMUM TEMPERATURE (F)   62        84      1910
 MINIMUM TEMPERATURE (F)   33        14      1899


SUNRISE AND SUNSET
APRIL 25 2017.........SUNRISE   549 AM PDT   SUNSET   734 PM PDT
APRIL 26 2017.........SUNRISE   548 AM PDT   SUNSET   735 PM PDT


-  INDICATES NEGATIVE NUMBERS.
R  INDICATES RECORD WAS SET OR TIED.
MM INDICATES DATA IS MISSING.
T  INDICATES TRACE AMOUNT.




$$
