000
CDUS44 KSHV 260831
CLIELD


CLIMATE REPORT
NATIONAL WEATHER SERVICE SHREVEPORT, LA
231 AM CST WED NOV 26 2014


...................................

...THE EL DORADO CLIMATE SUMMARY FOR NOVEMBER 25 2014...

CLIMATE NORMAL PERIOD 1981 TO 2010
CLIMATE RECORD PERIOD 1907 TO 2014


WEATHER ITEM   OBSERVED TIME   RECORD YEAR NORMAL DEPARTURE LAST
                VALUE   (LST)  VALUE       VALUE  FROM      YEAR
                                                  NORMAL
..................................................................
TEMPERATURE (F)
 YESTERDAY
  MAXIMUM         57    303 PM  81    1927  62     -5       34
  MINIMUM         31    534 AM  19    1950  40     -9       31
  AVERAGE         44                        51     -7       33

PRECIPITATION (IN)
  YESTERDAY        0.00          1.74 2007   0.17  -0.17     0.57
  MONTH TO DATE    3.11                      3.96  -0.85     4.95
  SINCE DEC 1     44.26                     51.99  -7.73    46.93
  SINCE JAN 1     37.70                     46.81  -9.11    40.87

SNOWFALL (IN)
  YESTERDAY        0.0
  MONTH TO DATE    0.0
  SINCE SEP 1      0.0
  SINCE JUL 1      0.0
  SNOW DEPTH       0

DEGREE DAYS
 HEATING
  YESTERDAY       21                        15      6       32
  MONTH TO DATE  416                       270    146      340
  SINCE SEP 1    491                       403     88      454
  SINCE JUL 1    491                       403     88      454

 COOLING
  YESTERDAY        0                         0      0        0
  MONTH TO DATE    2                        13    -11        9
  SINCE SEP 1    431                       397     34      485
  SINCE JAN 1   1879                      2124   -245     2153
..................................................................


WIND (MPH)
  HIGHEST WIND SPEED     9   HIGHEST WIND DIRECTION    NW (330)
  HIGHEST GUST SPEED    12   HIGHEST GUST DIRECTION    NW (300)
  AVERAGE WIND SPEED     2.9


SKY COVER
  POSSIBLE SUNSHINE  MM
  AVERAGE SKY COVER 0.0


WEATHER CONDITIONS
 THE FOLLOWING WEATHER WAS RECORDED YESTERDAY.
  NO SIGNIFICANT WEATHER WAS OBSERVED.


RELATIVE HUMIDITY (PERCENT)
 HIGHEST    96          1000 PM
 LOWEST     27           300 PM
 AVERAGE    62

..........................................................


THE EL DORADO CLIMATE NORMALS FOR TODAY
                         NORMAL    RECORD    YEAR
 MAXIMUM TEMPERATURE (F)   62        87      1927
 MINIMUM TEMPERATURE (F)   39        20      1938


SUNRISE AND SUNSET
NOVEMBER 26 2014......SUNRISE   652 AM CST   SUNSET   505 PM CST
NOVEMBER 27 2014......SUNRISE   653 AM CST   SUNSET   504 PM CST


-  INDICATES NEGATIVE NUMBERS.
R  INDICATES RECORD WAS SET OR TIED.
MM INDICATES DATA IS MISSING.
T  INDICATES TRACE AMOUNT.




$$
