000
CDUS44 KSHV 300738
CLIELD


CLIMATE REPORT
NATIONAL WEATHER SERVICE SHREVEPORT, LA
235 AM CDT TUE JUN 30 2015


...................................

...THE EL DORADO CLIMATE SUMMARY FOR JUNE 29 2015...

CLIMATE NORMAL PERIOD 1981 TO 2010
CLIMATE RECORD PERIOD 1907 TO 2015


WEATHER ITEM   OBSERVED TIME   RECORD YEAR NORMAL DEPARTURE LAST
                VALUE   (LST)  VALUE       VALUE  FROM      YEAR
                                                  NORMAL
..................................................................
TEMPERATURE (F)
 YESTERDAY
  MAXIMUM         91    414 PM 103    1969  91      0       90
  MINIMUM         67    522 AM  57    1985  70     -3       74
  AVERAGE         79                        80     -1       82

PRECIPITATION (IN)
  YESTERDAY        0.00          3.98 1940   0.17  -0.17     0.00
  MONTH TO DATE    2.08                      4.73  -2.65     3.05
  SINCE DEC 1     32.47                     32.89  -0.42    31.46
  SINCE JAN 1     29.14                     27.71   1.43    24.90

SNOWFALL (IN)
  YESTERDAY        0.0
  MONTH TO DATE    0.0
  SINCE JUN 1      0.0
  SINCE JUL 1      0.7
  SNOW DEPTH       0

DEGREE DAYS
 HEATING
  YESTERDAY        0                         0      0        0
  MONTH TO DATE    0                         0      0        0
  SINCE JUN 1      0                         0      0        0
  SINCE JUL 1   2919                      2673    246     3248

 COOLING
  YESTERDAY       14                        16     -2       17
  MONTH TO DATE  412                       381     31      399
  SINCE JUN 1    412                       381     31      399
  SINCE JAN 1    752                       692     60      651
..................................................................


WIND (MPH)
  HIGHEST WIND SPEED    15   HIGHEST WIND DIRECTION     S (190)
  HIGHEST GUST SPEED    19   HIGHEST GUST DIRECTION     W (250)
  AVERAGE WIND SPEED     5.7


SKY COVER
  POSSIBLE SUNSHINE  MM
  AVERAGE SKY COVER 0.1


WEATHER CONDITIONS
 THE FOLLOWING WEATHER WAS RECORDED YESTERDAY.
  NO SIGNIFICANT WEATHER WAS OBSERVED.


RELATIVE HUMIDITY (PERCENT)
 HIGHEST    93           200 AM
 LOWEST     49           200 PM
 AVERAGE    71

..........................................................


THE EL DORADO CLIMATE NORMALS FOR TODAY
                         NORMAL    RECORD    YEAR
 MAXIMUM TEMPERATURE (F)   91       103      1925
 MINIMUM TEMPERATURE (F)   70        59      2006


SUNRISE AND SUNSET
JUNE 30 2015..........SUNRISE   605 AM CDT   SUNSET   824 PM CDT
JULY  1 2015..........SUNRISE   606 AM CDT   SUNSET   824 PM CDT


-  INDICATES NEGATIVE NUMBERS.
R  INDICATES RECORD WAS SET OR TIED.
MM INDICATES DATA IS MISSING.
T  INDICATES TRACE AMOUNT.




$$
