000
CDUS44 KSHV 282250
CLIELD


CLIMATE REPORT
NATIONAL WEATHER SERVICE SHREVEPORT, LA
450 PM CST SUN DEC 28 2014


...................................

...THE EL DORADO CLIMATE SUMMARY FOR DECEMBER 28 2014...
VALID TODAY AS OF 0400 PM LOCAL TIME.

CLIMATE NORMAL PERIOD 1981 TO 2010
CLIMATE RECORD PERIOD 1907 TO 2014


WEATHER ITEM   OBSERVED TIME   RECORD YEAR NORMAL DEPARTURE LAST
                VALUE   (LST)  VALUE       VALUE  FROM      YEAR
                                                  NORMAL
..................................................................
TEMPERATURE (F)
 TODAY
  MAXIMUM         46   1245 AM  74    1946  54     -8       52
  MINIMUM         41   1249 PM  13    1925  33      8       36
  AVERAGE         44                        44      0       44

PRECIPITATION (IN)
  TODAY            0.06          1.76 1954   0.14  -0.08     0.00
  MONTH TO DATE    3.33                      4.77  -1.44     6.56
  SINCE DEC 1      3.33                      4.77  -1.44     6.56
  SINCE JAN 1     41.03                     52.51 -11.48    47.49

SNOWFALL (IN)
  TODAY            0.0
  MONTH TO DATE    0.0
  SINCE DEC 1      0.0
  SINCE JUL 1      0.0
  SNOW DEPTH       0

DEGREE DAYS
 HEATING
  TODAY           21                        21      0       21
  MONTH TO DATE  460                       543    -83      568
  SINCE DEC 1    460                       543    -83      568
  SINCE JUL 1   1011                      1022    -11     1153

 COOLING
  TODAY            0                         0      0        0
  MONTH TO DATE    0                         0      0        8
  SINCE DEC 1      0                         0      0        8
  SINCE JAN 1   1884                      2126   -242     2161
..................................................................


WIND (MPH)
  HIGHEST WIND SPEED    17   HIGHEST WIND DIRECTION    NW (320)
  HIGHEST GUST SPEED    22   HIGHEST GUST DIRECTION    NW (320)
  AVERAGE WIND SPEED     7.1


SKY COVER
  POSSIBLE SUNSHINE  MM
  AVERAGE SKY COVER 1.0


WEATHER CONDITIONS
 THE FOLLOWING WEATHER WAS RECORDED TODAY.
  LIGHT RAIN
  FOG


RELATIVE HUMIDITY (PERCENT)
 HIGHEST   100           200 AM
 LOWEST     89           300 PM
 AVERAGE    95

..........................................................


THE EL DORADO CLIMATE NORMALS FOR TOMORROW
                         NORMAL    RECORD    YEAR
 MAXIMUM TEMPERATURE (F)   54        79      1984
 MINIMUM TEMPERATURE (F)   33        14      1983


SUNRISE AND SUNSET
DECEMBER 28 2014......SUNRISE   714 AM CST   SUNSET   512 PM CST
DECEMBER 29 2014......SUNRISE   714 AM CST   SUNSET   513 PM CST


-  INDICATES NEGATIVE NUMBERS.
R  INDICATES RECORD WAS SET OR TIED.
MM INDICATES DATA IS MISSING.
T  INDICATES TRACE AMOUNT.




$$
