000
CDUS44 KSHV 302133
CLIELD


CLIMATE REPORT
NATIONAL WEATHER SERVICE SHREVEPORT, LA
431 PM CDT SAT AUG 30 2014


...................................

...THE EL DORADO CLIMATE SUMMARY FOR AUGUST 30 2014...
VALID TODAY AS OF 0400 PM LOCAL TIME.

CLIMATE NORMAL PERIOD 1981 TO 2010
CLIMATE RECORD PERIOD 1907 TO 2014


WEATHER ITEM   OBSERVED TIME   RECORD YEAR NORMAL DEPARTURE LAST
                VALUE   (LST)  VALUE       VALUE  FROM      YEAR
                                                  NORMAL
..................................................................
TEMPERATURE (F)
 TODAY
  MAXIMUM         78   1025 AM 110    2000  91    -13       98
  MINIMUM         73    647 AM  51    1986  68      5       68
  AVERAGE         76                        80     -4       83

PRECIPITATION (IN)
  TODAY            0.20          3.44 1974   0.10   0.10     0.00
  MONTH TO DATE    2.27                      3.01  -0.74     1.02
  SINCE DEC 1     36.59                     39.63  -3.04    32.90
  SINCE JAN 1     30.03                     34.45  -4.42    26.84

DEGREE DAYS
 HEATING
  TODAY            0                         0      0        0
  MONTH TO DATE    0                         0      0        0
  SINCE JUN 1      0                         0      0        0
  SINCE JUL 1      0                         0      0        0

 COOLING
  TODAY           11                        15     -4       18
  MONTH TO DATE  372                       491   -119      491
  SINCE JUN 1   1180                      1403   -223     1370
  SINCE JAN 1   1432                      1714   -282     1648
..................................................................


WIND (MPH)
  HIGHEST WIND SPEED    14   HIGHEST WIND DIRECTION     E (100)
  HIGHEST GUST SPEED    19   HIGHEST GUST DIRECTION     E (110)
  AVERAGE WIND SPEED     5.9


SKY COVER
  POSSIBLE SUNSHINE  MM
  AVERAGE SKY COVER 0.7


WEATHER CONDITIONS
 THE FOLLOWING WEATHER WAS RECORDED TODAY.
  RAIN
  LIGHT RAIN
  FOG


RELATIVE HUMIDITY (PERCENT)
 HIGHEST   100           500 AM
 LOWEST     82          1200 AM
 AVERAGE    91

..........................................................


THE EL DORADO CLIMATE NORMALS FOR TOMORROW
                         NORMAL    RECORD    YEAR
 MAXIMUM TEMPERATURE (F)   91       112      2000
 MINIMUM TEMPERATURE (F)   68        54      1915


SUNRISE AND SUNSET
AUGUST 30 2014........SUNRISE   644 AM CDT   SUNSET   739 PM CDT
AUGUST 31 2014........SUNRISE   645 AM CDT   SUNSET   738 PM CDT


-  INDICATES NEGATIVE NUMBERS.
R  INDICATES RECORD WAS SET OR TIED.
MM INDICATES DATA IS MISSING.
T  INDICATES TRACE AMOUNT.




$$
