000
CDUS44 KEPZ 160930
CLIELP


CLIMATE REPORT
NATIONAL WEATHER SERVICE EL PASO, TX
229 AM MST SAT DEC 16 2017


...................................

...THE EL PASO CLIMATE SUMMARY FOR DECEMBER 15 2017...

CLIMATE NORMAL PERIOD 1981 TO 2010
CLIMATE RECORD PERIOD 1879 TO 2017


WEATHER ITEM   OBSERVED TIME   RECORD YEAR NORMAL DEPARTURE LAST
                VALUE   (LST)  VALUE       VALUE  FROM      YEAR
                                                  NORMAL
..................................................................
TEMPERATURE (F)
 YESTERDAY
  MAXIMUM         53    316 PM  74    2016  57     -4       74
                                      1889
  MINIMUM         32    702 AM   6    1987  32      0       41
  AVERAGE         43                        44     -1       58

PRECIPITATION (IN)
  YESTERDAY        0.00          0.52 1913   0.03  -0.03     0.00
  MONTH TO DATE    0.32                      0.40  -0.08     0.24
  SINCE DEC 1      0.32                      0.40  -0.08     0.24
  SINCE JAN 1      9.73                      9.33   0.40     8.72

SNOWFALL (IN)
  YESTERDAY        0.0                                       0.0
  MONTH TO DATE    0.1                                       0.0
  SINCE DEC 1      0.1                                       0.0
  SINCE JUL 1      0.1                                        T
  SNOW DEPTH       0

DEGREE DAYS
 HEATING
  YESTERDAY       22                        21      1        7
  MONTH TO DATE  252                       289    -37      217
  SINCE DEC 1    252                       289    -37      217
  SINCE JUL 1    415                       731   -316      459

 COOLING
  YESTERDAY        0                         0      0        0
  MONTH TO DATE    0                         0      0        0
  SINCE DEC 1      0                         0      0        0
  SINCE JAN 1   2917                      2331    586     2811
..................................................................


WIND (MPH)
  HIGHEST WIND SPEED    10   HIGHEST WIND DIRECTION    SE (150)
  HIGHEST GUST SPEED    16   HIGHEST GUST DIRECTION    NE (50)
  AVERAGE WIND SPEED     3.9


SKY COVER
  POSSIBLE SUNSHINE  MM
  AVERAGE SKY COVER 0.1


WEATHER CONDITIONS
 THE FOLLOWING WEATHER WAS RECORDED YESTERDAY.
  NO SIGNIFICANT WEATHER WAS OBSERVED.


RELATIVE HUMIDITY (PERCENT)
 HIGHEST    59          1100 PM
 LOWEST     29           300 PM
 AVERAGE    44

..........................................................


THE EL PASO CLIMATE NORMALS FOR TODAY
                         NORMAL    RECORD    YEAR
 MAXIMUM TEMPERATURE (F)   57        76      2016
                                             1908
 MINIMUM TEMPERATURE (F)   32         7      1987


SUNRISE AND SUNSET
DECEMBER 16 2017......SUNRISE   659 AM MST   SUNSET   504 PM MST
DECEMBER 17 2017......SUNRISE   700 AM MST   SUNSET   504 PM MST


-  INDICATES NEGATIVE NUMBERS.
R  INDICATES RECORD WAS SET OR TIED.
MM INDICATES DATA IS MISSING.
T  INDICATES TRACE AMOUNT.




$$
