070
CDUS44 KEPZ 280927
CLIELP


CLIMATE REPORT
NATIONAL WEATHER SERVICE EL PASO, TX
325 AM MDT SUN AUG 28 2016


...................................

...THE EL PASO CLIMATE SUMMARY FOR AUGUST 27 2016...

CLIMATE NORMAL PERIOD 1981 TO 2010
CLIMATE RECORD PERIOD 1879 TO 2016


WEATHER ITEM   OBSERVED TIME   RECORD YEAR NORMAL DEPARTURE LAST
                VALUE   (LST)  VALUE       VALUE  FROM      YEAR
                                                  NORMAL
..................................................................
TEMPERATURE (F)
 YESTERDAY
  MAXIMUM         90    158 PM 102    2002  92     -2       95
  MINIMUM         67    736 PM  59    1976  69     -2       74
  AVERAGE         79                        80     -1       85

PRECIPITATION (IN)
  YESTERDAY        0.33          1.13 1890   0.05   0.28      T
  MONTH TO DATE    4.07                      1.81   2.26     1.39
  SINCE JUN 1      4.64                      4.30   0.34     4.45
  SINCE JAN 1      5.28                      6.12  -0.84     6.99

SNOWFALL (IN)
  YESTERDAY        0.0                                       0.0
  MONTH TO DATE    T                                         0.0
  SINCE JUN 1      T                                         0.0
  SINCE JUL 1      T                                         0.0
  SNOW DEPTH       0

DEGREE DAYS
 HEATING
  YESTERDAY        0                         0      0        0
  MONTH TO DATE    0                         0      0        0
  SINCE JUN 1      0                         0      0        0
  SINCE JUL 1      0                         0      0        0

 COOLING
  YESTERDAY       14                        15     -1       20
  MONTH TO DATE  448                       439      9      571
  SINCE JUN 1   1782                      1493    289     1775
  SINCE JAN 1   2178                      1870    308     2146
..................................................................


WIND (MPH)
  HIGHEST WIND SPEED    33   HIGHEST WIND DIRECTION     W (290)
  HIGHEST GUST SPEED    45   HIGHEST GUST DIRECTION     W (270)
  AVERAGE WIND SPEED     6.9


SKY COVER
  POSSIBLE SUNSHINE  MM
  AVERAGE SKY COVER 0.6


WEATHER CONDITIONS
 THE FOLLOWING WEATHER WAS RECORDED YESTERDAY.
  THUNDERSTORM
  HEAVY RAIN
  RAIN
  LIGHT RAIN
  FOG


RELATIVE HUMIDITY (PERCENT)
 HIGHEST    84          1000 PM
 LOWEST     31           300 PM
 AVERAGE    58

..........................................................


THE EL PASO CLIMATE NORMALS FOR TODAY
                         NORMAL    RECORD    YEAR
 MAXIMUM TEMPERATURE (F)   92       102      1994
 MINIMUM TEMPERATURE (F)   69        60      1974
                                             1880


SUNRISE AND SUNSET
AUGUST 28 2016........SUNRISE   639 AM MDT   SUNSET   734 PM MDT
AUGUST 29 2016........SUNRISE   640 AM MDT   SUNSET   732 PM MDT


-  INDICATES NEGATIVE NUMBERS.
R  INDICATES RECORD WAS SET OR TIED.
MM INDICATES DATA IS MISSING.
T  INDICATES TRACE AMOUNT.




$$
