019
CDUS44 KEPZ 302327
CLIELP


CLIMATE REPORT
NATIONAL WEATHER SERVICE EL PASO, TX
525 PM MDT SAT JUL 30 2016


...................................

...THE EL PASO CLIMATE SUMMARY FOR JULY 30 2016...
VALID TODAY AS OF 0500 PM LOCAL TIME.

CLIMATE NORMAL PERIOD 1981 TO 2010
CLIMATE RECORD PERIOD 1879 TO 2016


WEATHER ITEM   OBSERVED TIME   RECORD YEAR NORMAL DEPARTURE LAST
                VALUE   (LST)  VALUE       VALUE  FROM      YEAR
                                                  NORMAL
..................................................................
TEMPERATURE (F)
 TODAY
  MAXIMUM         97    312 PM 103    1980  93      4       91
                                      1944
  MINIMUM         75    548 AM  62    1974  71      4       68

PRECIPITATION (IN)
  TODAY            0.00                      0.07  -0.07     0.72
  MONTH TO DATE    0.24                      1.48  -1.24     2.86
  SINCE JUN 1      0.57                      2.42  -1.85     3.04
  SINCE JAN 1      1.21                      4.24  -3.03     5.58

..................................................................


WIND (MPH)
  HIGHEST WIND SPEED    15   HIGHEST WIND DIRECTION    SE (150)
  HIGHEST GUST SPEED    20   HIGHEST GUST DIRECTION    SE (150)


SKY COVER
  AVERAGE SKY COVER 0.4


WEATHER CONDITIONS
 THE FOLLOWING WEATHER WAS RECORDED TODAY.
  NO SIGNIFICANT WEATHER WAS OBSERVED.


RELATIVE HUMIDITY (PERCENT)
 HIGHEST    60           400 AM
 LOWEST     26           400 PM

..........................................................


THE EL PASO CLIMATE NORMALS FOR TOMORROW
                         NORMAL    RECORD    YEAR
 MAXIMUM TEMPERATURE (F)   93       104      1972
                                             1944
 MINIMUM TEMPERATURE (F)   71        60      1925


SUNRISE AND SUNSET
JULY 30 2016..........SUNRISE   620 AM MDT   SUNSET   803 PM MDT
JULY 31 2016..........SUNRISE   621 AM MDT   SUNSET   802 PM MDT


-  INDICATES NEGATIVE NUMBERS.
R  INDICATES RECORD WAS SET OR TIED.
MM INDICATES DATA IS MISSING.
T  INDICATES TRACE AMOUNT.




$$
