000
CDUS44 KEPZ 280928
CLIELP


CLIMATE REPORT
NATIONAL WEATHER SERVICE EL PASO, TX
327 AM MDT WED JUN 28 2017


...................................

...THE EL PASO CLIMATE SUMMARY FOR JUNE 27 2017...

CLIMATE NORMAL PERIOD 1981 TO 2010
CLIMATE RECORD PERIOD 1879 TO 2017


WEATHER ITEM   OBSERVED TIME   RECORD YEAR NORMAL DEPARTURE LAST
                VALUE   (LST)  VALUE       VALUE  FROM      YEAR
                                                  NORMAL
..................................................................
TEMPERATURE (F)
 YESTERDAY
  MAXIMUM         96    446 PM 113    1994  97     -1       94
  MINIMUM         69    319 AM  58    1975  70     -1       72
  AVERAGE         83                        83      0       83

PRECIPITATION (IN)
  YESTERDAY        0.00          1.21 1938   0.05  -0.05     0.00
  MONTH TO DATE    1.16                      0.81   0.35     0.18
  SINCE JUN 1      1.16                      0.81   0.35     0.18
  SINCE JAN 1      2.54                      2.63  -0.09     0.82

SNOWFALL (IN)
  YESTERDAY        0.0                                       0.0
  MONTH TO DATE    0.0                                       0.0
  SINCE JUN 1      0.0                                       0.0
  SINCE JUL 1      T                                         8.1
  SNOW DEPTH       0

DEGREE DAYS
 HEATING
  YESTERDAY        0                         0      0        0
  MONTH TO DATE    0                         0      0        0
  SINCE JUN 1      0                         0      0        0
  SINCE JUL 1   1577                      2474   -897     2018

 COOLING
  YESTERDAY       18                        18      0       18
  MONTH TO DATE  548                       447    101      542
  SINCE JUN 1    548                       447    101      542
  SINCE JAN 1   1102                       824    278      938
..................................................................


WIND (MPH)
  HIGHEST WIND SPEED    18   HIGHEST WIND DIRECTION     E (110)
  HIGHEST GUST SPEED    23   HIGHEST GUST DIRECTION     S (170)
  AVERAGE WIND SPEED     4.2


SKY COVER
  POSSIBLE SUNSHINE  MM
  AVERAGE SKY COVER 0.3


WEATHER CONDITIONS
 THE FOLLOWING WEATHER WAS RECORDED YESTERDAY.
  NO SIGNIFICANT WEATHER WAS OBSERVED.


RELATIVE HUMIDITY (PERCENT)
 HIGHEST    73           300 AM
 LOWEST     23           500 PM
 AVERAGE    48

..........................................................


THE EL PASO CLIMATE NORMALS FOR TODAY
                         NORMAL    RECORD    YEAR
 MAXIMUM TEMPERATURE (F)   97       113      1994
 MINIMUM TEMPERATURE (F)   70        54      1983


SUNRISE AND SUNSET
JUNE 28 2017..........SUNRISE   603 AM MDT   SUNSET   815 PM MDT
JUNE 29 2017..........SUNRISE   603 AM MDT   SUNSET   815 PM MDT


-  INDICATES NEGATIVE NUMBERS.
R  INDICATES RECORD WAS SET OR TIED.
MM INDICATES DATA IS MISSING.
T  INDICATES TRACE AMOUNT.




$$
