000
CDUS44 KEPZ 250931
CLIELP


CLIMATE REPORT
NATIONAL WEATHER SERVICE EL PASO, TX
330 AM MDT WED MAY 25 2016


...................................

...THE EL PASO CLIMATE SUMMARY FOR MAY 24 2016...

CLIMATE NORMAL PERIOD 1981 TO 2010
CLIMATE RECORD PERIOD 1879 TO 2016


WEATHER ITEM   OBSERVED TIME   RECORD YEAR NORMAL DEPARTURE LAST
                VALUE   (LST)  VALUE       VALUE  FROM      YEAR
                                                  NORMAL
..................................................................
TEMPERATURE (F)
 YESTERDAY
  MAXIMUM         91    429 PM 102    2000  90      1       82
  MINIMUM         66    544 AM  36    1939  62      4       62
  AVERAGE         79                        76      3       72

PRECIPITATION (IN)
  YESTERDAY        0.00          0.25 1994   0.02  -0.02     0.00
  MONTH TO DATE    T                         0.35  -0.35     0.81
  SINCE MAR 1      0.05                      0.84  -0.79     1.66
  SINCE JAN 1      0.58                      1.70  -1.12     2.54

SNOWFALL (IN)
  YESTERDAY        0.0                                       0.0
  MONTH TO DATE    0.0                                       0.0
  SINCE MAR 1      0.0                                       0.0
  SINCE JUL 1      8.1                                        T
  SNOW DEPTH       0

DEGREE DAYS
 HEATING
  YESTERDAY        0                         0      0        0
  MONTH TO DATE   14                         6      8        0
  SINCE MAR 1    184                       368   -184      241
  SINCE JUL 1   2018                      2471   -453     2064

 COOLING
  YESTERDAY       14                        11      3        7
  MONTH TO DATE  197                       197      0      159
  SINCE MAR 1    308                       289     19      285
  SINCE JAN 1    311                       289     22      286
..................................................................


WIND (MPH)
  HIGHEST WIND SPEED    28   HIGHEST WIND DIRECTION     W (260)
  HIGHEST GUST SPEED    36   HIGHEST GUST DIRECTION     W (260)
  AVERAGE WIND SPEED    14.1


SKY COVER
  POSSIBLE SUNSHINE  MM
  AVERAGE SKY COVER 0.4


WEATHER CONDITIONS
 THE FOLLOWING WEATHER WAS RECORDED YESTERDAY.
  HAZE


RELATIVE HUMIDITY (PERCENT)
 HIGHEST    19           600 AM
 LOWEST      4           600 PM
 AVERAGE    12

..........................................................


THE EL PASO CLIMATE NORMALS FOR TODAY
                         NORMAL    RECORD    YEAR
 MAXIMUM TEMPERATURE (F)   91       102      2006
 MINIMUM TEMPERATURE (F)   63        48      1975
                                             1908


SUNRISE AND SUNSET
MAY 25 2016...........SUNRISE   603 AM MDT   SUNSET   803 PM MDT
MAY 26 2016...........SUNRISE   603 AM MDT   SUNSET   803 PM MDT


-  INDICATES NEGATIVE NUMBERS.
R  INDICATES RECORD WAS SET OR TIED.
MM INDICATES DATA IS MISSING.
T  INDICATES TRACE AMOUNT.




$$
