000
CDUS44 KEPZ 040927
CLIELP


CLIMATE REPORT
NATIONAL WEATHER SERVICE EL PASO, TX
327 AM MDT WED MAY 4 2016


...................................

...THE EL PASO CLIMATE SUMMARY FOR MAY 3 2016...

CLIMATE NORMAL PERIOD 1981 TO 2010
CLIMATE RECORD PERIOD 1879 TO 2016


WEATHER ITEM   OBSERVED TIME   RECORD YEAR NORMAL DEPARTURE LAST
                VALUE   (LST)  VALUE       VALUE  FROM      YEAR
                                                  NORMAL
..................................................................
TEMPERATURE (F)
 YESTERDAY
  MAXIMUM         84    256 PM  95    2000  84      0       89
                                      1947
  MINIMUM         50    456 AM  35    1988  56     -6       64
                                      1970
  AVERAGE         67                        70     -3       77

PRECIPITATION (IN)
  YESTERDAY        0.00          0.69 1885   0.01  -0.01      T
  MONTH TO DATE    0.00                      0.03  -0.03      T
  SINCE MAR 1      0.05                      0.52  -0.47     0.85
  SINCE JAN 1      0.58                      1.38  -0.80     1.73

SNOWFALL (IN)
  YESTERDAY        0.0                                       0.0
  MONTH TO DATE    0.0                                       0.0
  SINCE MAR 1      0.0                                       0.0
  SINCE JUL 1      8.1                                        T
  SNOW DEPTH       0

DEGREE DAYS
 HEATING
  YESTERDAY        0                         1     -1        0
  MONTH TO DATE   13                         3     10        0
  SINCE MAR 1    183                       365   -182      241
  SINCE JUL 1   2017                      2468   -451     2064

 COOLING
  YESTERDAY        2                         6     -4       12
  MONTH TO DATE    2                        17    -15       31
  SINCE MAR 1    113                       109      4      157
  SINCE JAN 1    116                       109      7      158
..................................................................


WIND (MPH)
  HIGHEST WIND SPEED    15   HIGHEST WIND DIRECTION    NE (40)
  HIGHEST GUST SPEED    20   HIGHEST GUST DIRECTION     N (10)
  AVERAGE WIND SPEED     5.1


SKY COVER
  POSSIBLE SUNSHINE  MM
  AVERAGE SKY COVER 0.1


WEATHER CONDITIONS
 THE FOLLOWING WEATHER WAS RECORDED YESTERDAY.
  NO SIGNIFICANT WEATHER WAS OBSERVED.


RELATIVE HUMIDITY (PERCENT)
 HIGHEST    41           400 AM
 LOWEST     12           400 PM
 AVERAGE    27

..........................................................


THE EL PASO CLIMATE NORMALS FOR TODAY
                         NORMAL    RECORD    YEAR
 MAXIMUM TEMPERATURE (F)   84        98      1947
 MINIMUM TEMPERATURE (F)   57        36      1935


SUNRISE AND SUNSET
MAY  4 2016...........SUNRISE   617 AM MDT   SUNSET   748 PM MDT
MAY  5 2016...........SUNRISE   616 AM MDT   SUNSET   749 PM MDT


-  INDICATES NEGATIVE NUMBERS.
R  INDICATES RECORD WAS SET OR TIED.
MM INDICATES DATA IS MISSING.
T  INDICATES TRACE AMOUNT.




$$
