000
CDUS44 KEPZ 290928
CLIELP


CLIMATE REPORT
NATIONAL WEATHER SERVICE EL PASO, TX
327 AM MDT SAT APR 29 2017


...................................

...THE EL PASO CLIMATE SUMMARY FOR APRIL 28 2017...

CLIMATE NORMAL PERIOD 1981 TO 2010
CLIMATE RECORD PERIOD 1879 TO 2017


WEATHER ITEM   OBSERVED TIME   RECORD YEAR NORMAL DEPARTURE LAST
                VALUE   (LST)  VALUE       VALUE  FROM      YEAR
                                                  NORMAL
..................................................................
TEMPERATURE (F)
 YESTERDAY
  MAXIMUM         86    222 PM  96    1992  82      4       84
  MINIMUM         65   1159 PM  35    1989  55     10       56
                                      1975
  AVERAGE         76                        68      8       70

PRECIPITATION (IN)
  YESTERDAY        T             0.73 1931   0.00   0.00     0.00
  MONTH TO DATE    T                         0.21  -0.21     0.04
  SINCE MAR 1      T                         0.47  -0.47     0.05
  SINCE JAN 1      1.21                      1.33  -0.12     0.58

SNOWFALL (IN)
  YESTERDAY        0.0                                       0.0
  MONTH TO DATE    0.0                                       0.0
  SINCE MAR 1      0.0                                       0.0
  SINCE JUL 1      T                                         8.1
  SNOW DEPTH       0

DEGREE DAYS
 HEATING
  YESTERDAY        0                         1     -1        0
  MONTH TO DATE   25                        90    -65       61
  SINCE MAR 1     88                       360   -272      170
  SINCE JUL 1   1557                      2463   -906     2004

 COOLING
  YESTERDAY       11                         5      6        5
  MONTH TO DATE  170                        72     98       89
  SINCE MAR 1    239                        82    157      109
  SINCE JAN 1    242                        82    160      112
..................................................................


WIND (MPH)
  HIGHEST WIND SPEED    38   HIGHEST WIND DIRECTION     W (250)
  HIGHEST GUST SPEED    46   HIGHEST GUST DIRECTION     W (250)
  AVERAGE WIND SPEED    22.5


SKY COVER
  POSSIBLE SUNSHINE  MM
  AVERAGE SKY COVER 0.7


WEATHER CONDITIONS
 THE FOLLOWING WEATHER WAS RECORDED YESTERDAY.
  NO SIGNIFICANT WEATHER WAS OBSERVED.


RELATIVE HUMIDITY (PERCENT)
 HIGHEST    35           500 AM
 LOWEST     14           200 PM
 AVERAGE    25

..........................................................


THE EL PASO CLIMATE NORMALS FOR TODAY
                         NORMAL    RECORD    YEAR
 MAXIMUM TEMPERATURE (F)   83        95      1992
                                             1943
 MINIMUM TEMPERATURE (F)   55        33      1991


SUNRISE AND SUNSET
APRIL 29 2017.........SUNRISE   622 AM MDT   SUNSET   745 PM MDT
APRIL 30 2017.........SUNRISE   621 AM MDT   SUNSET   745 PM MDT


-  INDICATES NEGATIVE NUMBERS.
R  INDICATES RECORD WAS SET OR TIED.
MM INDICATES DATA IS MISSING.
T  INDICATES TRACE AMOUNT.




$$
