000
CDUS44 KEPZ 280927
CLIELP


CLIMATE REPORT
NATIONAL WEATHER SERVICE EL PASO, TX
326 AM MDT THU MAY 28 2015


...................................

...THE EL PASO CLIMATE SUMMARY FOR MAY 27 2015...

CLIMATE NORMAL PERIOD 1981 TO 2010
CLIMATE RECORD PERIOD 1879 TO 2015


WEATHER ITEM   OBSERVED TIME   RECORD YEAR NORMAL DEPARTURE LAST
                VALUE   (LST)  VALUE       VALUE  FROM      YEAR
                                                  NORMAL
..................................................................
TEMPERATURE (F)
 YESTERDAY
  MAXIMUM         92    413 PM 103    1951  91      1       95
  MINIMUM         57    512 AM  48    1903  63     -6       61
  AVERAGE         75                        77     -2       78

PRECIPITATION (IN)
  YESTERDAY        0.00          0.61 2005   0.02  -0.02     0.00
  MONTH TO DATE    0.81                      0.40   0.41     0.01
  SINCE MAR 1      1.66                      0.89   0.77     0.64
  SINCE JAN 1      2.54                      1.75   0.79     0.64

SNOWFALL (IN)
  YESTERDAY        0.0                                       0.0
  MONTH TO DATE    0.0                                       0.0
  SINCE MAR 1      0.0                                       0.0
  SINCE JUL 1      T                                          T
  SNOW DEPTH       0

DEGREE DAYS
 HEATING
  YESTERDAY        0                         0      0        0
  MONTH TO DATE    0                         6     -6       23
  SINCE MAR 1    241                       368   -127      261
  SINCE JUL 1   2064                      2471   -407     2049

 COOLING
  YESTERDAY       10                        12     -2       13
  MONTH TO DATE  185                       233    -48      223
  SINCE MAR 1    311                       325    -14      342
  SINCE JAN 1    312                       325    -13      349
..................................................................


WIND (MPH)
  HIGHEST WIND SPEED    15   HIGHEST WIND DIRECTION     E (100)
  HIGHEST GUST SPEED    20   HIGHEST GUST DIRECTION     E (110)
  AVERAGE WIND SPEED     4.4


SKY COVER
  POSSIBLE SUNSHINE  MM
  AVERAGE SKY COVER 0.4


WEATHER CONDITIONS
 THE FOLLOWING WEATHER WAS RECORDED YESTERDAY.
  NO SIGNIFICANT WEATHER WAS OBSERVED.


RELATIVE HUMIDITY (PERCENT)
 HIGHEST    33           500 AM
 LOWEST      7           500 PM
 AVERAGE    20

..........................................................


THE EL PASO CLIMATE NORMALS FOR TODAY
                         NORMAL    RECORD    YEAR
 MAXIMUM TEMPERATURE (F)   92       104      1951
 MINIMUM TEMPERATURE (F)   63        50      1978


SUNRISE AND SUNSET
MAY 28 2015...........SUNRISE   602 AM MDT   SUNSET   804 PM MDT
MAY 29 2015...........SUNRISE   602 AM MDT   SUNSET   805 PM MDT


-  INDICATES NEGATIVE NUMBERS.
R  INDICATES RECORD WAS SET OR TIED.
MM INDICATES DATA IS MISSING.
T  INDICATES TRACE AMOUNT.




$$
