564
CDUS44 KEPZ 180927
CLIELP


CLIMATE REPORT
NATIONAL WEATHER SERVICE EL PASO, TX
325 AM MDT WED OCT 18 2017


...................................

...THE EL PASO CLIMATE SUMMARY FOR OCTOBER 17 2017...

CLIMATE NORMAL PERIOD 1981 TO 2010
CLIMATE RECORD PERIOD 1879 TO 2017


WEATHER ITEM   OBSERVED TIME   RECORD YEAR NORMAL DEPARTURE LAST
                VALUE   (LST)  VALUE       VALUE  FROM      YEAR
                                                  NORMAL
..................................................................
TEMPERATURE (F)
 YESTERDAY
  MAXIMUM         85    207 PM  91    1991  78      7       90
  MINIMUM         53    653 AM  28    1882  52      1       58
  AVERAGE         69                        65      4       74

PRECIPITATION (IN)
  YESTERDAY        0.00          1.07 1900   0.02  -0.02     0.00
  MONTH TO DATE    T                         0.36  -0.36     0.00
  SINCE SEP 1      1.16                      1.87  -0.71     2.12
  SINCE JAN 1      9.08                      8.19   0.89     8.09

SNOWFALL (IN)
  YESTERDAY        0.0                                       0.0
  MONTH TO DATE    0.0                                       0.0
  SINCE SEP 1      0.0                                       0.0
  SINCE JUL 1      0.0                                        T
  SNOW DEPTH       0

DEGREE DAYS
 HEATING
  YESTERDAY        0                         2     -2        0
  MONTH TO DATE    5                        22    -17        0
  SINCE SEP 1      5                        26    -21        5
  SINCE JUL 1      5                        26    -21        5

 COOLING
  YESTERDAY        4                         2      2        9
  MONTH TO DATE  155                        67     88      124
  SINCE SEP 1    580                       384    196      484
  SINCE JAN 1   2867                      2313    554     2708
..................................................................


WIND (MPH)
  HIGHEST WIND SPEED    10   HIGHEST WIND DIRECTION     N (10)
  HIGHEST GUST SPEED    12   HIGHEST GUST DIRECTION     N (10)
  AVERAGE WIND SPEED     2.8


SKY COVER
  POSSIBLE SUNSHINE  MM
  AVERAGE SKY COVER 0.3


WEATHER CONDITIONS
 THE FOLLOWING WEATHER WAS RECORDED YESTERDAY.
  NO SIGNIFICANT WEATHER WAS OBSERVED.


RELATIVE HUMIDITY (PERCENT)
 HIGHEST    54           700 AM
 LOWEST     23           300 PM
 AVERAGE    39

..........................................................


THE EL PASO CLIMATE NORMALS FOR TODAY
                         NORMAL    RECORD    YEAR
 MAXIMUM TEMPERATURE (F)   78        92      1991
 MINIMUM TEMPERATURE (F)   51        33      1966


SUNRISE AND SUNSET
OCTOBER 18 2017.......SUNRISE   711 AM MDT   SUNSET   630 PM MDT
OCTOBER 19 2017.......SUNRISE   712 AM MDT   SUNSET   628 PM MDT


-  INDICATES NEGATIVE NUMBERS.
R  INDICATES RECORD WAS SET OR TIED.
MM INDICATES DATA IS MISSING.
T  INDICATES TRACE AMOUNT.




$$
