000
CDUS45 KLKN 050028
CLIELY


CLIMATE REPORT
NATIONAL WEATHER SERVICE ELKO NV
526 PM PDT FRI SEP 4 2015


...................................

...THE ELY AIRPORT NV CLIMATE SUMMARY FOR SEPTEMBER 4 2015...
VALID TODAY AS OF 0500 PM LOCAL TIME.

CLIMATE NORMAL PERIOD 1981 TO 2010
CLIMATE RECORD PERIOD 1893 TO 2015


WEATHER ITEM   OBSERVED TIME   RECORD YEAR NORMAL DEPARTURE LAST
                VALUE   (LST)  VALUE       VALUE  FROM      YEAR
                                                  NORMAL
..................................................................
TEMPERATURE (F)
 TODAY
  MAXIMUM         78    248 PM  90    1976  81     -3       83
                                      1955
  MINIMUM         51    338 AM  25    1999  42      9       46
  AVERAGE         65                        61      4       65

PRECIPITATION (IN)
  TODAY            0.00          0.56 1939   0.03  -0.03     0.00
  MONTH TO DATE    0.00                      0.10  -0.10     0.00
  SINCE OCT 1      6.16                      9.03  -2.87     9.94
  SINCE JAN 1      4.99                      6.74  -1.75     7.26

SNOWFALL (IN)
  TODAY            0.0           0.0  1893   0.0    0.0      0.0
  MONTH TO DATE    0.0                       0.0    0.0      0.0
  SINCE SEP 1      0.0                       0.0    0.0      0.0
  SINCE JUL 1      0.0                       0.0    0.0      0.0
  SNOW DEPTH       0

DEGREE DAYS
 HEATING
  TODAY            0                         4     -4        0
  MONTH TO DATE    0                        15    -15        1
  SINCE SEP 1      0                        15    -15        1
  SINCE JUL 1     32                        79    -47       49

 COOLING
  TODAY            0                         1     -1        0
  MONTH TO DATE   12                         4      8        5
  SINCE SEP 1     12                         4      8        5
  SINCE JAN 1    316                       216    100      273
..................................................................


WIND (MPH)
  HIGHEST WIND SPEED    37   HIGHEST WIND DIRECTION     S (180)
  HIGHEST GUST SPEED    48   HIGHEST GUST DIRECTION     S (170)



WEATHER CONDITIONS
 THE FOLLOWING WEATHER WAS RECORDED TODAY.
  NO SIGNIFICANT WEATHER WAS OBSERVED.


RELATIVE HUMIDITY (PERCENT)
 HIGHEST    41           300 AM
 LOWEST     12           400 PM
 AVERAGE    27

..........................................................


THE ELY AIRPORT NV CLIMATE NORMALS FOR TOMORROW
                         NORMAL    RECORD    YEAR
 MAXIMUM TEMPERATURE (F)   80        92      1955
                                             1908
 MINIMUM TEMPERATURE (F)   42        31      1992


SUNRISE AND SUNSET
SEPTEMBER  4 2015.....SUNRISE   610 AM PDT   SUNSET   706 PM PDT
SEPTEMBER  5 2015.....SUNRISE   611 AM PDT   SUNSET   704 PM PDT


-  INDICATES NEGATIVE NUMBERS.
R  INDICATES RECORD WAS SET OR TIED.
MM INDICATES DATA IS MISSING.
T  INDICATES TRACE AMOUNT.




$$
