000
CDUS45 KLKN 280929
CLIELY


CLIMATE REPORT
NATIONAL WEATHER SERVICE ELKO NV
129 AM PST WED JAN 28 2015


...................................

...THE ELY AIRPORT NV CLIMATE SUMMARY FOR JANUARY 27 2015...

CLIMATE NORMAL PERIOD 1981 TO 2010
CLIMATE RECORD PERIOD 1893 TO 2015


WEATHER ITEM   OBSERVED TIME   RECORD YEAR NORMAL DEPARTURE LAST
                VALUE   (LST)  VALUE       VALUE  FROM      YEAR
                                                  NORMAL
..................................................................
TEMPERATURE (F)
 YESTERDAY
  MAXIMUM         47   1108 AM  59    1986  40      7       51
  MINIMUM         32   1202 AM -19    1895  12     20       14
  AVERAGE         40                        26     14       33

PRECIPITATION (IN)
  YESTERDAY        0.02          0.46 1956   0.02   0.00     0.00
  MONTH TO DATE    0.25                      0.61  -0.36     0.04
  SINCE OCT 1      1.42                      2.90  -1.48     2.72
  SINCE JAN 1      0.25                      0.61  -0.36     0.04

SNOWFALL (IN)
  YESTERDAY        0.0           5.1  2013   0.3   -0.3      0.0
  MONTH TO DATE    0.8                       8.0   -7.2      1.2
  SINCE DEC 1      6.7                      16.4   -9.7     14.1
  SINCE JUL 1      7.4                      25.9  -18.5     27.0
  SNOW DEPTH       0

DEGREE DAYS
 HEATING
  YESTERDAY       25                        39    -14       32
  MONTH TO DATE  858                      1074   -216      906
  SINCE DEC 1   1928                      2306   -378     2230
  SINCE JUL 1   3375                      4174   -799     3995

 COOLING
  YESTERDAY        0                         0      0        0
  MONTH TO DATE    0                         0      0        0
  SINCE DEC 1      0                         0      0        0
  SINCE JAN 1      0                         0      0        0
..................................................................


WIND (MPH)
  HIGHEST WIND SPEED    25   HIGHEST WIND DIRECTION     S (160)
  HIGHEST GUST SPEED    32   HIGHEST GUST DIRECTION     S (170)
  AVERAGE WIND SPEED    12.3



WEATHER CONDITIONS
 THE FOLLOWING WEATHER WAS RECORDED YESTERDAY.
  LIGHT RAIN


RELATIVE HUMIDITY (PERCENT)
 HIGHEST    92           600 AM
 LOWEST     64           100 AM
 AVERAGE    78

..........................................................


THE ELY AIRPORT NV CLIMATE NORMALS FOR TODAY
                         NORMAL    RECORD    YEAR
 MAXIMUM TEMPERATURE (F)   40        66      1894
 MINIMUM TEMPERATURE (F)   12       -24      1902


SUNRISE AND SUNSET
JANUARY 28 2015.......SUNRISE   650 AM PST   SUNSET   455 PM PST
JANUARY 29 2015.......SUNRISE   649 AM PST   SUNSET   456 PM PST


-  INDICATES NEGATIVE NUMBERS.
R  INDICATES RECORD WAS SET OR TIED.
MM INDICATES DATA IS MISSING.
T  INDICATES TRACE AMOUNT.




$$
