000
CDUS45 KLKN 070933
CLIELY


CLIMATE REPORT
NATIONAL WEATHER SERVICE ELKO NV
229 AM PDT TUE JUL 7 2015


...................................

...THE ELY AIRPORT NV CLIMATE SUMMARY FOR JULY 6 2015...

CLIMATE NORMAL PERIOD 1981 TO 2010
CLIMATE RECORD PERIOD 1893 TO 2015


WEATHER ITEM   OBSERVED TIME   RECORD YEAR NORMAL DEPARTURE LAST
                VALUE   (LST)  VALUE       VALUE  FROM      YEAR
                                                  NORMAL
..................................................................
TEMPERATURE (F)
 YESTERDAY
  MAXIMUM         81    958 AM  97    2007  87     -6       93
  MINIMUM         59   1159 PM  32    1994  47     12       52
  AVERAGE         70                        67      3       73

PRECIPITATION (IN)
  YESTERDAY        T             0.95 2006   0.02  -0.02      T
  MONTH TO DATE    0.09                      0.08   0.01      T
  SINCE OCT 1      5.05                      7.47  -2.42     7.03
  SINCE JAN 1      3.88                      5.18  -1.30     4.35

SNOWFALL (IN)
  YESTERDAY        0.0           0.0  1893   0.0    0.0      0.0
  MONTH TO DATE    0.0                       0.0    0.0      0.0
  SINCE JUN 1      0.0                       0.1   -0.1       T
  SINCE JUL 1      0.0                       0.0    0.0      0.0
  SNOW DEPTH       0

DEGREE DAYS
 HEATING
  YESTERDAY        0                         1     -1        0
  MONTH TO DATE    0                         9     -9        0
  SINCE JUN 1     55                       184   -129      140
  SINCE JUL 1      0                         9     -9        0

 COOLING
  YESTERDAY        5                         3      2        8
  MONTH TO DATE   46                        15     31       45
  SINCE JUN 1    153                        38    115       64
  SINCE JAN 1    156                        39    117       66
..................................................................


WIND (MPH)
  HIGHEST WIND SPEED    25   HIGHEST WIND DIRECTION    SW (210)
  HIGHEST GUST SPEED    32   HIGHEST GUST DIRECTION    SW (210)
  AVERAGE WIND SPEED     5.6



WEATHER CONDITIONS
 THE FOLLOWING WEATHER WAS RECORDED YESTERDAY.
  LIGHT RAIN


RELATIVE HUMIDITY (PERCENT)
 HIGHEST    55          1100 PM
 LOWEST     21          1000 AM
 AVERAGE    38

..........................................................


THE ELY AIRPORT NV CLIMATE NORMALS FOR TODAY
                         NORMAL    RECORD    YEAR
 MAXIMUM TEMPERATURE (F)   87        98      1989
 MINIMUM TEMPERATURE (F)   47        30      1897


SUNRISE AND SUNSET
JULY  7 2015..........SUNRISE   520 AM PDT   SUNSET   809 PM PDT
JULY  8 2015..........SUNRISE   520 AM PDT   SUNSET   808 PM PDT


-  INDICATES NEGATIVE NUMBERS.
R  INDICATES RECORD WAS SET OR TIED.
MM INDICATES DATA IS MISSING.
T  INDICATES TRACE AMOUNT.




$$
