630
CDUS45 KLKN 190934
CLIELY


CLIMATE REPORT
NATIONAL WEATHER SERVICE ELKO NV
132 AM PST THU JAN 19 2017


...................................

...THE ELY AIRPORT NV CLIMATE SUMMARY FOR JANUARY 18 2017...

CLIMATE NORMAL PERIOD 1981 TO 2010
CLIMATE RECORD PERIOD 1893 TO 2017


WEATHER ITEM   OBSERVED TIME   RECORD YEAR NORMAL DEPARTURE LAST
                VALUE   (LST)  VALUE       VALUE  FROM      YEAR
                                                  NORMAL
..................................................................
TEMPERATURE (F)
 YESTERDAY
  MAXIMUM         42    108 PM  61    1994  40      2       37
  MINIMUM          6    639 AM -16    1984  11     -5       14
  AVERAGE         24                        25     -1       26

PRECIPITATION (IN)
  YESTERDAY        0.09          0.60 1895   0.02   0.07     0.10
  MONTH TO DATE    0.86                      0.42   0.44     1.42
  SINCE OCT 1      2.64                      2.71  -0.07     5.78
  SINCE JAN 1      0.86                      0.42   0.44     1.42

SNOWFALL (IN)
  YESTERDAY        T             6.0  1895   0.3   -0.3      1.3
  MONTH TO DATE   10.1                       5.6    4.5     18.4
  SINCE DEC 1     19.2                      14.0    5.2     40.5
  SINCE JUL 1     25.1                      23.5    1.6     58.2
  SNOW DEPTH       7

DEGREE DAYS
 HEATING
  YESTERDAY       41                        40      1       39
  MONTH TO DATE  744                       720     24      838
  SINCE DEC 1   1971                      1952     19     2109
  SINCE JUL 1   3524                      3820   -296     3738

 COOLING
  YESTERDAY        0                         0      0        0
  MONTH TO DATE    0                         0      0        0
  SINCE DEC 1      0                         0      0        0
  SINCE JAN 1      0                         0      0        0
..................................................................


WIND (MPH)
  HIGHEST WIND SPEED    22   HIGHEST WIND DIRECTION     S (190)
  HIGHEST GUST SPEED    28   HIGHEST GUST DIRECTION     S (180)
  AVERAGE WIND SPEED    11.9



WEATHER CONDITIONS
 THE FOLLOWING WEATHER WAS RECORDED YESTERDAY.
  SNOW
  LIGHT SNOW
  FOG


RELATIVE HUMIDITY (PERCENT)
 HIGHEST    80          1200 AM
 LOWEST     40           100 PM
 AVERAGE    60

..........................................................


THE ELY AIRPORT NV CLIMATE NORMALS FOR TODAY
                         NORMAL    RECORD    YEAR
 MAXIMUM TEMPERATURE (F)   40        61      1994
 MINIMUM TEMPERATURE (F)   11       -14      1988


SUNRISE AND SUNSET
JANUARY 19 2017.......SUNRISE   655 AM PST   SUNSET   445 PM PST
JANUARY 20 2017.......SUNRISE   655 AM PST   SUNSET   447 PM PST


-  INDICATES NEGATIVE NUMBERS.
R  INDICATES RECORD WAS SET OR TIED.
MM INDICATES DATA IS MISSING.
T  INDICATES TRACE AMOUNT.




$$
