000
CDUS45 KLKN 250027
CLIELY


CLIMATE REPORT
NATIONAL WEATHER SERVICE ELKO NV
526 PM PDT MON APR 24 2017


...................................

...THE ELY AIRPORT NV CLIMATE SUMMARY FOR APRIL 24 2017...
VALID TODAY AS OF 0500 PM LOCAL TIME.

CLIMATE NORMAL PERIOD 1981 TO 2010
CLIMATE RECORD PERIOD 1893 TO 2017


WEATHER ITEM   OBSERVED TIME   RECORD YEAR NORMAL DEPARTURE LAST
                VALUE   (LST)  VALUE       VALUE  FROM      YEAR
                                                  NORMAL
..................................................................
TEMPERATURE (F)
 TODAY
  MAXIMUM         57   1051 AM  77    1977  60     -3       55
  MINIMUM         32    247 AM   4    1964  29      3       27
  AVERAGE         45                        44      1       41

PRECIPITATION (IN)
  TODAY            T             1.31 2005   0.03  -0.03     0.05
  MONTH TO DATE    0.89                      0.74   0.15     0.72
  SINCE OCT 1      7.53                      5.41   2.12     9.82
  SINCE JAN 1      5.75                      3.12   2.63     5.46

SNOWFALL (IN)
  TODAY            0.0           5.0  1971   0.1   -0.1      0.0
  MONTH TO DATE    1.4                       4.3   -2.9      3.1
  SINCE MAR 1     17.2                      12.6    4.6     19.3
  SINCE JUL 1     66.8                      47.5   19.3     98.6
  SNOW DEPTH       0

DEGREE DAYS
 HEATING
  TODAY           20                        20      0       24
  MONTH TO DATE  523                       560    -37      465
  SINCE MAR 1   1263                      1450   -187     1266
  SINCE JUL 1   6224                      6787   -563     6640

 COOLING
  TODAY            0                         0      0        0
  MONTH TO DATE    0                         0      0        0
  SINCE MAR 1      0                         0      0        0
  SINCE JAN 1      0                         0      0        0
..................................................................


WIND (MPH)
  HIGHEST WIND SPEED    29   HIGHEST WIND DIRECTION    NW (300)
  HIGHEST GUST SPEED    37   HIGHEST GUST DIRECTION    NW (300)



WEATHER CONDITIONS
 THE FOLLOWING WEATHER WAS RECORDED TODAY.
  NO SIGNIFICANT WEATHER WAS OBSERVED.


RELATIVE HUMIDITY (PERCENT)
 HIGHEST    85           200 AM
 LOWEST     28           900 AM
 AVERAGE    57

..........................................................


THE ELY AIRPORT NV CLIMATE NORMALS FOR TOMORROW
                         NORMAL    RECORD    YEAR
 MAXIMUM TEMPERATURE (F)   61        77      1987
                                             1898
 MINIMUM TEMPERATURE (F)   29        10      1960


SUNRISE AND SUNSET
APRIL 24 2017.........SUNRISE   549 AM PDT   SUNSET   726 PM PDT
APRIL 25 2017.........SUNRISE   548 AM PDT   SUNSET   727 PM PDT


-  INDICATES NEGATIVE NUMBERS.
R  INDICATES RECORD WAS SET OR TIED.
MM INDICATES DATA IS MISSING.
T  INDICATES TRACE AMOUNT.




$$
