000
CDUS45 KLKN 240928
CLIELY


CLIMATE REPORT
NATIONAL WEATHER SERVICE ELKO NV
128 AM PST FRI NOV 4  2017


...................................

...THE ELY AIRPORT NV CLIMATE SUMMARY FOR NOVEMBER 23 2017...

CLIMATE NORMAL PERIOD 1981 TO 2010
CLIMATE RECORD PERIOD 1893 TO 2017


WEATHER ITEM   OBSERVED TIME   RECORD YEAR NORMAL DEPARTURE LAST
                VALUE   (LST)  VALUE       VALUE  FROM      YEAR
                                                  NORMAL
..................................................................
TEMPERATURE (F)
 YESTERDAY
  MAXIMUM         69R   227 PM  63    2012  45     24       48
  MINIMUM         31    511 AM  -7    1941  16     15        9
  AVERAGE         50                        30     20       29

PRECIPITATION (IN)
  YESTERDAY        0.00          0.44 1988   0.02  -0.02     0.12
  MONTH TO DATE    0.08                      0.57  -0.49     0.33
  SINCE OCT 1      0.12                      1.57  -1.45     0.44
  SINCE JAN 1      9.22                      9.04   0.18    10.16

SNOWFALL (IN)
  YESTERDAY        0.0           5.0  1988   0.2   -0.2      1.3
  MONTH TO DATE    T                         4.6   -4.6      4.1
  SINCE SEP 1      5.0                       8.0   -3.0      4.1
  SINCE JUL 1      5.0                       8.0   -3.0      4.1
  SNOW DEPTH       0

DEGREE DAYS
 HEATING
  YESTERDAY       15                        35    -20       36
  MONTH TO DATE  558                       687   -129      552
  SINCE SEP 1   1475                      1551    -76     1263
  SINCE JUL 1   1481                      1615   -134     1300

 COOLING
  YESTERDAY        0                         0      0        0
  MONTH TO DATE    0                         0      0        0
  SINCE SEP 1     24                         6     18       12
  SINCE JAN 1    433                       218    215      267
..................................................................


WIND (MPH)
  HIGHEST WIND SPEED    14   HIGHEST WIND DIRECTION     S (170)
  HIGHEST GUST SPEED    16   HIGHEST GUST DIRECTION     S (190)
  AVERAGE WIND SPEED     6.2



WEATHER CONDITIONS
 THE FOLLOWING WEATHER WAS RECORDED YESTERDAY.
  NO SIGNIFICANT WEATHER WAS OBSERVED.


RELATIVE HUMIDITY (PERCENT)
 HIGHEST    78           600 AM
 LOWEST     19           200 PM
 AVERAGE    49

..........................................................


THE ELY AIRPORT NV CLIMATE NORMALS FOR TODAY
                         NORMAL    RECORD    YEAR
 MAXIMUM TEMPERATURE (F)   45        71      1909
 MINIMUM TEMPERATURE (F)   16       -19      2010


SUNRISE AND SUNSET
NOVEMBER 24 2017......SUNRISE   633 AM PST   SUNSET   419 PM PST
NOVEMBER 25 2017......SUNRISE   634 AM PST   SUNSET   419 PM PST


-  INDICATES NEGATIVE NUMBERS.
R  INDICATES RECORD WAS SET OR TIED.
MM INDICATES DATA IS MISSING.
T  INDICATES TRACE AMOUNT.




$$
