000
CDUS45 KLKN 240945
CLIELY


CLIMATE REPORT
NATIONAL WEATHER SERVICE ELKO NV
245 AM PDT SUN SEP 4  2017


...................................

...THE ELY AIRPORT NV CLIMATE SUMMARY FOR SEPTEMBER 23 2017...

CLIMATE NORMAL PERIOD 1981 TO 2010
CLIMATE RECORD PERIOD 1893 TO 2017


WEATHER ITEM   OBSERVED TIME   RECORD YEAR NORMAL DEPARTURE LAST
                VALUE   (LST)  VALUE       VALUE  FROM      YEAR
                                                  NORMAL
..................................................................
TEMPERATURE (F)
 YESTERDAY
  MAXIMUM         46        MM  86    2011  73    -27       52
                                      2003
                                      2001
  MINIMUM         28        MM  19    1977  35     -7       37
  AVERAGE         37                        54    -17       45

PRECIPITATION (IN)
  YESTERDAY        0.00          0.62 1958   0.03  -0.03     0.13
  MONTH TO DATE    1.72                      0.62   1.10     0.69
  SINCE OCT 1     10.88                      9.55   1.33    14.07
  SINCE JAN 1      9.10                      7.26   1.84     9.71

SNOWFALL (IN)
  YESTERDAY        0.0           3.0  1901   0.0    0.0      0.0
  MONTH TO DATE    0.0                       0.2   -0.2      0.0
  SINCE SEP 1      0.0                       0.2   -0.2      0.0
  SINCE JUL 1      0.0                       0.2   -0.2      0.0
  SNOW DEPTH       0

DEGREE DAYS
 HEATING
  YESTERDAY       28                        11     17       20
  MONTH TO DATE  157                       160     -3      167
  SINCE SEP 1    157                       160     -3      167
  SINCE JUL 1    163                       224    -61      204

 COOLING
  YESTERDAY        0                         0      0        0
  MONTH TO DATE   24                         4     20       12
  SINCE SEP 1     24                         4     20       12
  SINCE JAN 1    433                       216    217      267
..................................................................


WIND (MPH)
  HIGHEST WIND SPEED    16   HIGHEST WIND DIRECTION    NW (320)
  HIGHEST GUST SPEED    20   HIGHEST GUST DIRECTION    NW (310)
  AVERAGE WIND SPEED     9.1



WEATHER CONDITIONS
 THE FOLLOWING WEATHER WAS RECORDED YESTERDAY.
  FOG
  FOG W/VISIBILITY <= 1/4 MILE


RELATIVE HUMIDITY (PERCENT)
 HIGHEST   100          1200 AM
 LOWEST     49           200 PM
 AVERAGE    75

..........................................................


THE ELY AIRPORT NV CLIMATE NORMALS FOR TODAY
                         NORMAL    RECORD    YEAR
 MAXIMUM TEMPERATURE (F)   72        85      2015
                                             2001
 MINIMUM TEMPERATURE (F)   34        20      2006


SUNRISE AND SUNSET
SEPTEMBER 24 2017.....SUNRISE   629 AM PDT   SUNSET   633 PM PDT
SEPTEMBER 25 2017.....SUNRISE   630 AM PDT   SUNSET   631 PM PDT


-  INDICATES NEGATIVE NUMBERS.
R  INDICATES RECORD WAS SET OR TIED.
MM INDICATES DATA IS MISSING.
T  INDICATES TRACE AMOUNT.




$$
