000
CDUS45 KLKN 290930
CLIELY


CLIMATE REPORT
NATIONAL WEATHER SERVICE ELKO NV
227 AM PDT MON MAY 29 2017


...................................

...THE ELY AIRPORT NV CLIMATE SUMMARY FOR MAY 28 2017...

CLIMATE NORMAL PERIOD 1981 TO 2010
CLIMATE RECORD PERIOD 1893 TO 2017


WEATHER ITEM   OBSERVED TIME   RECORD YEAR NORMAL DEPARTURE LAST
                VALUE   (LST)  VALUE       VALUE  FROM      YEAR
                                                  NORMAL
..................................................................
TEMPERATURE (F)
 YESTERDAY
  MAXIMUM         76    357 PM  92    2003  72      4       68
  MINIMUM         30    448 AM  23    1982  36     -6       36
                                      1954
                                      1953
  AVERAGE         53                        54     -1       52

PRECIPITATION (IN)
  YESTERDAY        0.00          0.50 1896   0.04  -0.04      T
  MONTH TO DATE    0.28                      1.00  -0.72     0.51
  SINCE OCT 1      7.95                      6.62   1.33    11.30
  SINCE JAN 1      6.17                      4.33   1.84     6.94

SNOWFALL (IN)
  YESTERDAY        0.0           1.5  2011   0.1   -0.1      0.0
  MONTH TO DATE    1.2                       2.3   -1.1       T
  SINCE MAR 1     18.4                      15.8    2.6     21.1
  SINCE JUL 1     68.0                      50.7   17.3    100.4
  SNOW DEPTH       0

DEGREE DAYS
 HEATING
  YESTERDAY       12                        11      1       13
  MONTH TO DATE  400                       411    -11      442
  SINCE MAR 1   1812                      1977   -165     1858
  SINCE JUL 1   6773                      7314   -541     7232

 COOLING
  YESTERDAY        0                         0      0        0
  MONTH TO DATE    0                         0      0        0
  SINCE MAR 1      0                         0      0        0
  SINCE JAN 1      0                         0      0        0
..................................................................


WIND (MPH)
  HIGHEST WIND SPEED    15   HIGHEST WIND DIRECTION     S (170)
  HIGHEST GUST SPEED    19   HIGHEST GUST DIRECTION     N (360)
  AVERAGE WIND SPEED     7.0



WEATHER CONDITIONS
 THE FOLLOWING WEATHER WAS RECORDED YESTERDAY.
  NO SIGNIFICANT WEATHER WAS OBSERVED.


RELATIVE HUMIDITY (PERCENT)
 HIGHEST    63           400 AM
 LOWEST     13           200 PM
 AVERAGE    38

..........................................................


THE ELY AIRPORT NV CLIMATE NORMALS FOR TODAY
                         NORMAL    RECORD    YEAR
 MAXIMUM TEMPERATURE (F)   72        91      2003
                                             1910
 MINIMUM TEMPERATURE (F)   36        22      2006


SUNRISE AND SUNSET
MAY 29 2017...........SUNRISE   516 AM PDT   SUNSET   758 PM PDT
MAY 30 2017...........SUNRISE   516 AM PDT   SUNSET   759 PM PDT


-  INDICATES NEGATIVE NUMBERS.
R  INDICATES RECORD WAS SET OR TIED.
MM INDICATES DATA IS MISSING.
T  INDICATES TRACE AMOUNT.




$$
