729
CDUS45 KLKN 270941
CLIELY


CLIMATE REPORT
NATIONAL WEATHER SERVICE ELKO NV
139 AM PST MON FEB 27 2017


...................................

...THE ELY AIRPORT NV CLIMATE SUMMARY FOR FEBRUARY 26 2017...

CLIMATE NORMAL PERIOD 1981 TO 2010
CLIMATE RECORD PERIOD 1893 TO 2017


WEATHER ITEM   OBSERVED TIME   RECORD YEAR NORMAL DEPARTURE LAST
                VALUE   (LST)  VALUE       VALUE  FROM      YEAR
                                                  NORMAL
..................................................................
TEMPERATURE (F)
 YESTERDAY
  MAXIMUM         35    434 PM  63    1988  45    -10       57
  MINIMUM          2    636 AM -12    1962  19    -17       25
  AVERAGE         19                        32    -13       41

PRECIPITATION (IN)
  YESTERDAY        0.00          0.42 1983   0.03  -0.03     0.00
  MONTH TO DATE    1.61                      0.69   0.92     0.60
  SINCE OCT 1      4.91                      3.68   1.23     7.54
  SINCE JAN 1      3.13                      1.39   1.74     3.18

SNOWFALL (IN)
  YESTERDAY        0.0           7.7  2011   0.3   -0.3      0.0
  MONTH TO DATE   11.1                       7.4    3.7      4.1
  SINCE DEC 1     42.8                      24.9   17.9     61.6
  SINCE JUL 1     48.7                      34.4   14.3     79.3
  SNOW DEPTH      MM

DEGREE DAYS
 HEATING
  YESTERDAY       46                        33     13       24
  MONTH TO DATE  741                       942   -201     1006
  SINCE DEC 1   3312                      3403    -91     3678
  SINCE JUL 1   4865                      5271   -406     5307

 COOLING
  YESTERDAY        0                         0      0        0
  MONTH TO DATE    0                         0      0        0
  SINCE DEC 1      0                         0      0        0
  SINCE JAN 1      0                         0      0        0
..................................................................


WIND (MPH)
  HIGHEST WIND SPEED    25   HIGHEST WIND DIRECTION     S (190)
  HIGHEST GUST SPEED    33   HIGHEST GUST DIRECTION     S (190)
  AVERAGE WIND SPEED    12.8



WEATHER CONDITIONS
 THE FOLLOWING WEATHER WAS RECORDED YESTERDAY.
  NO SIGNIFICANT WEATHER WAS OBSERVED.


RELATIVE HUMIDITY (PERCENT)
 HIGHEST    91           300 AM
 LOWEST     44           400 PM
 AVERAGE    68

..........................................................


THE ELY AIRPORT NV CLIMATE NORMALS FOR TODAY
                         NORMAL    RECORD    YEAR
 MAXIMUM TEMPERATURE (F)   46        63      1972
 MINIMUM TEMPERATURE (F)   19       -18      1962


SUNRISE AND SUNSET
FEBRUARY 27 2017......SUNRISE   615 AM PST   SUNSET   530 PM PST
FEBRUARY 28 2017......SUNRISE   613 AM PST   SUNSET   531 PM PST


-  INDICATES NEGATIVE NUMBERS.
R  INDICATES RECORD WAS SET OR TIED.
MM INDICATES DATA IS MISSING.
T  INDICATES TRACE AMOUNT.




$$
