000
CDUS45 KLKN 190937
CLIELY


CLIMATE REPORT
NATIONAL WEATHER SERVICE ELKO NV
135 AM PST FRI DEC 19 2014


...................................

...THE ELY AIRPORT NV CLIMATE SUMMARY FOR DECEMBER 18 2014...

CLIMATE NORMAL PERIOD 1981 TO 2010
CLIMATE RECORD PERIOD 1893 TO 2014


WEATHER ITEM   OBSERVED TIME   RECORD YEAR NORMAL DEPARTURE LAST
                VALUE   (LST)  VALUE       VALUE  FROM      YEAR
                                                  NORMAL
..................................................................
TEMPERATURE (F)
 YESTERDAY
  MAXIMUM         41    212 PM  62    1958  39      2       45
  MINIMUM         18   1028 PM -16    1965  10      8       19
  AVERAGE         30                        25      5       32

PRECIPITATION (IN)
  YESTERDAY        0.01          0.69 2012   0.02  -0.01      T
  MONTH TO DATE    0.37                      0.31   0.06     0.49
  SINCE OCT 1      0.81                      2.01  -1.20     2.18
  SINCE JAN 1      8.90                      9.48  -0.58     8.04

SNOWFALL (IN)
  YESTERDAY        T            11.0  2012   0.3   -0.3      0.0
  MONTH TO DATE    1.9                       4.2   -2.3      7.5
  SINCE DEC 1      1.9                       4.2   -2.3      7.5
  SINCE JUL 1      2.6                      13.7  -11.1     20.4
  SNOW DEPTH       T

DEGREE DAYS
 HEATING
  YESTERDAY       35                        40     -5       33
  MONTH TO DATE  540                       706   -166      827
  SINCE DEC 1    540                       706   -166      827
  SINCE JUL 1   1987                      2574   -587     2592

 COOLING
  YESTERDAY        0                         0      0        0
  MONTH TO DATE    0                         0      0        0
  SINCE DEC 1      0                         0      0        0
  SINCE JAN 1    286                       218     68      387
..................................................................


WIND (MPH)
  HIGHEST WIND SPEED    12   HIGHEST WIND DIRECTION     S (160)
  HIGHEST GUST SPEED    15   HIGHEST GUST DIRECTION     W (280)
  AVERAGE WIND SPEED     7.1



WEATHER CONDITIONS
 THE FOLLOWING WEATHER WAS RECORDED YESTERDAY.
  LIGHT SNOW
  FOG


RELATIVE HUMIDITY (PERCENT)
 HIGHEST    92           200 AM
 LOWEST     48           200 PM
 AVERAGE    70

..........................................................


THE ELY AIRPORT NV CLIMATE NORMALS FOR TODAY
                         NORMAL    RECORD    YEAR
 MAXIMUM TEMPERATURE (F)   39        67      1910
 MINIMUM TEMPERATURE (F)   10       -18      2012


SUNRISE AND SUNSET
DECEMBER 19 2014......SUNRISE   654 AM PST   SUNSET   419 PM PST
DECEMBER 20 2014......SUNRISE   655 AM PST   SUNSET   419 PM PST


-  INDICATES NEGATIVE NUMBERS.
R  INDICATES RECORD WAS SET OR TIED.
MM INDICATES DATA IS MISSING.
T  INDICATES TRACE AMOUNT.




$$
