000
CDUS43 KTOP 170635
CLIEMP


CLIMATE REPORT
NATIONAL WEATHER SERVICE TOPEKA KS
1234 AM CST FRI NOV 17 2017


...................................

...THE EMPORIA KS CLIMATE SUMMARY FOR NOVEMBER 16 2017...

CLIMATE NORMAL PERIOD 1981 TO 2010
CLIMATE RECORD PERIOD 9999 TO 9999


WEATHER ITEM   OBSERVED NORMAL DEPARTURE LAST
                VALUE   VALUE  FROM      YEAR
                               NORMAL
...............................................
TEMPERATURE (F)
 YESTERDAY
  MAXIMUM         60     56      4       81
  MINIMUM         28     33     -5       38
  AVERAGE         44     44      0       60

PRECIPITATION (IN)
  YESTERDAY        0.00   0.06  -0.06     0.00
  MONTH TO DATE    0.04   1.40  -1.36     0.14
  SINCE SEP 1      6.38   7.67  -1.29     9.20
  SINCE JAN 1     32.83  34.28  -1.45    37.79

DEGREE DAYS
 HEATING
  YESTERDAY       21     21      0        5
  MONTH TO DATE  341    275     66      145
  SINCE SEP 1    603    601      2      291
  SINCE JUL 1    603    602      1      291

 COOLING
  YESTERDAY        0      0      0        0
  MONTH TO DATE    0      0      0        9
  SINCE SEP 1    265    194     71      289
  SINCE JAN 1   1355   1402    -47     1625
...............................................


WIND (MPH)
  HIGHEST WIND SPEED    20   HIGHEST WIND DIRECTION    SE (150)
  HIGHEST GUST SPEED    26   HIGHEST GUST DIRECTION    SE (140)
  AVERAGE WIND SPEED    10.2


SKY COVER
  AVERAGE SKY COVER 0.2


WEATHER CONDITIONS
 THE FOLLOWING WEATHER WAS RECORDED YESTERDAY.
  NO SIGNIFICANT WEATHER WAS OBSERVED.


RELATIVE HUMIDITY (PERCENT)
 HIGHEST    92
 LOWEST     31
 AVERAGE    62

..........................................................


THE EMPORIA KS CLIMATE NORMALS FOR TODAY
                         NORMAL
 MAXIMUM TEMPERATURE (F)   55
 MINIMUM TEMPERATURE (F)   33


SUNRISE AND SUNSET
NOVEMBER 17 2017......SUNRISE   709 AM CST   SUNSET   511 PM CST
NOVEMBER 18 2017......SUNRISE   710 AM CST   SUNSET   510 PM CST


-  INDICATES NEGATIVE NUMBERS.
R  INDICATES RECORD WAS SET OR TIED.
MM INDICATES DATA IS MISSING.
T  INDICATES TRACE AMOUNT.




$$
