000
CDUS43 KTOP 010636
CLIEMP


CLIMATE REPORT
NATIONAL WEATHER SERVICE TOPEKA KS
1234 AM CST SUN FEB 1 2015


...................................

...THE EMPORIA KS CLIMATE SUMMARY FOR JANUARY 31 2015...

CLIMATE NORMAL PERIOD 1981 TO 2010
CLIMATE RECORD PERIOD 9999 TO 9999


WEATHER ITEM   OBSERVED NORMAL DEPARTURE LAST
                VALUE   VALUE  FROM      YEAR
                               NORMAL
...............................................
TEMPERATURE (F)
 YESTERDAY
  MAXIMUM         38     43     -5       30
  MINIMUM         35     21     14       21
  AVERAGE         37     32      5       26

PRECIPITATION (IN)
  YESTERDAY        0.73   0.04   0.69     0.08
  MONTH TO DATE    0.79   0.63   0.16     0.20
  SINCE DEC 1      2.38   1.98   0.40     0.70
  SINCE JAN 1      0.79   0.63   0.16     0.20

DEGREE DAYS
 HEATING
  YESTERDAY       28     33     -5       39
  MONTH TO DATE 1009   1050    -41     1135
  SINCE DEC 1   1940   2048   -108     2240
  SINCE JUL 1   2990   2988      2     3271

 COOLING
  YESTERDAY        0      0      0        0
  MONTH TO DATE    0      0      0        0
  SINCE DEC 1      0      0      0        0
  SINCE JAN 1      0      0      0        0
...............................................


WIND (MPH)
  HIGHEST WIND SPEED    18   HIGHEST WIND DIRECTION     S (170)
  HIGHEST GUST SPEED    23   HIGHEST GUST DIRECTION    SE (150)
  AVERAGE WIND SPEED    10.7


SKY COVER
  AVERAGE SKY COVER 1.0


WEATHER CONDITIONS
 THE FOLLOWING WEATHER WAS RECORDED YESTERDAY.
  LIGHT RAIN
  FOG


RELATIVE HUMIDITY (PERCENT)
 HIGHEST   100
 LOWEST     85
 AVERAGE    93

..........................................................


THE EMPORIA KS CLIMATE NORMALS FOR TODAY
                         NORMAL
 MAXIMUM TEMPERATURE (F)   43
 MINIMUM TEMPERATURE (F)   22


SUNRISE AND SUNSET
FEBRUARY  1 2015......SUNRISE   730 AM CST   SUNSET   547 PM CST
FEBRUARY  2 2015......SUNRISE   729 AM CST   SUNSET   548 PM CST


-  INDICATES NEGATIVE NUMBERS.
R  INDICATES RECORD WAS SET OR TIED.
MM INDICATES DATA IS MISSING.
T  INDICATES TRACE AMOUNT.




$$
