270
CDUS43 KTOP 100643
CLIEMP


CLIMATE REPORT
NATIONAL WEATHER SERVICE TOPEKA KS
1241 AM CST WED FEB 10 2016


...................................

...THE EMPORIA KS CLIMATE SUMMARY FOR FEBRUARY 9 2016...

CLIMATE NORMAL PERIOD 1981 TO 2010
CLIMATE RECORD PERIOD 9999 TO 9999


WEATHER ITEM   OBSERVED NORMAL DEPARTURE LAST
                VALUE   VALUE  FROM      YEAR
                               NORMAL
...............................................
TEMPERATURE (F)
 YESTERDAY
  MAXIMUM         36     44     -8       43
  MINIMUM         17     23     -6       29
  AVERAGE         27     34     -7       36

PRECIPITATION (IN)
  YESTERDAY        0.00   0.04  -0.04     0.00
  MONTH TO DATE    0.62   0.39   0.23     0.19
  SINCE DEC 1      4.17   2.37   1.80     2.57
  SINCE JAN 1      1.08   1.02   0.06     0.98

DEGREE DAYS
 HEATING
  YESTERDAY       38     31      7       29
  MONTH TO DATE  265    290    -25      269
  SINCE DEC 1   1961   2338   -377     2209
  SINCE JUL 1   2680   3278   -598     3259

 COOLING
  YESTERDAY        0      0      0        0
  MONTH TO DATE    0      0      0        0
  SINCE DEC 1      0      0      0        0
  SINCE JAN 1      0      0      0        0
...............................................


WIND (MPH)
  HIGHEST WIND SPEED    29   HIGHEST WIND DIRECTION    NW (330)
  HIGHEST GUST SPEED    37   HIGHEST GUST DIRECTION    NW (320)
  AVERAGE WIND SPEED    15.3


SKY COVER
  AVERAGE SKY COVER 0.1


WEATHER CONDITIONS
 THE FOLLOWING WEATHER WAS RECORDED YESTERDAY.
  NO SIGNIFICANT WEATHER WAS OBSERVED.


RELATIVE HUMIDITY (PERCENT)
 HIGHEST    67
 LOWEST     29
 AVERAGE    48

..........................................................


THE EMPORIA KS CLIMATE NORMALS FOR TODAY
                         NORMAL
 MAXIMUM TEMPERATURE (F)   45
 MINIMUM TEMPERATURE (F)   23


SUNRISE AND SUNSET
FEBRUARY 10 2016......SUNRISE   721 AM CST   SUNSET   557 PM CST
FEBRUARY 11 2016......SUNRISE   720 AM CST   SUNSET   558 PM CST


-  INDICATES NEGATIVE NUMBERS.
R  INDICATES RECORD WAS SET OR TIED.
MM INDICATES DATA IS MISSING.
T  INDICATES TRACE AMOUNT.




$$
