000
CDUS43 KTOP 272236
CLIEMP


CLIMATE REPORT
NATIONAL WEATHER SERVICE TOPEKA KS
436 PM CST MON FEB 27 2017


...................................

...THE EMPORIA KS CLIMATE SUMMARY FOR FEBRUARY 27 2017...
VALID TODAY AS OF 0400 PM LOCAL TIME.

CLIMATE NORMAL PERIOD 1981 TO 2010
CLIMATE RECORD PERIOD 9999 TO 9999


WEATHER ITEM   OBSERVED NORMAL DEPARTURE LAST
                VALUE   VALUE  FROM      YEAR
                               NORMAL
...............................................
TEMPERATURE (F)
 TODAY
  MAXIMUM         64     50     14       74
  MINIMUM         23     28     -5       28
  AVERAGE         44     39      5       51

PRECIPITATION (IN)
  TODAY            0.00   0.04  -0.04     0.00
  MONTH TO DATE    0.69   1.19  -0.50     0.71
  SINCE DEC 1      2.51   3.17  -0.66     4.26
  SINCE JAN 1      1.74   1.82  -0.08     1.17

DEGREE DAYS
 HEATING
  TODAY           21     26     -5       14
  MONTH TO DATE  561    808   -247      672
  SINCE DEC 1   2533   2856   -323     2368
  SINCE JUL 1   3083   3796   -713     3087

 COOLING
  TODAY            0      0      0        0
  MONTH TO DATE    0      0      0        0
  SINCE DEC 1      0      0      0        0
  SINCE JAN 1      0      0      0        0
...............................................


WIND (MPH)
  HIGHEST WIND SPEED    26   HIGHEST WIND DIRECTION     S (170)
  HIGHEST GUST SPEED    34   HIGHEST GUST DIRECTION     S (180)
  AVERAGE WIND SPEED    10.4



WEATHER CONDITIONS
 THE FOLLOWING WEATHER WAS RECORDED TODAY.
  FOG
  FOG W/VISIBILITY <= 1/4 MILE


RELATIVE HUMIDITY (PERCENT)
 HIGHEST   100
 LOWEST     47
 AVERAGE    74

..........................................................


THE EMPORIA KS CLIMATE NORMALS FOR TOMORROW
                         NORMAL
 MAXIMUM TEMPERATURE (F)   51
 MINIMUM TEMPERATURE (F)   28


SUNRISE AND SUNSET
FEBRUARY 27 2017......SUNRISE   659 AM CST   SUNSET   616 PM CST
FEBRUARY 28 2017......SUNRISE   658 AM CST   SUNSET   617 PM CST


-  INDICATES NEGATIVE NUMBERS.
R  INDICATES RECORD WAS SET OR TIED.
MM INDICATES DATA IS MISSING.
T  INDICATES TRACE AMOUNT.




$$
