000
CDUS43 KTOP 300635
CLIEMP


CLIMATE REPORT
NATIONAL WEATHER SERVICE TOPEKA KS
135 AM CDT TUE JUN 30 2015


...................................

...THE EMPORIA KS CLIMATE SUMMARY FOR JUNE 29 2015...

CLIMATE NORMAL PERIOD 1981 TO 2010
CLIMATE RECORD PERIOD 9999 TO 9999


WEATHER ITEM   OBSERVED NORMAL DEPARTURE LAST
                VALUE   VALUE  FROM      YEAR
                               NORMAL
...............................................
TEMPERATURE (F)
 YESTERDAY
  MAXIMUM         88     87      1       87
  MINIMUM         63     66     -3       67
  AVERAGE         76     77     -1       77

PRECIPITATION (IN)
  YESTERDAY        0.00   0.13  -0.13      T
  MONTH TO DATE    2.52   5.71  -3.19     6.89
  SINCE JUN 1      2.52   5.71  -3.19     6.89
  SINCE JAN 1     17.56  18.39  -0.83    12.50

DEGREE DAYS
 HEATING
  YESTERDAY        0      0      0        0
  MONTH TO DATE    3      5     -2        4
  SINCE JUN 1      3      5     -2        4
  SINCE JUL 1   4875   4816     59     5498

 COOLING
  YESTERDAY       11     12     -1       12
  MONTH TO DATE  340    252     88      254
  SINCE JUN 1    340    252     88      254
  SINCE JAN 1    408    371     37      430
...............................................


WIND (MPH)
  HIGHEST WIND SPEED    12   HIGHEST WIND DIRECTION    NW (330)
  HIGHEST GUST SPEED    14   HIGHEST GUST DIRECTION    NW (330)
  AVERAGE WIND SPEED     5.0


SKY COVER
  AVERAGE SKY COVER 0.1


WEATHER CONDITIONS
 THE FOLLOWING WEATHER WAS RECORDED YESTERDAY.
  NO SIGNIFICANT WEATHER WAS OBSERVED.


RELATIVE HUMIDITY (PERCENT)
 HIGHEST    84
 LOWEST     37
 AVERAGE    61

..........................................................


THE EMPORIA KS CLIMATE NORMALS FOR TODAY
                         NORMAL
 MAXIMUM TEMPERATURE (F)   88
 MINIMUM TEMPERATURE (F)   67


SUNRISE AND SUNSET
JUNE 30 2015..........SUNRISE   604 AM CDT   SUNSET   852 PM CDT
JULY  1 2015..........SUNRISE   605 AM CDT   SUNSET   852 PM CDT


-  INDICATES NEGATIVE NUMBERS.
R  INDICATES RECORD WAS SET OR TIED.
MM INDICATES DATA IS MISSING.
T  INDICATES TRACE AMOUNT.




$$
