000
CDUS43 KTOP 280634
CLIEMP


CLIMATE REPORT
NATIONAL WEATHER SERVICE TOPEKA KS
131 AM CDT SUN MAY 28 2017


...................................

...THE EMPORIA KS CLIMATE SUMMARY FOR MAY 27 2017...

CLIMATE NORMAL PERIOD 1981 TO 2010
CLIMATE RECORD PERIOD 9999 TO 9999


WEATHER ITEM   OBSERVED NORMAL DEPARTURE LAST
                VALUE   VALUE  FROM      YEAR
                               NORMAL
...............................................
TEMPERATURE (F)
 YESTERDAY
  MAXIMUM         81     79      2       73
  MINIMUM         61     58      3       57
  AVERAGE         71     68      3       65

PRECIPITATION (IN)
  YESTERDAY        0.12   0.17  -0.05     0.56
  MONTH TO DATE    3.05   4.18  -1.13     6.40
  SINCE MAR 1     13.52  10.09   3.43    14.55
  SINCE JAN 1     15.26  11.95   3.31    15.72

DEGREE DAYS
 HEATING
  YESTERDAY        0      1     -1        0
  MONTH TO DATE   94     78     16      124
  SINCE MAR 1    825    985   -160      789
  SINCE JUL 1   3916   4807   -891     3902

 COOLING
  YESTERDAY        6      5      1        0
  MONTH TO DATE   73     75     -2       35
  SINCE MAR 1    115     98     17       55
  SINCE JAN 1    115     98     17       55
...............................................


WIND (MPH)
  HIGHEST WIND SPEED    20   HIGHEST WIND DIRECTION     N (10)
  HIGHEST GUST SPEED    26   HIGHEST GUST DIRECTION     N (10)
  AVERAGE WIND SPEED     8.1


SKY COVER
  AVERAGE SKY COVER 0.3


WEATHER CONDITIONS
 THE FOLLOWING WEATHER WAS RECORDED YESTERDAY.
  THUNDERSTORM
  LIGHT RAIN
  FOG


RELATIVE HUMIDITY (PERCENT)
 HIGHEST   100
 LOWEST     54
 AVERAGE    77

..........................................................


THE EMPORIA KS CLIMATE NORMALS FOR TODAY
                         NORMAL
 MAXIMUM TEMPERATURE (F)   79
 MINIMUM TEMPERATURE (F)   58


SUNRISE AND SUNSET
MAY 28 2017...........SUNRISE   605 AM CDT   SUNSET   840 PM CDT
MAY 29 2017...........SUNRISE   604 AM CDT   SUNSET   841 PM CDT


-  INDICATES NEGATIVE NUMBERS.
R  INDICATES RECORD WAS SET OR TIED.
MM INDICATES DATA IS MISSING.
T  INDICATES TRACE AMOUNT.

$$
