000
CDUS43 KTOP 192234
CLIEMP


CLIMATE REPORT
NATIONAL WEATHER SERVICE TOPEKA KS
434 PM CST FRI JAN 19 2018


...................................

...THE EMPORIA KS CLIMATE SUMMARY FOR JANUARY 19 2018...
VALID TODAY AS OF 0400 PM LOCAL TIME.

CLIMATE NORMAL PERIOD 1981 TO 2010
CLIMATE RECORD PERIOD 9999 TO 9999


WEATHER ITEM   OBSERVED NORMAL DEPARTURE LAST
                VALUE   VALUE  FROM      YEAR
                               NORMAL
...............................................
TEMPERATURE (F)
 TODAY
  MAXIMUM         53     41     12       47
  MINIMUM         28     21      7       39
  AVERAGE         41     31     10       43

PRECIPITATION (IN)
  TODAY            0.00   0.02  -0.02      T
  MONTH TO DATE    0.64   0.27   0.37     1.02
  SINCE DEC 1      0.88   1.62  -0.74     1.79
  SINCE JAN 1      0.64   0.27   0.37     1.02

DEGREE DAYS
 HEATING
  TODAY           24     34    -10       22
  MONTH TO DATE  763    646    117      637
  SINCE DEC 1   1718   1639     79     1683
  SINCE JUL 1   2537   2579    -42     2233

 COOLING
  TODAY            0      0      0        0
  MONTH TO DATE    0      0      0        0
  SINCE DEC 1      0      0      0        0
  SINCE JAN 1      0      0      0        0
...............................................


WIND (MPH)
  HIGHEST WIND SPEED    21   HIGHEST WIND DIRECTION     S (180)
  HIGHEST GUST SPEED    26   HIGHEST GUST DIRECTION     S (190)
  AVERAGE WIND SPEED    13.0



WEATHER CONDITIONS
 THE FOLLOWING WEATHER WAS RECORDED TODAY.
  NO SIGNIFICANT WEATHER WAS OBSERVED.


RELATIVE HUMIDITY (PERCENT)
 HIGHEST    63
 LOWEST     35
 AVERAGE    49

..........................................................


THE EMPORIA KS CLIMATE NORMALS FOR TOMORROW
                         NORMAL
 MAXIMUM TEMPERATURE (F)   41
 MINIMUM TEMPERATURE (F)   21


SUNRISE AND SUNSET
JANUARY 19 2018.......SUNRISE   739 AM CST   SUNSET   533 PM CST
JANUARY 20 2018.......SUNRISE   738 AM CST   SUNSET   534 PM CST


-  INDICATES NEGATIVE NUMBERS.
R  INDICATES RECORD WAS SET OR TIED.
MM INDICATES DATA IS MISSING.
T  INDICATES TRACE AMOUNT.




$$
