000
CDUS43 KTOP 300632
CLIEMP


CLIMATE REPORT
NATIONAL WEATHER SERVICE TOPEKA KS
131 AM CDT THU JUL 30 2015


...................................

...THE EMPORIA KS CLIMATE SUMMARY FOR JULY 29 2015...

CLIMATE NORMAL PERIOD 1981 TO 2010
CLIMATE RECORD PERIOD 9999 TO 9999


WEATHER ITEM   OBSERVED NORMAL DEPARTURE LAST
                VALUE   VALUE  FROM      YEAR
                               NORMAL
...............................................
TEMPERATURE (F)
 YESTERDAY
  MAXIMUM         84     91     -7       78
  MINIMUM         69     68      1       60
  AVERAGE         77     80     -3       69

PRECIPITATION (IN)
  YESTERDAY        1.27   0.11   1.16      T
  MONTH TO DATE    4.48   4.07   0.41     1.07
  SINCE JUN 1      7.00   9.91  -2.91     7.96
  SINCE JAN 1     22.04  22.59  -0.55    13.57

DEGREE DAYS
 HEATING
  YESTERDAY        0      0      0        0
  MONTH TO DATE    0      0      0        2
  SINCE JUN 1      3      8     -5        6
  SINCE JUL 1      0      0      0        2

 COOLING
  YESTERDAY       12     15     -3        4
  MONTH TO DATE  438    407     31      294
  SINCE JUN 1    794    670    124      566
  SINCE JAN 1    862    789     73      742
...............................................


WIND (MPH)
  HIGHEST WIND SPEED    22   HIGHEST WIND DIRECTION    NE (50)
  HIGHEST GUST SPEED    27   HIGHEST GUST DIRECTION    NE (60)
  AVERAGE WIND SPEED     9.5


SKY COVER
  AVERAGE SKY COVER 0.3


WEATHER CONDITIONS
 THE FOLLOWING WEATHER WAS RECORDED YESTERDAY.
  THUNDERSTORM
  HEAVY RAIN
  LIGHT RAIN
  FOG


RELATIVE HUMIDITY (PERCENT)
 HIGHEST    97
 LOWEST     65
 AVERAGE    81

..........................................................


THE EMPORIA KS CLIMATE NORMALS FOR TODAY
                         NORMAL
 MAXIMUM TEMPERATURE (F)   91
 MINIMUM TEMPERATURE (F)   68


SUNRISE AND SUNSET
JULY 30 2015..........SUNRISE   625 AM CDT   SUNSET   837 PM CDT
JULY 31 2015..........SUNRISE   626 AM CDT   SUNSET   836 PM CDT


-  INDICATES NEGATIVE NUMBERS.
R  INDICATES RECORD WAS SET OR TIED.
MM INDICATES DATA IS MISSING.
T  INDICATES TRACE AMOUNT.




$$
