631
CDUS43 KTOP 222131
CLIEMP


CLIMATE REPORT
NATIONAL WEATHER SERVICE TOPEKA KS
431 PM CDT SAT JUL 22 2017


...................................

...THE EMPORIA KS CLIMATE SUMMARY FOR JULY 22 2017...
VALID TODAY AS OF 0400 PM LOCAL TIME.

CLIMATE NORMAL PERIOD 1981 TO 2010
CLIMATE RECORD PERIOD 9999 TO 9999


WEATHER ITEM   OBSERVED NORMAL DEPARTURE LAST
                VALUE   VALUE  FROM      YEAR
                               NORMAL
...............................................
TEMPERATURE (F)
 TODAY
  MAXIMUM        102     91     11       99
  MINIMUM         80     69     11       76
  AVERAGE         91     80     11       88

PRECIPITATION (IN)
  TODAY            0.00   0.10  -0.10     0.00
  MONTH TO DATE    1.30   3.42  -2.12     3.33
  SINCE JUN 1      5.50   9.26  -3.76     4.59
  SINCE JAN 1     20.99  21.94  -0.95    20.32

DEGREE DAYS
 HEATING
  TODAY            0      0      0        0
  MONTH TO DATE    0      0      0        0
  SINCE JUN 1      0      8     -8        0
  SINCE JUL 1      0      0      0        0

 COOLING
  TODAY           26     15     11       23
  MONTH TO DATE  317    302     15      329
  SINCE JUN 1    595    565     30      731
  SINCE JAN 1    727    684     43      807
...............................................


WIND (MPH)
  HIGHEST WIND SPEED    20   HIGHEST WIND DIRECTION     S (190)
  HIGHEST GUST SPEED    27   HIGHEST GUST DIRECTION     S (190)
  AVERAGE WIND SPEED    13.2



WEATHER CONDITIONS
 THE FOLLOWING WEATHER WAS RECORDED TODAY.
  NO SIGNIFICANT WEATHER WAS OBSERVED.


RELATIVE HUMIDITY (PERCENT)
 HIGHEST    69
 LOWEST     35
 AVERAGE    52

..........................................................


THE EMPORIA KS CLIMATE NORMALS FOR TOMORROW
                         NORMAL
 MAXIMUM TEMPERATURE (F)   91
 MINIMUM TEMPERATURE (F)   69


SUNRISE AND SUNSET
JULY 22 2017..........SUNRISE   619 AM CDT   SUNSET   843 PM CDT
JULY 23 2017..........SUNRISE   620 AM CDT   SUNSET   842 PM CDT


-  INDICATES NEGATIVE NUMBERS.
R  INDICATES RECORD WAS SET OR TIED.
MM INDICATES DATA IS MISSING.
T  INDICATES TRACE AMOUNT.




$$
