000
CDUS43 KTOP 240631
CLIEMP


CLIMATE REPORT
NATIONAL WEATHER SERVICE TOPEKA KS
131 AM CDT THU JUL 24 2014


...................................

...THE EMPORIA KS CLIMATE SUMMARY FOR JULY 23 2014...

CLIMATE NORMAL PERIOD 1981 TO 2010
CLIMATE RECORD PERIOD 9999 TO 9999


WEATHER ITEM   OBSERVED NORMAL DEPARTURE LAST
                VALUE   VALUE  FROM      YEAR
                               NORMAL
...............................................
TEMPERATURE (F)
 YESTERDAY
  MAXIMUM         89     91     -2       94
  MINIMUM         68     69     -1       71
  AVERAGE         79     80     -1       83

PRECIPITATION (IN)
  YESTERDAY        0.31   0.10   0.21     0.38
  MONTH TO DATE    1.07   3.52  -2.45     1.29
  SINCE JUN 1      7.96   9.36  -1.40     2.70
  SINCE JAN 1     13.57  22.04  -8.47    15.27

DEGREE DAYS
 HEATING
  YESTERDAY        0      0      0        0
  MONTH TO DATE    2      0      2        0
  SINCE JUN 1      6      8     -2       12
  SINCE JUL 1      2      0      2        0

 COOLING
  YESTERDAY       14     15     -1       18
  MONTH TO DATE  212    317   -105      331
  SINCE JUN 1    484    580    -96      630
  SINCE JAN 1    660    699    -39      746
...............................................


WIND (MPH)
  HIGHEST WIND SPEED    24   HIGHEST WIND DIRECTION    NW (330)
  HIGHEST GUST SPEED    31   HIGHEST GUST DIRECTION    NW (320)
  AVERAGE WIND SPEED     8.2


SKY COVER
  AVERAGE SKY COVER 0.3


WEATHER CONDITIONS
 THE FOLLOWING WEATHER WAS RECORDED YESTERDAY.
  THUNDERSTORM
  HEAVY RAIN
  RAIN
  LIGHT RAIN
  FOG


RELATIVE HUMIDITY (PERCENT)
 HIGHEST    94
 LOWEST     40
 AVERAGE    67

..........................................................


THE EMPORIA KS CLIMATE NORMALS FOR TODAY
                         NORMAL
 MAXIMUM TEMPERATURE (F)   91
 MINIMUM TEMPERATURE (F)   69


SUNRISE AND SUNSET
JULY 24 2014..........SUNRISE   620 AM CDT   SUNSET   842 PM CDT
JULY 25 2014..........SUNRISE   621 AM CDT   SUNSET   841 PM CDT


-  INDICATES NEGATIVE NUMBERS.
R  INDICATES RECORD WAS SET OR TIED.
MM INDICATES DATA IS MISSING.
T  INDICATES TRACE AMOUNT.




$$
