000
CDUS43 KTOP 230652
CLIEMP


CLIMATE REPORT
NATIONAL WEATHER SERVICE TOPEKA KS
152 AM CDT SUN APR 23 2017


...................................

...THE EMPORIA KS CLIMATE SUMMARY FOR APRIL 22 2017...

CLIMATE NORMAL PERIOD 1981 TO 2010
CLIMATE RECORD PERIOD 9999 TO 9999


WEATHER ITEM   OBSERVED NORMAL DEPARTURE LAST
                VALUE   VALUE  FROM      YEAR
                               NORMAL
...............................................
TEMPERATURE (F)
 YESTERDAY
  MAXIMUM         64     70     -6       69
  MINIMUM         44     46     -2       48
  AVERAGE         54     58     -4       59

PRECIPITATION (IN)
  YESTERDAY        0.03   0.13  -0.10     0.00
  MONTH TO DATE    4.24   2.17   2.07     2.33
  SINCE MAR 1      8.43   4.70   3.73     3.93
  SINCE JAN 1     10.17   6.56   3.61     5.10

DEGREE DAYS
 HEATING
  YESTERDAY       11      8      3        6
  MONTH TO DATE  152    245    -93      180
  SINCE MAR 1    628    855   -227      623
  SINCE JUL 1   3719   4677   -958     3736

 COOLING
  YESTERDAY        0      1     -1        0
  MONTH TO DATE   30     16     14        7
  SINCE MAR 1     42     18     24        8
  SINCE JAN 1     42     18     24        8
...............................................


WIND (MPH)
  HIGHEST WIND SPEED    22   HIGHEST WIND DIRECTION     N (10)
  HIGHEST GUST SPEED    28   HIGHEST GUST DIRECTION     N (10)
  AVERAGE WIND SPEED    11.2


SKY COVER
  AVERAGE SKY COVER 0.6


WEATHER CONDITIONS
 THE FOLLOWING WEATHER WAS RECORDED YESTERDAY.
  LIGHT RAIN


RELATIVE HUMIDITY (PERCENT)
 HIGHEST   100
 LOWEST     36
 AVERAGE    68

..........................................................


THE EMPORIA KS CLIMATE NORMALS FOR TODAY
                         NORMAL
 MAXIMUM TEMPERATURE (F)   70
 MINIMUM TEMPERATURE (F)   47


SUNRISE AND SUNSET
APRIL 23 2017.........SUNRISE   638 AM CDT   SUNSET   809 PM CDT
APRIL 24 2017.........SUNRISE   636 AM CDT   SUNSET   810 PM CDT


-  INDICATES NEGATIVE NUMBERS.
R  INDICATES RECORD WAS SET OR TIED.
MM INDICATES DATA IS MISSING.
T  INDICATES TRACE AMOUNT.




$$
