000
CDUS46 KOTX 280827
CLIEPH


CLIMATE REPORT
NATIONAL WEATHER SERVICE SPOKANE, WA
1227 AM PST WED JAN 28 2015


...................................

...THE EPHRATA WA AIRPORT CLIMATE SUMMARY FOR JANUARY 27 2015...

CLIMATE NORMAL PERIOD 1981 TO 2010
CLIMATE RECORD PERIOD 9999 TO 9999


WEATHER ITEM   OBSERVED TIME   RECORD YEAR NORMAL DEPARTURE LAST
                VALUE   (LST)  VALUE       VALUE  FROM      YEAR
                                                  NORMAL
..................................................................
TEMPERATURE (F)
 YESTERDAY
  MAXIMUM         41    230 PM  54    1984  38      3       35
  MINIMUM         32    431 AM -20    1957  24      8       29
  AVERAGE         37                        31      6       32

PRECIPITATION (IN)
  YESTERDAY        0.00          0.40 1954   0.02  -0.02     0.00
  MONTH TO DATE    0.71                      0.81  -0.10     0.02
  SINCE OCT 1      3.50                      3.64  -0.14     0.77
  SINCE JAN 1      0.71                      0.81  -0.10     0.02

SNOWFALL (IN)
  YESTERDAY       MM

DEGREE DAYS
 HEATING
  YESTERDAY       28                        34     -6       33
  MONTH TO DATE  878                       986   -108      879
  SINCE DEC 1   1806                      2153   -347     2095
  SINCE JUL 1   2953                      3572   -619     3464

 COOLING
  YESTERDAY        0                         0      0        0
  MONTH TO DATE    0                         0      0        0
  SINCE DEC 1      0                         0      0        0
  SINCE JAN 1      0                         0      0        0
..................................................................


WIND (MPH)
  HIGHEST WIND SPEED     9   HIGHEST WIND DIRECTION    SW (220)
  HIGHEST GUST SPEED    11   HIGHEST GUST DIRECTION    SW (220)
  AVERAGE WIND SPEED     3.8


SKY COVER
  POSSIBLE SUNSHINE  MM
  AVERAGE SKY COVER 1.0


WEATHER CONDITIONS
 THE FOLLOWING WEATHER WAS RECORDED YESTERDAY.
  FOG
  FOG W/VISIBILITY <= 1/4 MILE


RELATIVE HUMIDITY (PERCENT)
 HIGHEST   100          1200 AM
 LOWEST     79           100 PM
 AVERAGE    90

..........................................................


THE EPHRATA WA AIRPORT CLIMATE NORMALS FOR TODAY
                         NORMAL    RECORD    YEAR
 MAXIMUM TEMPERATURE (F)   38        55      1958
 MINIMUM TEMPERATURE (F)   24       -13      1957


SUNRISE AND SUNSET
JANUARY 28 2015.......SUNRISE   729 AM PST   SUNSET   454 PM PST
JANUARY 29 2015.......SUNRISE   728 AM PST   SUNSET   455 PM PST


-  INDICATES NEGATIVE NUMBERS.
R  INDICATES RECORD WAS SET OR TIED.
MM INDICATES DATA IS MISSING.
T  INDICATES TRACE AMOUNT.




$$
