000
CDUS46 KOTX 240818
CLIEPH


CLIMATE REPORT
NATIONAL WEATHER SERVICE SPOKANE, WA
116 AM PDT SUN MAY 24 2015


...................................

...THE EPHRATA WA AIRPORT CLIMATE SUMMARY FOR MAY 23 2015...

CLIMATE NORMAL PERIOD 1981 TO 2010
CLIMATE RECORD PERIOD 9999 TO 9999


WEATHER ITEM   OBSERVED TIME   RECORD YEAR NORMAL DEPARTURE LAST
                VALUE   (LST)  VALUE       VALUE  FROM      YEAR
                                                  NORMAL
..................................................................
TEMPERATURE (F)
 YESTERDAY
  MAXIMUM         84        MM  98    2001  75      9       81
  MINIMUM         60        MM  32    1964  49     11       60
  AVERAGE         72                        62     10       71

PRECIPITATION (IN)
  YESTERDAY        T             0.37 1989   0.02  -0.02     0.00
  MONTH TO DATE    0.91                      0.44   0.47     0.08
  SINCE OCT 1      6.58                      6.08   0.50     3.54
  SINCE JAN 1      3.79                      3.25   0.54     2.79

SNOWFALL (IN)
  YESTERDAY       MM

DEGREE DAYS
 HEATING
  YESTERDAY        0                         5     -5        0
  MONTH TO DATE   74                       178   -104       93
  SINCE MAR 1    983                      1302   -319     1134
  SINCE JUL 1   4677                      5875  -1198     5716

 COOLING
  YESTERDAY        7                         1      6        6
  MONTH TO DATE   38                        20     18       36
  SINCE MAR 1     38                        22     16       36
  SINCE JAN 1     38                        22     16       36
..................................................................


WIND (MPH)
  HIGHEST WIND SPEED    14   HIGHEST WIND DIRECTION     W (290)
  HIGHEST GUST SPEED    31   HIGHEST GUST DIRECTION    NW (300)
  AVERAGE WIND SPEED     7.0


SKY COVER
  POSSIBLE SUNSHINE   0 PERCENT
  AVERAGE SKY COVER 0.0


WEATHER CONDITIONS
 THE FOLLOWING WEATHER WAS RECORDED YESTERDAY.
  NO SIGNIFICANT WEATHER WAS OBSERVED.


RELATIVE HUMIDITY (PERCENT)
 HIGHEST     0          1200 AM
 LOWEST      0          1200 AM
 AVERAGE     0

..........................................................


THE EPHRATA WA AIRPORT CLIMATE NORMALS FOR TODAY
                         NORMAL    RECORD    YEAR
 MAXIMUM TEMPERATURE (F)   75        93      2001
                                             1999
 MINIMUM TEMPERATURE (F)   49        33      1989


SUNRISE AND SUNSET
MAY 24 2015...........SUNRISE   512 AM PDT   SUNSET   838 PM PDT
MAY 25 2015...........SUNRISE   511 AM PDT   SUNSET   839 PM PDT


-  INDICATES NEGATIVE NUMBERS.
R  INDICATES RECORD WAS SET OR TIED.
MM INDICATES DATA IS MISSING.
T  INDICATES TRACE AMOUNT.




$$
