624
CDUS46 KOTX 250925
CLIEPH


CLIMATE REPORT
NATIONAL WEATHER SERVICE SPOKANE, WA
224 AM PDT SUN SEP 25 2016


...................................

...THE EPHRATA WA AIRPORT CLIMATE SUMMARY FOR SEPTEMBER 24 2016...

CLIMATE NORMAL PERIOD 1981 TO 2010
CLIMATE RECORD PERIOD 9999 TO 9999


WEATHER ITEM   OBSERVED TIME   RECORD YEAR NORMAL DEPARTURE LAST
                VALUE   (LST)  VALUE       VALUE  FROM      YEAR
                                                  NORMAL
..................................................................
TEMPERATURE (F)
 YESTERDAY
  MAXIMUM         71    333 PM  91    2011  75     -4       79
                                      1994
  MINIMUM         38    545 AM  33    1958  47     -9       48
  AVERAGE         55                        61     -6       64

PRECIPITATION (IN)
  YESTERDAY        0.00          0.19 2014   0.01  -0.01     0.00
  MONTH TO DATE    0.07                      0.27  -0.20     0.16
  SINCE OCT 1      9.08                      7.76   1.32     7.15
  SINCE JAN 1      6.36                      4.93   1.43     4.36

SNOWFALL (IN)
  YESTERDAY       MM

DEGREE DAYS
 HEATING
  YESTERDAY       10                         6      4        1
  MONTH TO DATE   84                        69     15       88
  SINCE SEP 1     84                        69     15       88
  SINCE JUL 1     86                        86      0       88

 COOLING
  YESTERDAY        0                         1     -1        0
  MONTH TO DATE    7                        69    -62       40
  SINCE SEP 1      7                        69    -62       40
  SINCE JAN 1    739                       763    -24     1274
..................................................................


WIND (MPH)
  HIGHEST WIND SPEED    16   HIGHEST WIND DIRECTION    NW (300)
  HIGHEST GUST SPEED    21   HIGHEST GUST DIRECTION     W (290)
  AVERAGE WIND SPEED     4.7


SKY COVER
  POSSIBLE SUNSHINE  MM
  AVERAGE SKY COVER 0.1


WEATHER CONDITIONS
 THE FOLLOWING WEATHER WAS RECORDED YESTERDAY.
  NO SIGNIFICANT WEATHER WAS OBSERVED.


RELATIVE HUMIDITY (PERCENT)
 HIGHEST    92           600 AM
 LOWEST     30           500 PM
 AVERAGE    61

..........................................................


THE EPHRATA WA AIRPORT CLIMATE NORMALS FOR TODAY
                         NORMAL    RECORD    YEAR
 MAXIMUM TEMPERATURE (F)   74        92      1952
 MINIMUM TEMPERATURE (F)   47        34      1970


SUNRISE AND SUNSET
SEPTEMBER 25 2016.....SUNRISE   650 AM PDT   SUNSET   648 PM PDT
SEPTEMBER 26 2016.....SUNRISE   651 AM PDT   SUNSET   646 PM PDT


-  INDICATES NEGATIVE NUMBERS.
R  INDICATES RECORD WAS SET OR TIED.
MM INDICATES DATA IS MISSING.
T  INDICATES TRACE AMOUNT.




$$
