000
CDUS46 KOTX 200828
CLIEPH


CLIMATE REPORT
NATIONAL WEATHER SERVICE SPOKANE, WA
1228 AM PST MON FEB 20 2017


...................................

...THE EPHRATA WA AIRPORT CLIMATE SUMMARY FOR FEBRUARY 19 2017...

CLIMATE NORMAL PERIOD 1981 TO 2010
CLIMATE RECORD PERIOD 9999 TO 9999


WEATHER ITEM   OBSERVED TIME   RECORD YEAR NORMAL DEPARTURE LAST
                VALUE   (LST)  VALUE       VALUE  FROM      YEAR
                                                  NORMAL
..................................................................
TEMPERATURE (F)
 YESTERDAY
  MAXIMUM         38    357 PM  61    1991  44     -6       49
  MINIMUM         31   1153 PM   7    1986  26      5       36
  AVERAGE         35                        35      0       43

PRECIPITATION (IN)
  YESTERDAY        0.04          0.48 1981   0.03   0.01     0.15
  MONTH TO DATE    0.50                      0.49   0.01     0.38
  SINCE OCT 1      5.06                      4.23   0.83     4.74
  SINCE JAN 1      1.46                      1.40   0.06     2.02

SNOWFALL (IN)
  YESTERDAY       MM

DEGREE DAYS
 HEATING
  YESTERDAY       30                        30      0       22
  MONTH TO DATE  726                       607    119      498
  SINCE DEC 1   3357                      2896    461     2568
  SINCE JUL 1   4480                      4315    165     3724

 COOLING
  YESTERDAY        0                         0      0        0
  MONTH TO DATE    0                         0      0        0
  SINCE DEC 1      0                         0      0        0
  SINCE JAN 1      0                         0      0        0
..................................................................


WIND (MPH)
  HIGHEST WIND SPEED    14   HIGHEST WIND DIRECTION     N (10)
  HIGHEST GUST SPEED    14   HIGHEST GUST DIRECTION     N (10)
  AVERAGE WIND SPEED     4.2


SKY COVER
  POSSIBLE SUNSHINE  MM
  AVERAGE SKY COVER 0.9


WEATHER CONDITIONS
 THE FOLLOWING WEATHER WAS RECORDED YESTERDAY.
  LIGHT RAIN
  LIGHT SNOW
  FOG
  FOG W/VISIBILITY <= 1/4 MILE
  HAZE


RELATIVE HUMIDITY (PERCENT)
 HIGHEST    89          1200 AM
 LOWEST     75           600 PM
 AVERAGE    82

..........................................................


THE EPHRATA WA AIRPORT CLIMATE NORMALS FOR TODAY
                         NORMAL    RECORD    YEAR
 MAXIMUM TEMPERATURE (F)   44        62      1982
 MINIMUM TEMPERATURE (F)   26        -2      1986


SUNRISE AND SUNSET
FEBRUARY 20 2017......SUNRISE   654 AM PST   SUNSET   530 PM PST
FEBRUARY 21 2017......SUNRISE   652 AM PST   SUNSET   532 PM PST


-  INDICATES NEGATIVE NUMBERS.
R  INDICATES RECORD WAS SET OR TIED.
MM INDICATES DATA IS MISSING.
T  INDICATES TRACE AMOUNT.




$$
