000
CDUS46 KOTX 270828
CLIEPH


CLIMATE REPORT
NATIONAL WEATHER SERVICE SPOKANE, WA
127 AM PDT WED AUG 27 2014


...................................

...THE EPHRATA WA AIRPORT CLIMATE SUMMARY FOR AUGUST 26 2014...

CLIMATE NORMAL PERIOD 1981 TO 2010
CLIMATE RECORD PERIOD 9999 TO 9999


WEATHER ITEM   OBSERVED TIME   RECORD YEAR NORMAL DEPARTURE LAST
                VALUE   (LST)  VALUE       VALUE  FROM      YEAR
                                                  NORMAL
..................................................................
TEMPERATURE (F)
 YESTERDAY
  MAXIMUM         89    301 PM  97    1972  85      4       78
  MINIMUM         57    501 AM  46    1991  56      1       56
  AVERAGE         73                        70      3       67

PRECIPITATION (IN)
  YESTERDAY        0.00          0.31 1968   0.01  -0.01     0.00
  MONTH TO DATE    0.83                      0.17   0.66     0.63
  SINCE OCT 1      4.64                      7.47  -2.83     8.04
  SINCE JAN 1      3.89                      4.64  -0.75     4.24

SNOWFALL (IN)
  YESTERDAY       MM            MM      MM   0.0   MM       MM
  MONTH TO DATE   MM                         0.0   MM       MM
  SINCE JUN 1     MM                         0.0   MM       MM
  SINCE JUL 1     MM                         0.0   MM       MM
  SNOW DEPTH      MM

DEGREE DAYS
 HEATING
  YESTERDAY        0                         0      0        0
  MONTH TO DATE    0                         0      0        0
  SINCE JUN 1     24                        68    -44       58
  SINCE JUL 1      1                         8     -7        0

 COOLING
  YESTERDAY        8                         6      2        2
  MONTH TO DATE  334                       227    107      266
  SINCE JUN 1    953                       630    323      826
  SINCE JAN 1    997                       667    330      883
..................................................................


WIND (MPH)
  HIGHEST WIND SPEED    14   HIGHEST WIND DIRECTION    SW (210)
  HIGHEST GUST SPEED    19   HIGHEST GUST DIRECTION    SW (210)
  AVERAGE WIND SPEED     4.8


SKY COVER
  POSSIBLE SUNSHINE  MM
  AVERAGE SKY COVER 0.0


WEATHER CONDITIONS
 THE FOLLOWING WEATHER WAS RECORDED YESTERDAY.
  NO SIGNIFICANT WEATHER WAS OBSERVED.


RELATIVE HUMIDITY (PERCENT)
 HIGHEST    72           600 AM
 LOWEST     22           200 PM
 AVERAGE    47

..........................................................


THE EPHRATA WA AIRPORT CLIMATE NORMALS FOR TODAY
                         NORMAL    RECORD    YEAR
 MAXIMUM TEMPERATURE (F)   84       101      1972
 MINIMUM TEMPERATURE (F)   56        49      1993


SUNRISE AND SUNSET
AUGUST 27 2014........SUNRISE   610 AM PDT   SUNSET   748 PM PDT
AUGUST 28 2014........SUNRISE   612 AM PDT   SUNSET   746 PM PDT


-  INDICATES NEGATIVE NUMBERS.
R  INDICATES RECORD WAS SET OR TIED.
MM INDICATES DATA IS MISSING.
T  INDICATES TRACE AMOUNT.




$$
