000
CDUS46 KOTX 230827
CLIEPH


CLIMATE REPORT
NATIONAL WEATHER SERVICE SPOKANE, WA
1227 AM PST THU NOV 23 2017


...................................

...THE EPHRATA WA AIRPORT CLIMATE SUMMARY FOR NOVEMBER 22 2017...

CLIMATE NORMAL PERIOD 1981 TO 2010
CLIMATE RECORD PERIOD 9999 TO 9999


WEATHER ITEM   OBSERVED TIME   RECORD YEAR NORMAL DEPARTURE LAST
                VALUE   (LST)  VALUE       VALUE  FROM      YEAR
                                                  NORMAL
..................................................................
TEMPERATURE (F)
 YESTERDAY
  MAXIMUM         49    323 PM  62    1990  42      7       42
  MINIMUM         37    900 PM   6    1985  27     10       36
  AVERAGE         43                        34      9       39

PRECIPITATION (IN)
  YESTERDAY        0.00          0.20 1985   0.04  -0.04     0.03
  MONTH TO DATE    1.19                      0.75   0.44     0.60
  SINCE OCT 1      1.94                      1.28   0.66     3.12
  SINCE JAN 1      7.84                      6.30   1.54     9.48

SNOWFALL (IN)
  YESTERDAY       MM

DEGREE DAYS
 HEATING
  YESTERDAY       22                        31     -9       26
  MONTH TO DATE  573                       579     -6      403
  SINCE SEP 1   1174                      1143     31      935
  SINCE JUL 1   1174                      1160     14      937

 COOLING
  YESTERDAY        0                         0      0        0
  MONTH TO DATE    0                         0      0        0
  SINCE SEP 1    101                        78     23       19
  SINCE JAN 1   1072                       772    300      751
..................................................................


WIND (MPH)
  HIGHEST WIND SPEED     9   HIGHEST WIND DIRECTION    SW (220)
  HIGHEST GUST SPEED    11   HIGHEST GUST DIRECTION    SW (220)
  AVERAGE WIND SPEED     3.4


SKY COVER
  POSSIBLE SUNSHINE  MM
  AVERAGE SKY COVER 0.8


WEATHER CONDITIONS
 THE FOLLOWING WEATHER WAS RECORDED YESTERDAY.
  FOG
  FOG W/VISIBILITY <= 1/4 MILE
  HAZE


RELATIVE HUMIDITY (PERCENT)
 HIGHEST    86           500 PM
 LOWEST     76          1000 AM
 AVERAGE    81

..........................................................


THE EPHRATA WA AIRPORT CLIMATE NORMALS FOR TODAY
                         NORMAL    RECORD    YEAR
 MAXIMUM TEMPERATURE (F)   41        64      1986
 MINIMUM TEMPERATURE (F)   27       -15      1985


SUNRISE AND SUNSET
NOVEMBER 23 2017......SUNRISE   714 AM PST   SUNSET   415 PM PST
NOVEMBER 24 2017......SUNRISE   716 AM PST   SUNSET   414 PM PST


-  INDICATES NEGATIVE NUMBERS.
R  INDICATES RECORD WAS SET OR TIED.
MM INDICATES DATA IS MISSING.
T  INDICATES TRACE AMOUNT.




$$
