000
CDUS46 KOTX 230830
CLIEPH


CLIMATE REPORT
NATIONAL WEATHER SERVICE SPOKANE, WA
1229 AM PST MON JAN 23 2017


...................................

...THE EPHRATA WA AIRPORT CLIMATE SUMMARY FOR JANUARY 22 2017...

CLIMATE NORMAL PERIOD 1981 TO 2010
CLIMATE RECORD PERIOD 9999 TO 9999


WEATHER ITEM   OBSERVED TIME   RECORD YEAR NORMAL DEPARTURE LAST
                VALUE   (LST)  VALUE       VALUE  FROM      YEAR
                                                  NORMAL
..................................................................
TEMPERATURE (F)
 YESTERDAY
  MAXIMUM         37   1143 AM  51    1981  36      1       49
  MINIMUM         29    932 PM  -5    2008  23      6       31
  AVERAGE         33                        30      3       40

PRECIPITATION (IN)
  YESTERDAY        0.21          0.59 1999   0.02   0.19     0.01
  MONTH TO DATE    0.95                      0.68   0.27     1.41
  SINCE OCT 1      4.55                      3.51   1.04     4.13
  SINCE JAN 1      0.95                      0.68   0.27     1.41

SNOWFALL (IN)
  YESTERDAY       MM

DEGREE DAYS
 HEATING
  YESTERDAY       32                        35     -3       25
  MONTH TO DATE 1027                       812    215      760
  SINCE DEC 1   2317                      1979    338     1803
  SINCE JUL 1   3440                      3398     42     2959

 COOLING
  YESTERDAY        0                         0      0        0
  MONTH TO DATE    0                         0      0        0
  SINCE DEC 1      0                         0      0        0
  SINCE JAN 1      0                         0      0        0
..................................................................


WIND (MPH)
  HIGHEST WIND SPEED    16   HIGHEST WIND DIRECTION     N (10)
  HIGHEST GUST SPEED    18   HIGHEST GUST DIRECTION     N (10)
  AVERAGE WIND SPEED     6.9


SKY COVER
  POSSIBLE SUNSHINE  MM
  AVERAGE SKY COVER 0.8


WEATHER CONDITIONS
 THE FOLLOWING WEATHER WAS RECORDED YESTERDAY.
  LIGHT RAIN
  LIGHT SNOW
  FOG
  FOG W/VISIBILITY <= 1/4 MILE
  HAZE


RELATIVE HUMIDITY (PERCENT)
 HIGHEST    89           100 AM
 LOWEST     70          1000 AM
 AVERAGE    80

..........................................................


THE EPHRATA WA AIRPORT CLIMATE NORMALS FOR TODAY
                         NORMAL    RECORD    YEAR
 MAXIMUM TEMPERATURE (F)   37        51      1981
 MINIMUM TEMPERATURE (F)   23       -12      1969


SUNRISE AND SUNSET
JANUARY 23 2017.......SUNRISE   734 AM PST   SUNSET   447 PM PST
JANUARY 24 2017.......SUNRISE   733 AM PST   SUNSET   448 PM PST


-  INDICATES NEGATIVE NUMBERS.
R  INDICATES RECORD WAS SET OR TIED.
MM INDICATES DATA IS MISSING.
T  INDICATES TRACE AMOUNT.




$$
