000
CDUS46 KOTX 260825
CLIEPH


CLIMATE REPORT
NATIONAL WEATHER SERVICE SPOKANE, WA
125 AM PDT TUE JUL 26 2016


...................................

...THE EPHRATA WA AIRPORT CLIMATE SUMMARY FOR JULY 25 2016...

CLIMATE NORMAL PERIOD 1981 TO 2010
CLIMATE RECORD PERIOD 9999 TO 9999


WEATHER ITEM   OBSERVED TIME   RECORD YEAR NORMAL DEPARTURE LAST
                VALUE   (LST)  VALUE       VALUE  FROM      YEAR
                                                  NORMAL
..................................................................
TEMPERATURE (F)
 YESTERDAY
  MAXIMUM         97    325 PM 105    1984  90      7       80
  MINIMUM         60    433 AM  50    2014  62     -2       58
                                      1966
  AVERAGE         79                        76      3       69

PRECIPITATION (IN)
  YESTERDAY        0.00          0.47 1990   0.02  -0.02     0.00
  MONTH TO DATE    0.28                      0.33  -0.05     0.01
  SINCE OCT 1      8.97                      7.23   1.74     6.86
  SINCE JAN 1      6.25                      4.40   1.85     4.07

SNOWFALL (IN)
  YESTERDAY       MM

DEGREE DAYS
 HEATING
  YESTERDAY        0                         0      0        0
  MONTH TO DATE    0                         4     -4        0
  SINCE JUN 1     70                        64      6        4
  SINCE JUL 1      0                         4     -4        0

 COOLING
  YESTERDAY       14                        11      3        4
  MONTH TO DATE  150                       228    -78      398
  SINCE JUN 1    325                       338    -13      771
  SINCE JAN 1    357                       375    -18      856
..................................................................


WIND (MPH)
  HIGHEST WIND SPEED    18   HIGHEST WIND DIRECTION     N (340)
  HIGHEST GUST SPEED    23   HIGHEST GUST DIRECTION    NW (330)
  AVERAGE WIND SPEED     6.6


SKY COVER
  POSSIBLE SUNSHINE  MM
  AVERAGE SKY COVER 0.0


WEATHER CONDITIONS
 THE FOLLOWING WEATHER WAS RECORDED YESTERDAY.
  NO SIGNIFICANT WEATHER WAS OBSERVED.


RELATIVE HUMIDITY (PERCENT)
 HIGHEST    65           500 AM
 LOWEST     16           500 PM
 AVERAGE    41

..........................................................


THE EPHRATA WA AIRPORT CLIMATE NORMALS FOR TODAY
                         NORMAL    RECORD    YEAR
 MAXIMUM TEMPERATURE (F)   90       106      1998
 MINIMUM TEMPERATURE (F)   62        52      2015
                                             2011


SUNRISE AND SUNSET
JULY 26 2016..........SUNRISE   530 AM PDT   SUNSET   839 PM PDT
JULY 27 2016..........SUNRISE   531 AM PDT   SUNSET   837 PM PDT


-  INDICATES NEGATIVE NUMBERS.
R  INDICATES RECORD WAS SET OR TIED.
MM INDICATES DATA IS MISSING.
T  INDICATES TRACE AMOUNT.




$$
