000
CDUS41 KCLE 170526
CLIERI


CLIMATE REPORT
NATIONAL WEATHER SERVICE CLEVELAND OH
1226 AM EST WED JAN 17 2018


...................................

...THE ERIE PA CLIMATE SUMMARY FOR JANUARY 16 2018...

CLIMATE NORMAL PERIOD 1981 TO 2010
CLIMATE RECORD PERIOD 1873 TO 2018


WEATHER ITEM   OBSERVED TIME   RECORD YEAR NORMAL DEPARTURE LAST
                VALUE   (LST)  VALUE       VALUE  FROM      YEAR
                                                  NORMAL
..................................................................
TEMPERATURE (F)
 YESTERDAY
  MAXIMUM         26    325 AM  60    1953  34     -8       40
  MINIMUM         12   1159 PM  -8    1982  21     -9       22
  AVERAGE         19                        27     -8       31

PRECIPITATION (IN)
  YESTERDAY        T                         0.09  -0.09     0.03
  MONTH TO DATE    1.66                      1.64   0.02     2.86
  SINCE DEC 1      9.21                      5.38   3.83     6.74
  SINCE JAN 1      1.66                      1.64   0.02     2.86

SNOWFALL (IN)
  YESTERDAY        0.5                       1.0   -0.5      0.0
  MONTH TO DATE   16.4                      16.3    0.1     20.2
  SINCE DEC 1    137.7                      43.8   93.9     42.4
  SINCE JUL 1    138.2                      52.5   85.7     44.8
  SNOW DEPTH       3

DEGREE DAYS
 HEATING
  YESTERDAY       46                        38      8       34
  MONTH TO DATE  704                       600    104      569
  SINCE DEC 1   1833                      1612    221     1562
  SINCE JUL 1   2830                      2768     62     2342

 COOLING
  YESTERDAY        0                         0      0        0
  MONTH TO DATE    0                         0      0        0
  SINCE DEC 1      0                         0      0        0
  SINCE JAN 1      0                         0      0        0
..................................................................


WIND (MPH)
  HIGHEST WIND SPEED    15   HIGHEST WIND DIRECTION     W (260)
  HIGHEST GUST SPEED    21   HIGHEST GUST DIRECTION     W (260)
  AVERAGE WIND SPEED     8.4


SKY COVER
  POSSIBLE SUNSHINE  MM
  AVERAGE SKY COVER 1.0


WEATHER CONDITIONS
 THE FOLLOWING WEATHER WAS RECORDED YESTERDAY.
  LIGHT SNOW
  FOG
  HAZE


RELATIVE HUMIDITY (PERCENT)
 HIGHEST    88           100 PM
 LOWEST     70           700 PM
 AVERAGE    79

..........................................................


THE ERIE PA CLIMATE NORMALS FOR TODAY
                         NORMAL    RECORD    YEAR
 MAXIMUM TEMPERATURE (F)   34        58      2017
                                             1952
                                             1913
 MINIMUM TEMPERATURE (F)   21       -15      1982


SUNRISE AND SUNSET
JANUARY 17 2018.......SUNRISE   745 AM EST   SUNSET   517 PM EST
JANUARY 18 2018.......SUNRISE   745 AM EST   SUNSET   518 PM EST


-  INDICATES NEGATIVE NUMBERS.
R  INDICATES RECORD WAS SET OR TIED.
MM INDICATES DATA IS MISSING.
T  INDICATES TRACE AMOUNT.




$$
