000
CDUS46 KPQR 251144
CLIEUG


CLIMATE REPORT
NATIONAL WEATHER SERVICE PORTLAND OREGON
344 AM PST SAT FEB 25 2017


...................................

...THE EUGENE OR CLIMATE SUMMARY FOR FEBRUARY 24 2017...

CLIMATE NORMAL PERIOD 1981 TO 2010
CLIMATE RECORD PERIOD 1892 TO 2017


WEATHER ITEM   OBSERVED TIME   RECORD YEAR NORMAL DEPARTURE LAST
                VALUE   (LST)  VALUE       VALUE  FROM      YEAR
                                                  NORMAL
..................................................................
TEMPERATURE (F)
 YESTERDAY
  MAXIMUM         41    528 PM  67    1992  53    -12       63
  MINIMUM         28    203 AM  23    1913  35     -7       39
  AVERAGE         35                        44     -9       51

PRECIPITATION (IN)
  YESTERDAY        0.02          1.76 1958   0.19  -0.17      T
  MONTH TO DATE    8.80                      4.68   4.12     2.02
  SINCE OCT 1     32.44                     30.35   2.09    28.18
  SINCE JAN 1     12.85                     11.55   1.30     9.34

SNOWFALL (IN)
  YESTERDAY        0.0
  MONTH TO DATE    0.0
  SINCE DEC 1      5.1
  SINCE JUL 1      5.1

DEGREE DAYS
 HEATING
  YESTERDAY       30                        21      9       14
  MONTH TO DATE  506                       534    -28      421
  SINCE DEC 1   2267                      2071    196     1742
  SINCE JUL 1   3100                      3244   -144     2723

 COOLING
  YESTERDAY        0                         0      0        0
  MONTH TO DATE    0                         0      0        0
  SINCE DEC 1      0                         0      0        0
  SINCE JAN 1      0                         0      0        0
..................................................................


WIND (MPH)
  HIGHEST WIND SPEED    20   HIGHEST WIND DIRECTION     S (190)
  HIGHEST GUST SPEED    25   HIGHEST GUST DIRECTION     S (180)
  AVERAGE WIND SPEED     8.2


SKY COVER
  POSSIBLE SUNSHINE  MM
  AVERAGE SKY COVER 0.9


WEATHER CONDITIONS
 THE FOLLOWING WEATHER WAS RECORDED YESTERDAY.
  LIGHT RAIN
  FOG


RELATIVE HUMIDITY (PERCENT)
 HIGHEST   100          1200 AM
 LOWEST     79           500 PM
 AVERAGE    90

..........................................................


THE EUGENE OR CLIMATE NORMALS FOR TODAY
                         NORMAL    RECORD    YEAR
 MAXIMUM TEMPERATURE (F)   53        68      1968
 MINIMUM TEMPERATURE (F)   35        23      1962


SUNRISE AND SUNSET
FEBRUARY 25 2017......SUNRISE   656 AM PST   SUNSET   556 PM PST
FEBRUARY 26 2017......SUNRISE   654 AM PST   SUNSET   558 PM PST


-  INDICATES NEGATIVE NUMBERS.
R  INDICATES RECORD WAS SET OR TIED.
MM INDICATES DATA IS MISSING.
T  INDICATES TRACE AMOUNT.




$$
