000
CDUS46 KPQR 260228
CLIEUG


CLIMATE REPORT
NATIONAL WEATHER SERVICE PORTLAND OREGON
728 PM PDT MON JUL 25 2016


...................................

...THE EUGENE OR CLIMATE SUMMARY FOR JULY 25 2016...
VALID TODAY AS OF 0700 PM LOCAL TIME.

CLIMATE NORMAL PERIOD 1981 TO 2010
CLIMATE RECORD PERIOD 1892 TO 2016


WEATHER ITEM   OBSERVED TIME   RECORD YEAR NORMAL DEPARTURE LAST
                VALUE   (LST)  VALUE       VALUE  FROM      YEAR
                                                  NORMAL
..................................................................
TEMPERATURE (F)
 TODAY
  MAXIMUM         90    423 PM 101    1978  84      6       75
  MINIMUM         55    449 AM  44    1957  52      3       57
                                      1948
                                      1936
  AVERAGE         73                        68      5       66

PRECIPITATION (IN)
  TODAY            0.00          0.27 1984   0.01  -0.01     0.00
  MONTH TO DATE    0.25                      0.47  -0.22     0.04
  SINCE OCT 1     39.80                     44.13  -4.33    29.45
  SINCE JAN 1     20.96                     25.33  -4.37    12.40

SNOWFALL (IN)
  TODAY            0.0
  MONTH TO DATE    0.0
  SINCE JUN 1      0.0
  SINCE JUL 1      0.0

DEGREE DAYS
 HEATING
  TODAY            0                         1     -1        0
  MONTH TO DATE   10                        34    -24        2
  SINCE JUN 1    110                       191    -81       43
  SINCE JUL 1     10                        34    -24        2

 COOLING
  TODAY            8                         4      4        1
  MONTH TO DATE   44                        73    -29      162
  SINCE JUN 1    109                        92     17      275
  SINCE JAN 1    112                        97     15      280
..................................................................


WIND (MPH)
  HIGHEST WIND SPEED    14   HIGHEST WIND DIRECTION     N (340)
  HIGHEST GUST SPEED    17   HIGHEST GUST DIRECTION     N (360)
  AVERAGE WIND SPEED     5.6


SKY COVER
  POSSIBLE SUNSHINE  MM
  AVERAGE SKY COVER 0.3


WEATHER CONDITIONS
 THE FOLLOWING WEATHER WAS RECORDED TODAY.
  NO SIGNIFICANT WEATHER WAS OBSERVED.


RELATIVE HUMIDITY (PERCENT)
 HIGHEST    93           500 AM
 LOWEST     36           300 PM
 AVERAGE    65

..........................................................


THE EUGENE OR CLIMATE NORMALS FOR TOMORROW
                         NORMAL    RECORD    YEAR
 MAXIMUM TEMPERATURE (F)   84       102      1998
 MINIMUM TEMPERATURE (F)   52        42      1953
                                             1919


SUNRISE AND SUNSET
JULY 25 2016..........SUNRISE   554 AM PDT   SUNSET   844 PM PDT
JULY 26 2016..........SUNRISE   555 AM PDT   SUNSET   843 PM PDT


-  INDICATES NEGATIVE NUMBERS.
R  INDICATES RECORD WAS SET OR TIED.
MM INDICATES DATA IS MISSING.
T  INDICATES TRACE AMOUNT.




$$
