810
CDUS46 KPQR 230221
CLIEUG


CLIMATE REPORT
NATIONAL WEATHER SERVICE PORTLAND OREGON
720 PM PDT TUE AUG 22 2017


...................................

...THE EUGENE OR CLIMATE SUMMARY FOR AUGUST 22 2017...
VALID TODAY AS OF 0700 PM LOCAL TIME.

CLIMATE NORMAL PERIOD 1981 TO 2010
CLIMATE RECORD PERIOD 1892 TO 2017


WEATHER ITEM   OBSERVED TIME   RECORD YEAR NORMAL DEPARTURE LAST
                VALUE   (LST)  VALUE       VALUE  FROM      YEAR
                                                  NORMAL
..................................................................
TEMPERATURE (F)
 TODAY
  MAXIMUM         87    440 PM  96    1988  82      5       80
                                      1964
                                      1942
  MINIMUM         55    617 AM  38    1955  51      4       49
  AVERAGE         71                        66      5       65

PRECIPITATION (IN)
  TODAY            0.00          0.40 1937   0.02  -0.02     0.00
  MONTH TO DATE    0.14                      0.35  -0.21      T
  SINCE OCT 1     45.20                     44.55   0.65    39.80
  SINCE JAN 1     25.61                     25.75  -0.14    20.96

SNOWFALL (IN)
  TODAY            0.0
  MONTH TO DATE    0.0
  SINCE JUN 1      0.0
  SINCE JUL 1      0.0

DEGREE DAYS
 HEATING
  TODAY            0                         1     -1        0
  MONTH TO DATE   10                        22    -12       11
  SINCE JUN 1    140                       215    -75      121
  SINCE JUL 1     15                        58    -43       21

 COOLING
  TODAY            6                         2      4        0
  MONTH TO DATE  141                        74     67      119
  SINCE JUN 1    257                       186     71      269
  SINCE JAN 1    270                       191     79      272
..................................................................


WIND (MPH)
  HIGHEST WIND SPEED    14   HIGHEST WIND DIRECTION    SW (220)
  HIGHEST GUST SPEED    17   HIGHEST GUST DIRECTION     S (190)
  AVERAGE WIND SPEED     8.1


SKY COVER
  POSSIBLE SUNSHINE  MM
  AVERAGE SKY COVER 0.3


WEATHER CONDITIONS
 THE FOLLOWING WEATHER WAS RECORDED TODAY.
  NO SIGNIFICANT WEATHER WAS OBSERVED.


RELATIVE HUMIDITY (PERCENT)
 HIGHEST    93           400 AM
 LOWEST     40           500 PM
 AVERAGE    67

..........................................................


THE EUGENE OR CLIMATE NORMALS FOR TOMORROW
                         NORMAL    RECORD    YEAR
 MAXIMUM TEMPERATURE (F)   82        96      1988
 MINIMUM TEMPERATURE (F)   51        42      1938


SUNRISE AND SUNSET
AUGUST 22 2017........SUNRISE   625 AM PDT   SUNSET   805 PM PDT
AUGUST 23 2017........SUNRISE   626 AM PDT   SUNSET   804 PM PDT


-  INDICATES NEGATIVE NUMBERS.
R  INDICATES RECORD WAS SET OR TIED.
MM INDICATES DATA IS MISSING.
T  INDICATES TRACE AMOUNT.




$$
