000
CDUS46 KPQR 021142
CLIEUG


CLIMATE REPORT
NATIONAL WEATHER SERVICE PORTLAND OREGON
441 AM PDT SUN AUG 2 2015


...................................

...THE EUGENE OR CLIMATE SUMMARY FOR AUGUST 1 2015...

CLIMATE NORMAL PERIOD 1981 TO 2010
CLIMATE RECORD PERIOD 1892 TO 2015


WEATHER ITEM   OBSERVED TIME   RECORD YEAR NORMAL DEPARTURE LAST
                VALUE   (LST)  VALUE       VALUE  FROM      YEAR
                                                  NORMAL
..................................................................
TEMPERATURE (F)
 YESTERDAY
  MAXIMUM        100R   449 PM  97    1974  84     16       93
  MINIMUM         54    431 AM  43    2002  52      2       58
                                      1980
                                      1957
  AVERAGE         77                        68      9       76

PRECIPITATION (IN)
  YESTERDAY        0.00          0.37 1989   0.01  -0.01     0.01
  MONTH TO DATE    0.00                      0.01  -0.01     0.01
  SINCE OCT 1     29.46                     44.21 -14.75    27.01
  SINCE JAN 1     12.41                     25.41 -13.00    22.82

SNOWFALL (IN)
  YESTERDAY        0.0
  MONTH TO DATE    0.0
  SINCE JUN 1      0.0
  SINCE JUL 1      0.0

DEGREE DAYS
 HEATING
  YESTERDAY        0                         1     -1        0
  MONTH TO DATE    0                         1     -1        0
  SINCE JUN 1     46                       194   -148      113
  SINCE JUL 1      5                        37    -32        6

 COOLING
  YESTERDAY       12                         4      8       11
  MONTH TO DATE   12                         4      8       11
  SINCE JUN 1    338                       116    222      210
  SINCE JAN 1    343                       121    222      213
..................................................................


WIND (MPH)
  HIGHEST WIND SPEED    18   HIGHEST WIND DIRECTION    SW (220)
  HIGHEST GUST SPEED    22   HIGHEST GUST DIRECTION    SW (220)
  AVERAGE WIND SPEED     8.0


SKY COVER
  POSSIBLE SUNSHINE  MM
  AVERAGE SKY COVER 0.5


WEATHER CONDITIONS
 THE FOLLOWING WEATHER WAS RECORDED YESTERDAY.
  NO SIGNIFICANT WEATHER WAS OBSERVED.


RELATIVE HUMIDITY (PERCENT)
 HIGHEST    64           200 AM
 LOWEST      9           500 PM
 AVERAGE    37

..........................................................


THE EUGENE OR CLIMATE NORMALS FOR TODAY
                         NORMAL    RECORD    YEAR
 MAXIMUM TEMPERATURE (F)   84        99      1939
 MINIMUM TEMPERATURE (F)   52        42      2002
                                             1914


SUNRISE AND SUNSET
AUGUST  2 2015........SUNRISE   602 AM PDT   SUNSET   836 PM PDT
AUGUST  3 2015........SUNRISE   603 AM PDT   SUNSET   835 PM PDT


-  INDICATES NEGATIVE NUMBERS.
R  INDICATES RECORD WAS SET OR TIED.
MM INDICATES DATA IS MISSING.
T  INDICATES TRACE AMOUNT.




$$
