000
CDUS46 KPQR 011146
CLIEUG


CLIMATE REPORT
NATIONAL WEATHER SERVICE PORTLAND OREGON
445 AM PDT TUE SEP 1 2015


...................................

...THE EUGENE OR CLIMATE SUMMARY FOR AUGUST 31 2015...

CLIMATE NORMAL PERIOD 1981 TO 2010
CLIMATE RECORD PERIOD 1892 TO 2015


WEATHER ITEM   OBSERVED TIME   RECORD YEAR NORMAL DEPARTURE LAST
                VALUE   (LST)  VALUE       VALUE  FROM      YEAR
                                                  NORMAL
..................................................................
TEMPERATURE (F)
 YESTERDAY
  MAXIMUM         80    315 PM 102    1987  81     -1       79
  MINIMUM         49    442 AM  38    2008  50     -1       49
  AVERAGE         65                        65      0       64

PRECIPITATION (IN)
  YESTERDAY        0.00          0.76 1971   0.03  -0.03     0.00
  MONTH TO DATE    0.23                      0.61  -0.38     0.19
  SINCE OCT 1     29.69                     44.81 -15.12    27.19
  SINCE JAN 1     12.64                     26.01 -13.37    23.00

SNOWFALL (IN)
  YESTERDAY        0.0
  MONTH TO DATE    0.0
  SINCE JUN 1      0.0
  SINCE JUL 1      0.0

DEGREE DAYS
 HEATING
  YESTERDAY        0                         2     -2        1
  MONTH TO DATE    2                        34    -32        1
  SINCE JUN 1     48                       224   -176      114
  SINCE JUL 1      7                        67    -60        7

 COOLING
  YESTERDAY        0                         2     -2        0
  MONTH TO DATE  161                        91     70      206
  SINCE JUN 1    487                       203    284      405
  SINCE JAN 1    492                       208    284      408
..................................................................


WIND (MPH)
  HIGHEST WIND SPEED    15   HIGHEST WIND DIRECTION     W (260)
  HIGHEST GUST SPEED    17   HIGHEST GUST DIRECTION     W (250)
  AVERAGE WIND SPEED     5.9


SKY COVER
  POSSIBLE SUNSHINE  MM
  AVERAGE SKY COVER 0.6


WEATHER CONDITIONS
 THE FOLLOWING WEATHER WAS RECORDED YESTERDAY.
  NO SIGNIFICANT WEATHER WAS OBSERVED.


RELATIVE HUMIDITY (PERCENT)
 HIGHEST    96           100 AM
 LOWEST     36           200 PM
 AVERAGE    66

..........................................................


THE EUGENE OR CLIMATE NORMALS FOR TODAY
                         NORMAL    RECORD    YEAR
 MAXIMUM TEMPERATURE (F)   81        98      1988
 MINIMUM TEMPERATURE (F)   50        39      1973
                                             1913


SUNRISE AND SUNSET
SEPTEMBER  1 2015.....SUNRISE   636 AM PDT   SUNSET   749 PM PDT
SEPTEMBER  2 2015.....SUNRISE   637 AM PDT   SUNSET   747 PM PDT


-  INDICATES NEGATIVE NUMBERS.
R  INDICATES RECORD WAS SET OR TIED.
MM INDICATES DATA IS MISSING.
T  INDICATES TRACE AMOUNT.




$$
