000
CDUS46 KPQR 261141
CLIEUG


CLIMATE REPORT
NATIONAL WEATHER SERVICE PORTLAND OREGON
441 AM PDT MON SEP 26 2016


...................................

...THE EUGENE OR CLIMATE SUMMARY FOR SEPTEMBER 25 2016...

CLIMATE NORMAL PERIOD 1981 TO 2010
CLIMATE RECORD PERIOD 1892 TO 2016


WEATHER ITEM   OBSERVED TIME   RECORD YEAR NORMAL DEPARTURE LAST
                VALUE   (LST)  VALUE       VALUE  FROM      YEAR
                                                  NORMAL
..................................................................
TEMPERATURE (F)
 YESTERDAY
  MAXIMUM         84    356 PM  93    1991  74     10       72
  MINIMUM         44    541 AM  31    1926  45     -1       45
  AVERAGE         64                        60      4       59

PRECIPITATION (IN)
  YESTERDAY        0.00          0.85 1986   0.06  -0.06     0.01
  MONTH TO DATE    0.78                      1.01  -0.23     0.75
  SINCE OCT 1     40.58                     45.82  -5.24    30.44
  SINCE JAN 1     21.74                     27.02  -5.28    13.39

SNOWFALL (IN)
  YESTERDAY        0.0
  MONTH TO DATE    0.0
  SINCE SEP 1      0.0
  SINCE JUL 1      0.0

DEGREE DAYS
 HEATING
  YESTERDAY        1                         6     -5        6
  MONTH TO DATE   83                        87     -4       91
  SINCE SEP 1     83                        87     -4       91
  SINCE JUL 1    106                       154    -48       98

 COOLING
  YESTERDAY        0                         0      0        0
  MONTH TO DATE    6                        30    -24       32
  SINCE SEP 1      6                        30    -24       32
  SINCE JAN 1    319                       238     81      524
..................................................................


WIND (MPH)
  HIGHEST WIND SPEED    20   HIGHEST WIND DIRECTION     N (10)
  HIGHEST GUST SPEED    23   HIGHEST GUST DIRECTION     N (10)
  AVERAGE WIND SPEED     6.0


SKY COVER
  POSSIBLE SUNSHINE  MM
  AVERAGE SKY COVER 0.3


WEATHER CONDITIONS
 THE FOLLOWING WEATHER WAS RECORDED YESTERDAY.
  NO SIGNIFICANT WEATHER WAS OBSERVED.


RELATIVE HUMIDITY (PERCENT)
 HIGHEST    89           600 AM
 LOWEST     24           300 PM
 AVERAGE    57

..........................................................


THE EUGENE OR CLIMATE NORMALS FOR TODAY
                         NORMAL    RECORD    YEAR
 MAXIMUM TEMPERATURE (F)   74        93      1949
 MINIMUM TEMPERATURE (F)   45        31      1926


SUNRISE AND SUNSET
SEPTEMBER 26 2016.....SUNRISE   705 AM PDT   SUNSET   702 PM PDT
SEPTEMBER 27 2016.....SUNRISE   707 AM PDT   SUNSET   700 PM PDT


-  INDICATES NEGATIVE NUMBERS.
R  INDICATES RECORD WAS SET OR TIED.
MM INDICATES DATA IS MISSING.
T  INDICATES TRACE AMOUNT.




$$
