000
CDUS46 KPQR 281142
CLIEUG


CLIMATE REPORT
NATIONAL WEATHER SERVICE PORTLAND OREGON
441 AM PDT SUN AUG 28 2016


...................................

...THE EUGENE OR CLIMATE SUMMARY FOR AUGUST 27 2016...

CLIMATE NORMAL PERIOD 1981 TO 2010
CLIMATE RECORD PERIOD 1892 TO 2016


WEATHER ITEM   OBSERVED TIME   RECORD YEAR NORMAL DEPARTURE LAST
                VALUE   (LST)  VALUE       VALUE  FROM      YEAR
                                                  NORMAL
..................................................................
TEMPERATURE (F)
 YESTERDAY
  MAXIMUM         86    455 PM  98    1972  81      5       92
  MINIMUM         54    551 AM  40    1960  50      4       50
                                      1955
  AVERAGE         70                        66      4       71

PRECIPITATION (IN)
  YESTERDAY        0.00          0.73 1975   0.03  -0.03     0.00
  MONTH TO DATE    T                         0.49  -0.49      T
  SINCE OCT 1     39.80                     44.69  -4.89    29.46
  SINCE JAN 1     20.96                     25.89  -4.93    12.41

SNOWFALL (IN)
  YESTERDAY        0.0
  MONTH TO DATE    0.0
  SINCE JUN 1      0.0
  SINCE JUL 1      0.0

DEGREE DAYS
 HEATING
  YESTERDAY        0                         1     -1        0
  MONTH TO DATE   11                        27    -16        0
  SINCE JUN 1    121                       220    -99       46
  SINCE JUL 1     21                        63    -42        5

 COOLING
  YESTERDAY        5                         2      3        6
  MONTH TO DATE  153                        84     69      148
  SINCE JUN 1    303                       196    107      474
  SINCE JAN 1    306                       201    105      479
..................................................................


WIND (MPH)
  HIGHEST WIND SPEED    14   HIGHEST WIND DIRECTION     W (260)
  HIGHEST GUST SPEED    20   HIGHEST GUST DIRECTION     W (290)
  AVERAGE WIND SPEED     7.7


SKY COVER
  POSSIBLE SUNSHINE  MM
  AVERAGE SKY COVER 0.1


WEATHER CONDITIONS
 THE FOLLOWING WEATHER WAS RECORDED YESTERDAY.
  NO SIGNIFICANT WEATHER WAS OBSERVED.


RELATIVE HUMIDITY (PERCENT)
 HIGHEST    83           400 AM
 LOWEST     32           300 PM
 AVERAGE    58

..........................................................


THE EUGENE OR CLIMATE NORMALS FOR TODAY
                         NORMAL    RECORD    YEAR
 MAXIMUM TEMPERATURE (F)   81        97      1931
                                             1915
 MINIMUM TEMPERATURE (F)   50        41      1985
                                             1960


SUNRISE AND SUNSET
AUGUST 28 2016........SUNRISE   632 AM PDT   SUNSET   755 PM PDT
AUGUST 29 2016........SUNRISE   633 AM PDT   SUNSET   753 PM PDT


-  INDICATES NEGATIVE NUMBERS.
R  INDICATES RECORD WAS SET OR TIED.
MM INDICATES DATA IS MISSING.
T  INDICATES TRACE AMOUNT.




$$
