000
CDUS43 KPAH 010628
CLIEVV


CLIMATE REPORT
NATIONAL WEATHER SERVICE PADUCAH KY
126 AM CDT SAT OCT 1 2016

...................................

...THE EVANSVILLE IN CLIMATE SUMMARY FOR SEPTEMBER 30 2016...

CLIMATE NORMAL PERIOD 1981 TO 2010
CLIMATE RECORD PERIOD 1896 TO 2016

WEATHER ITEM   OBSERVED TIME   RECORD YEAR NORMAL DEPARTURE LAST
                VALUE   (LST)  VALUE       VALUE  FROM      YEAR
                                                  NORMAL
..................................................................
TEMPERATURE (F)
 YESTERDAY
  MAXIMUM         72    242 PM  99    1919  76     -4       73
  MINIMUM         56   1049 PM  33    1949  51      5       61
                                      1899
  AVERAGE         64                        63      1       67

PRECIPITATION (IN)
  YESTERDAY        0.72          1.07 1927   0.11   0.61      T
  MONTH TO DATE    4.01                      3.05   0.96     1.05
  SINCE SEP 1      4.01                      3.05   0.96     1.05
  SINCE JAN 1     42.47                     33.97   8.50    38.61

SNOWFALL (IN)
  YESTERDAY        0.0           0.0  2002   0.0    0.0      0.0
                                      2001
  MONTH TO DATE    0.0                       0.0    0.0      0.0
  SINCE SEP 1      0.0                       0.0    0.0      0.0
  SINCE JUL 1      0.0                       0.0    0.0      0.0
  SNOW DEPTH       0

DEGREE DAYS
 HEATING
  YESTERDAY        1                         4     -3        0
  MONTH TO DATE    9                        45    -36        6
  SINCE SEP 1      9                        46    -37        6
  SINCE JUL 1      9                        47    -38        6

 COOLING
  YESTERDAY        0                         2     -2        2
  MONTH TO DATE  281                       167    114      236
  SINCE SEP 1    281                       167    114      236
  SINCE JAN 1   1667                      1366    301     1535
..................................................................

WIND (MPH)
  HIGHEST WIND SPEED    10   HIGHEST WIND DIRECTION     W (290)
  HIGHEST GUST SPEED    15   HIGHEST GUST DIRECTION    NE (30)
  AVERAGE WIND SPEED     3.8

SKY COVER
  AVERAGE SKY COVER 0.7

WEATHER CONDITIONS
 THE FOLLOWING WEATHER WAS RECORDED YESTERDAY.
  HEAVY RAIN
  RAIN
  LIGHT RAIN
  FOG

RELATIVE HUMIDITY (PERCENT)
 HIGHEST    93
 LOWEST     53
 AVERAGE    73
..........................................................

THE EVANSVILLE IN CLIMATE NORMALS FOR TODAY
                         NORMAL    RECORD    YEAR
 MAXIMUM TEMPERATURE (F)   75        93      1919
 MINIMUM TEMPERATURE (F)   50        34      1963

SUNRISE AND SUNSET
OCTOBER  1 2016.......SUNRISE   646 AM CDT   SUNSET   632 PM CDT
OCTOBER  2 2016.......SUNRISE   647 AM CDT   SUNSET   631 PM CDT

-  INDICATES NEGATIVE NUMBERS.
R  INDICATES RECORD WAS SET OR TIED.
MM INDICATES DATA IS MISSING.
T  INDICATES TRACE AMOUNT.

$$
