000
CDUS45 KSLC 310033
CLIEVW


CLIMATE REPORT
NATIONAL WEATHER SERVICE SALT LAKE CITY UT
633 PM MDT SAT JUL 30 2016


...................................

...THE EVANSTON WY CLIMATE SUMMARY FOR JULY 30 2016...
VALID TODAY AS OF 0500 PM LOCAL TIME.

CLIMATE NORMAL PERIOD 1981 TO 2010
CLIMATE RECORD PERIOD 9999 TO 9999


WEATHER ITEM   OBSERVED TIME   RECORD YEAR NORMAL DEPARTURE LAST
                VALUE   (LST)  VALUE       VALUE  FROM      YEAR
                                                  NORMAL
..................................................................
TEMPERATURE (F)
 TODAY
  MAXIMUM         91        MM  MM      MM  82      9       84
  MINIMUM         60    400 AM  MM      MM  54      6       46
  AVERAGE         76                        68      8       65

PRECIPITATION (IN)
  TODAY            0.00         MM      MM   0.03  -0.03     0.00
  MONTH TO DATE    T                         0.87  -0.87     0.88
  SINCE OCT 1      4.68                      9.83  -5.15     8.91
  SINCE JAN 1      3.69                      7.04  -3.35     8.03

DEGREE DAYS
 HEATING
  TODAY            0                         1     -1        0
  MONTH TO DATE   25                        42    -17       59
  SINCE JUN 1     77                       272   -195      133
  SINCE JUL 1     25                        42    -17       59

 COOLING
  TODAY           11                         3      8        0
  MONTH TO DATE  141                        78     63       52
  SINCE JUN 1    199                        91    108      122
  SINCE JAN 1    199                        92    107      122
..................................................................


WIND (MPH)
  RESULTANT WIND SPEED   0   RESULTANT WIND DIRECTION   E (70)
  HIGHEST WIND SPEED    24   HIGHEST WIND DIRECTION     N (10)
  HIGHEST GUST SPEED    35   HIGHEST GUST DIRECTION     N (10)
  AVERAGE WIND SPEED    10.2


SKY COVER
  POSSIBLE SUNSHINE  MM
  AVERAGE SKY COVER 0.2


WEATHER CONDITIONS
 THE FOLLOWING WEATHER WAS RECORDED TODAY.
  THUNDERSTORM


RELATIVE HUMIDITY (PERCENT)
 HIGHEST    35           300 AM
 LOWEST     17          1000 AM
 AVERAGE    26

..........................................................


THE EVANSTON WY CLIMATE NORMALS FOR TOMORROW
                         NORMAL    RECORD    YEAR
 MAXIMUM TEMPERATURE (F)   82        MM        MM
 MINIMUM TEMPERATURE (F)   54        MM        MM


SUNRISE AND SUNSET
JULY 30 2016..........SUNRISE   618 AM MDT   SUNSET   842 PM MDT
JULY 31 2016..........SUNRISE   619 AM MDT   SUNSET   841 PM MDT


-  INDICATES NEGATIVE NUMBERS.
R  INDICATES RECORD WAS SET OR TIED.
MM INDICATES DATA IS MISSING.
T  INDICATES TRACE AMOUNT.




$$
