000
CDUS45 KSLC 251226
CLIEVW


CLIMATE REPORT
NATIONAL WEATHER SERVICE SALT LAKE CITY UT
625 AM MDT TUE APR 25 2017


...................................

...THE EVANSTON WY CLIMATE SUMMARY FOR APRIL 24 2017...

CLIMATE NORMAL PERIOD 1981 TO 2010
CLIMATE RECORD PERIOD 9999 TO 9999


WEATHER ITEM   OBSERVED TIME   RECORD YEAR NORMAL DEPARTURE LAST
                VALUE   (LST)  VALUE       VALUE  FROM      YEAR
                                                  NORMAL
..................................................................
TEMPERATURE (F)
 YESTERDAY
  MAXIMUM         47    952 AM  MM      MM  53     -6       50
  MINIMUM         30   1019 PM  MM      MM  31     -1       34
  AVERAGE         39                        42     -3       42

PRECIPITATION (IN)
  YESTERDAY        T            MM      MM   0.04  -0.04      T
  MONTH TO DATE    0.31                      0.85  -0.54     0.36
  SINCE OCT 1      4.92                      5.65  -0.73     1.92
  SINCE JAN 1      3.34                      2.86   0.48     0.93

DEGREE DAYS
 HEATING
  YESTERDAY       26                        23      3       23
  MONTH TO DATE  584                       637    -53      495
  SINCE MAR 1   1442                      1697   -255     1415
  SINCE JUL 1   7019                      7705   -686     6942

 COOLING
  YESTERDAY        0                         0      0        0
  MONTH TO DATE    0                         0      0        0
  SINCE MAR 1      0                         0      0        0
  SINCE JAN 1      0                         0      0        0
..................................................................


WIND (MPH)
  RESULTANT WIND SPEED  10   RESULTANT WIND DIRECTION  SW (230)
  HIGHEST WIND SPEED    26   HIGHEST WIND DIRECTION    SW (240)
  HIGHEST GUST SPEED    32   HIGHEST GUST DIRECTION     W (250)
  AVERAGE WIND SPEED    12.1


SKY COVER
  POSSIBLE SUNSHINE  MM
  AVERAGE SKY COVER 0.7


WEATHER CONDITIONS
 THE FOLLOWING WEATHER WAS RECORDED YESTERDAY.
  RAIN
  LIGHT RAIN
  SNOW
  LIGHT SNOW
  FOG
  FOG W/VISIBILITY <= 1/4 MILE


RELATIVE HUMIDITY (PERCENT)
 HIGHEST   100          1200 PM
 LOWEST     60          1000 AM
 AVERAGE    80

..........................................................


THE EVANSTON WY CLIMATE NORMALS FOR TODAY
                         NORMAL    RECORD    YEAR
 MAXIMUM TEMPERATURE (F)   53        MM        MM
 MINIMUM TEMPERATURE (F)   31        MM        MM


SUNRISE AND SUNSET
APRIL 25 2017.........SUNRISE   629 AM MDT   SUNSET   815 PM MDT
APRIL 26 2017.........SUNRISE   628 AM MDT   SUNSET   816 PM MDT


-  INDICATES NEGATIVE NUMBERS.
R  INDICATES RECORD WAS SET OR TIED.
MM INDICATES DATA IS MISSING.
T  INDICATES TRACE AMOUNT.




$$
