000
CDUS45 KSLC 181234
CLIEVW


CLIMATE REPORT
NATIONAL WEATHER SERVICE SALT LAKE CITY UT
534 AM MST SAT NOV 18 2017


...................................

...THE EVANSTON WY CLIMATE SUMMARY FOR NOVEMBER 17 2017...

CLIMATE NORMAL PERIOD 1981 TO 2010
CLIMATE RECORD PERIOD 9999 TO 9999


WEATHER ITEM   OBSERVED TIME   RECORD YEAR NORMAL DEPARTURE LAST
                VALUE   (LST)  VALUE       VALUE  FROM      YEAR
                                                  NORMAL
..................................................................
TEMPERATURE (F)
 YESTERDAY
  MAXIMUM         39    415 AM  MM      MM  38      1       27
  MINIMUM         14   1159 PM  MM      MM  20     -6       16
  AVERAGE         27                        29     -2       22

PRECIPITATION (IN)
  YESTERDAY        0.58         MM      MM   0.04   0.54      T
  MONTH TO DATE    1.43                      0.70   0.73      T
  SINCE OCT 1      1.43                      1.87  -0.44     1.21
  SINCE JAN 1      6.79                     11.21  -4.42     6.93

DEGREE DAYS
 HEATING
  YESTERDAY       38                        36      2       43
  MONTH TO DATE  458                       548    -90      355
  SINCE SEP 1   1458                      1498    -40     1128
  SINCE JUL 1   1482                      1601   -119     1187

 COOLING
  YESTERDAY        0                         0      0        0
  MONTH TO DATE    0                         0      0        0
  SINCE SEP 1     37                         5     32        7
  SINCE JAN 1    333                       162    171      293
..................................................................


WIND (MPH)
  RESULTANT WIND SPEED  14   RESULTANT WIND DIRECTION   W (270)
  HIGHEST WIND SPEED    30   HIGHEST WIND DIRECTION     W (280)
  HIGHEST GUST SPEED    36   HIGHEST GUST DIRECTION     W (280)
  AVERAGE WIND SPEED    15.4


SKY COVER
  POSSIBLE SUNSHINE  MM
  AVERAGE SKY COVER 0.7


WEATHER CONDITIONS
 THE FOLLOWING WEATHER WAS RECORDED YESTERDAY.
  RAIN
  LIGHT RAIN
  HEAVY SNOW
  SNOW
  LIGHT SNOW
  FOG
  FOG W/VISIBILITY <= 1/4 MILE


RELATIVE HUMIDITY (PERCENT)
 HIGHEST   100          1200 AM
 LOWEST     71           800 PM
 AVERAGE    86

..........................................................


THE EVANSTON WY CLIMATE NORMALS FOR TODAY
                         NORMAL    RECORD    YEAR
 MAXIMUM TEMPERATURE (F)   37        MM        MM
 MINIMUM TEMPERATURE (F)   20        MM        MM


SUNRISE AND SUNSET
NOVEMBER 18 2017......SUNRISE   716 AM MST   SUNSET   502 PM MST
NOVEMBER 19 2017......SUNRISE   717 AM MST   SUNSET   501 PM MST


-  INDICATES NEGATIVE NUMBERS.
R  INDICATES RECORD WAS SET OR TIED.
MM INDICATES DATA IS MISSING.
T  INDICATES TRACE AMOUNT.




$$
