000
CDUS42 KMHX 300526
CLIEWN


CLIMATE REPORT
NATIONAL WEATHER SERVICE NEWPORT/MOREHEAD CITY NC
125 AM EDT SAT MAY 30 2015


...................................

...THE NEW BERN NC CLIMATE SUMMARY FOR MAY 29 2015...

CLIMATE NORMAL PERIOD 1981 TO 2010
CLIMATE RECORD PERIOD 1948 TO 2015


WEATHER ITEM   OBSERVED TIME   RECORD YEAR NORMAL DEPARTURE LAST
                VALUE   (LST)  VALUE       VALUE  FROM      YEAR
                                                  NORMAL
..................................................................
TEMPERATURE (F)
 YESTERDAY
  MAXIMUM         86    254 PM  95    1982  83      3       79
  MINIMUM         58    438 AM  50    1953  63     -5       69
  AVERAGE         72                        73     -1       74

PRECIPITATION (IN)
  YESTERDAY        0.00          1.61 1976   0.15  -0.15     0.00
  MONTH TO DATE    2.83                      3.85  -1.02     1.92
  SINCE MAR 1      8.45                     11.41  -2.96    11.35
  SINCE JAN 1     16.82                     19.09  -2.27    17.88

SNOWFALL (IN)
  YESTERDAY        0.0
  MONTH TO DATE    0.0
  SINCE NOV 1      3.0
  SINCE JUL 1      3.0
  SNOW DEPTH       0

DEGREE DAYS
 HEATING
  YESTERDAY        0                         0      0        0
  MONTH TO DATE   19                        32    -13        5
  SINCE MAR 1    476                       553    -77      563
  SINCE JUL 1   2719                      2699     20     2637

 COOLING
  YESTERDAY        7                         8     -1        9
  MONTH TO DATE  181                       156     25      262
  SINCE MAR 1    269                       223     46      342
  SINCE JAN 1    276                       226     50      347
..................................................................


WIND (MPH)
  HIGHEST WIND SPEED    14   HIGHEST WIND DIRECTION    SE (130)
  HIGHEST GUST SPEED    21   HIGHEST GUST DIRECTION    SE (130)
  AVERAGE WIND SPEED     3.3


SKY COVER
  POSSIBLE SUNSHINE  MM
  AVERAGE SKY COVER 0.1


WEATHER CONDITIONS
 THE FOLLOWING WEATHER WAS RECORDED YESTERDAY.
  FOG
  FOG W/VISIBILITY <= 1/4 MILE


RELATIVE HUMIDITY (PERCENT)
 HIGHEST    90           200 AM
 LOWEST     48          1200 PM
 AVERAGE    69

..........................................................


THE NEW BERN NC CLIMATE NORMALS FOR TODAY
                         NORMAL    RECORD    YEAR
 MAXIMUM TEMPERATURE (F)   84        96      1991
 MINIMUM TEMPERATURE (F)   63        53      2008
                                             1951


SUNRISE AND SUNSET
MAY 30 2015...........SUNRISE   556 AM EDT   SUNSET   816 PM EDT
MAY 31 2015...........SUNRISE   556 AM EDT   SUNSET   816 PM EDT


-  INDICATES NEGATIVE NUMBERS.
R  INDICATES RECORD WAS SET OR TIED.
MM INDICATES DATA IS MISSING.
T  INDICATES TRACE AMOUNT.




$$
