000
CDUS42 KMHX 290527
CLIEWN


CLIMATE REPORT
NATIONAL WEATHER SERVICE NEWPORT/MOREHEAD CITY NC
127 AM EDT SAT AUG 29 2015


...................................

...THE NEW BERN NC CLIMATE SUMMARY FOR AUGUST 28 2015...

CLIMATE NORMAL PERIOD 1981 TO 2010
CLIMATE RECORD PERIOD 1948 TO 2015


WEATHER ITEM   OBSERVED TIME   RECORD YEAR NORMAL DEPARTURE LAST
                VALUE   (LST)  VALUE       VALUE  FROM      YEAR
                                                  NORMAL
..................................................................
TEMPERATURE (F)
 YESTERDAY
  MAXIMUM         83    414 PM  96    1987  87     -4       94
  MINIMUM         69   1144 PM  57    1986  69      0       66
  AVERAGE         76                        78     -2       80

PRECIPITATION (IN)
  YESTERDAY        0.00          2.09 1959   0.20  -0.20     0.00
  MONTH TO DATE    7.64                      6.07   1.57     9.13
  SINCE JUN 1     23.27                     16.83   6.44    19.13
  SINCE JAN 1     40.09                     36.22   3.87    37.01

SNOWFALL (IN)
  YESTERDAY        0.0
  MONTH TO DATE    0.0
  SINCE NOV 1      3.0
  SINCE JUL 1      0.0
  SNOW DEPTH       0

DEGREE DAYS
 HEATING
  YESTERDAY        0                         0      0        0
  MONTH TO DATE    0                         0      0        0
  SINCE JUN 1      0                         1     -1        0
  SINCE JUL 1      0                         0      0        0

 COOLING
  YESTERDAY       11                        13     -2       15
  MONTH TO DATE  398                       400     -2      396
  SINCE JUN 1   1389                      1247    142     1300
  SINCE JAN 1   1687                      1490    197     1661
..................................................................


WIND (MPH)
  HIGHEST WIND SPEED    16   HIGHEST WIND DIRECTION    NE (30)
  HIGHEST GUST SPEED    20   HIGHEST GUST DIRECTION    NE (50)
  AVERAGE WIND SPEED     8.7


SKY COVER
  POSSIBLE SUNSHINE  MM
  AVERAGE SKY COVER 0.2


WEATHER CONDITIONS
 THE FOLLOWING WEATHER WAS RECORDED YESTERDAY.
  NO SIGNIFICANT WEATHER WAS OBSERVED.


RELATIVE HUMIDITY (PERCENT)
 HIGHEST    84           200 AM
 LOWEST     47           300 PM
 AVERAGE    66

..........................................................


THE NEW BERN NC CLIMATE NORMALS FOR TODAY
                         NORMAL    RECORD    YEAR
 MAXIMUM TEMPERATURE (F)   87        98      1993
 MINIMUM TEMPERATURE (F)   69        54      1965


SUNRISE AND SUNSET
AUGUST 29 2015........SUNRISE   638 AM EDT   SUNSET   739 PM EDT
AUGUST 30 2015........SUNRISE   639 AM EDT   SUNSET   738 PM EDT


-  INDICATES NEGATIVE NUMBERS.
R  INDICATES RECORD WAS SET OR TIED.
MM INDICATES DATA IS MISSING.
T  INDICATES TRACE AMOUNT.




$$
