000
CDUS42 KMHX 100754
CLIEWN


CLIMATE REPORT
NATIONAL WEATHER SERVICE NEWPORT/MOREHEAD CITY NC
252 AM EST SAT DEC 10 2016


...................................

...THE NEW BERN NC CLIMATE SUMMARY FOR DECEMBER 9 2016...

CLIMATE NORMAL PERIOD 1981 TO 2010
CLIMATE RECORD PERIOD 1948 TO 2016


WEATHER ITEM   OBSERVED TIME   RECORD YEAR NORMAL DEPARTURE LAST
                VALUE   (LST)  VALUE       VALUE  FROM      YEAR
                                                  NORMAL
..................................................................
TEMPERATURE (F)
 YESTERDAY
  MAXIMUM         44        MM  80    1978  59    -15       65
  MINIMUM         26        MM  17    2006  37    -11       35
  AVERAGE         35                        48    -13       50

PRECIPITATION (IN)
  YESTERDAY        0.00          1.67 1989   0.11  -0.11     0.00
  MONTH TO DATE    1.90                      1.00   0.90     1.85
  SINCE DEC 1      1.90                      1.00   0.90     1.85
  SINCE JAN 1     63.71                     50.35  13.36    61.74

SNOWFALL (IN)
  YESTERDAY        0.0
  MONTH TO DATE    0.0
  SINCE NOV 1      0.0
  SINCE JUL 1      0.0
  SNOW DEPTH       0

DEGREE DAYS
 HEATING
  YESTERDAY       30                        17     13       15
  MONTH TO DATE  138                       142     -4      111
  SINCE DEC 1    138                       142     -4      111
  SINCE JUL 1    533                       569    -36      394

 COOLING
  YESTERDAY        0                         0      0        0
  MONTH TO DATE    0                         0      0        1
  SINCE DEC 1      0                         0      0        1
  SINCE JAN 1   2260                      1900    360     2167
..................................................................


WIND (MPH)
  HIGHEST WIND SPEED    13   HIGHEST WIND DIRECTION    NW (330)
  HIGHEST GUST SPEED    17   HIGHEST GUST DIRECTION    NW (320)
  AVERAGE WIND SPEED     7.1


SKY COVER
  POSSIBLE SUNSHINE  MM
  AVERAGE SKY COVER 0.0


WEATHER CONDITIONS
 THE FOLLOWING WEATHER WAS RECORDED YESTERDAY.
  NO SIGNIFICANT WEATHER WAS OBSERVED.


RELATIVE HUMIDITY (PERCENT)
 HIGHEST    75          1100 PM
 LOWEST     39           100 PM
 AVERAGE    57

..........................................................


THE NEW BERN NC CLIMATE NORMALS FOR TODAY
                         NORMAL    RECORD    YEAR
 MAXIMUM TEMPERATURE (F)   59        79      2007
 MINIMUM TEMPERATURE (F)   37        20      1968


SUNRISE AND SUNSET
DECEMBER 10 2016......SUNRISE   706 AM EST   SUNSET   457 PM EST
DECEMBER 11 2016......SUNRISE   707 AM EST   SUNSET   457 PM EST


-  INDICATES NEGATIVE NUMBERS.
R  INDICATES RECORD WAS SET OR TIED.
MM INDICATES DATA IS MISSING.
T  INDICATES TRACE AMOUNT.




$$
