000
CDUS41 KOKX 050622
CLIEWR


CLIMATE REPORT
NATIONAL WEATHER SERVICE NEW YORK NY
222 AM EDT THU MAY 5 2016


...................................

...THE NEWARK NJ CLIMATE SUMMARY FOR MAY 4 2016...

CLIMATE NORMAL PERIOD 1981 TO 2010
CLIMATE RECORD PERIOD 1929 TO 2016


WEATHER ITEM   OBSERVED TIME   RECORD YEAR NORMAL DEPARTURE LAST
                VALUE   (LST)  VALUE       VALUE  FROM      YEAR
                                                  NORMAL
..................................................................
TEMPERATURE (F)
 YESTERDAY
  MAXIMUM         58   1148 AM  94    2001  69    -11       87
  MINIMUM         46    151 AM  37    1941  50     -4       56
  AVERAGE         52                        59     -7       72

PRECIPITATION (IN)
  YESTERDAY        0.01          0.92 1975   0.12  -0.11     0.00
  MONTH TO DATE    0.95                      0.48   0.47     0.00
  SINCE MAR 1      3.45                      8.86  -5.41     6.30
  SINCE JAN 1     11.50                     15.28  -3.78    12.78

SNOWFALL (IN)
  YESTERDAY        0.0           0.0  2002   0.0    0.0      0.0
                                      2001
  MONTH TO DATE    0.0                       0.0    0.0      0.0
  SINCE OCT 1     36.4                      28.5    7.9     46.4
  SINCE JUL 1     36.4                      28.5    7.9     46.4
  SNOW DEPTH       0

DEGREE DAYS
 HEATING
  YESTERDAY       13                         7      6        0
  MONTH TO DATE   57                        29     28       21
  SINCE MAR 1    913                      1114   -201     1184
  SINCE JUL 1   3786                      4749   -963     5087

 COOLING
  YESTERDAY        0                         1     -1        7
  MONTH TO DATE    0                         4     -4        7
  SINCE MAR 1     18                        16      2       10
  SINCE JAN 1     18                        16      2       10
..................................................................


WIND (MPH)
  HIGHEST WIND SPEED    18   HIGHEST WIND DIRECTION    NE (40)
  HIGHEST GUST SPEED    24   HIGHEST GUST DIRECTION    NE (40)
  AVERAGE WIND SPEED     9.5


SKY COVER
  AVERAGE SKY COVER 1.0


WEATHER CONDITIONS
 THE FOLLOWING WEATHER WAS RECORDED YESTERDAY.
  LIGHT RAIN
  FOG
  HAZE


RELATIVE HUMIDITY (PERCENT)
 HIGHEST    96           200 AM
 LOWEST     67          1100 AM
 AVERAGE    82

..........................................................


THE NEWARK NJ CLIMATE NORMALS FOR TODAY
                         NORMAL    RECORD    YEAR
 MAXIMUM TEMPERATURE (F)   69        94      1949
 MINIMUM TEMPERATURE (F)   50        38      1966


SUNRISE AND SUNSET
MAY  5 2016...........SUNRISE   550 AM EDT   SUNSET   757 PM EDT
MAY  6 2016...........SUNRISE   549 AM EDT   SUNSET   758 PM EDT


-  INDICATES NEGATIVE NUMBERS.
R  INDICATES RECORD WAS SET OR TIED.
MM INDICATES DATA IS MISSING.
T  INDICATES TRACE AMOUNT.




$$
