000
CDUS41 KOKX 260616
CLIEWR


CLIMATE REPORT
NATIONAL WEATHER SERVICE NEW YORK NY
216 AM EDT WED JUL 26 2017


...................................

...THE NEWARK NJ CLIMATE SUMMARY FOR JULY 25 2017...

CLIMATE NORMAL PERIOD 1981 TO 2010
CLIMATE RECORD PERIOD 1929 TO 2017


WEATHER ITEM   OBSERVED TIME   RECORD YEAR NORMAL DEPARTURE LAST
                VALUE   (LST)  VALUE       VALUE  FROM      YEAR
                                                  NORMAL
..................................................................
TEMPERATURE (F)
 YESTERDAY
  MAXIMUM         73    308 PM  99    2016  86    -13       99
  MINIMUM         62    543 AM  57    1932  69     -7       73
  AVERAGE         68                        78    -10       86

PRECIPITATION (IN)
  YESTERDAY        0.01          1.84 2016   0.16  -0.15     1.84
  MONTH TO DATE    4.36                      3.74   0.62     4.14
  SINCE JUN 1      9.65                      7.76   1.89     6.54
  SINCE JAN 1     32.19                     26.65   5.54    20.94

SNOWFALL (IN)
  YESTERDAY        0.0           0.0  2002   0.0    0.0      0.0
                                      2001
  MONTH TO DATE    0.0                       0.0    0.0      0.0
  SINCE OCT 1     30.0                      28.5    1.5     32.8
  SINCE JUL 1      0.0                       0.0    0.0      0.0
  SNOW DEPTH       0

DEGREE DAYS
 HEATING
  YESTERDAY        0                         0      0        0
  MONTH TO DATE    0                         0      0        0
  SINCE JUN 1     18                        17      1        4
  SINCE JUL 1      0                         0      0        0

 COOLING
  YESTERDAY        3                        13    -10       21
  MONTH TO DATE  337                       313     24      376
  SINCE JUN 1    594                       552     42      626
  SINCE JAN 1    689                       628     61      744
..................................................................


WIND (MPH)
  HIGHEST WIND SPEED    13   HIGHEST WIND DIRECTION     N (10)
  HIGHEST GUST SPEED    14   HIGHEST GUST DIRECTION    NE (30)
  AVERAGE WIND SPEED     7.7


SKY COVER
  AVERAGE SKY COVER 1.0


WEATHER CONDITIONS
 THE FOLLOWING WEATHER WAS RECORDED YESTERDAY.
  LIGHT RAIN
  FOG


RELATIVE HUMIDITY (PERCENT)
 HIGHEST    90           300 AM
 LOWEST     66          1100 PM
 AVERAGE    78

..........................................................


THE NEWARK NJ CLIMATE NORMALS FOR TODAY
                         NORMAL    RECORD    YEAR
 MAXIMUM TEMPERATURE (F)   86        99      2005
                                             1989
                                             1940
 MINIMUM TEMPERATURE (F)   69        57      1953


SUNRISE AND SUNSET
JULY 26 2017..........SUNRISE   548 AM EDT   SUNSET   818 PM EDT
JULY 27 2017..........SUNRISE   549 AM EDT   SUNSET   817 PM EDT


-  INDICATES NEGATIVE NUMBERS.
R  INDICATES RECORD WAS SET OR TIED.
MM INDICATES DATA IS MISSING.
T  INDICATES TRACE AMOUNT.




$$
