000
CDUS41 KOKX 030639
CLIEWR


CLIMATE REPORT
NATIONAL WEATHER SERVICE NEW YORK NY
138 AM EST TUE MAR 3 2015


...................................

...THE NEWARK NJ CLIMATE SUMMARY FOR MARCH 2 2015...

CLIMATE NORMAL PERIOD 1981 TO 2010
CLIMATE RECORD PERIOD 1929 TO 2015


WEATHER ITEM   OBSERVED TIME   RECORD YEAR NORMAL DEPARTURE LAST
                VALUE   (LST)  VALUE       VALUE  FROM      YEAR
                                                  NORMAL
..................................................................
TEMPERATURE (F)
 YESTERDAY
  MAXIMUM         39    319 PM  78    1972  46     -7       41
  MINIMUM         27   1159 PM  12    1950  30     -3       31
  AVERAGE         33                        38     -5       36

PRECIPITATION (IN)
  YESTERDAY        T             1.86 2007   0.12  -0.12      T
  MONTH TO DATE    0.51                      0.24   0.27      T
  SINCE MAR 1      0.51                      0.24   0.27      T
  SINCE JAN 1      6.99                      6.66   0.33     7.72

SNOWFALL (IN)
  YESTERDAY        T             5.3  2009   0.3   -0.3       T
  MONTH TO DATE    4.5                       0.5    4.0       T
  SINCE OCT 1     34.6                      23.5   11.1     60.5
  SINCE JUL 1     34.6                      23.5   11.1     60.5
  SNOW DEPTH       7

DEGREE DAYS
 HEATING
  YESTERDAY       32                        27      5       29
  MONTH TO DATE   74                        54     20       65
  SINCE MAR 1     74                        54     20       65
  SINCE JUL 1   3977                      3689    288     3940

 COOLING
  YESTERDAY        0                         0      0        0
  MONTH TO DATE    0                         0      0        0
  SINCE MAR 1      0                         0      0        0
  SINCE JAN 1      0                         0      0        0
..................................................................


WIND (MPH)
  HIGHEST WIND SPEED    28   HIGHEST WIND DIRECTION    NW (300)
  HIGHEST GUST SPEED    38   HIGHEST GUST DIRECTION    NW (310)
  AVERAGE WIND SPEED    12.7


SKY COVER
  AVERAGE SKY COVER 0.6


WEATHER CONDITIONS
 THE FOLLOWING WEATHER WAS RECORDED YESTERDAY.
  LIGHT SNOW
  FOG
  HAZE


RELATIVE HUMIDITY (PERCENT)
 HIGHEST    92           100 AM
 LOWEST     35           500 PM
 AVERAGE    64

..........................................................


THE NEWARK NJ CLIMATE NORMALS FOR TODAY
                         NORMAL    RECORD    YEAR
 MAXIMUM TEMPERATURE (F)   46        66      1991
 MINIMUM TEMPERATURE (F)   30         9      1950


SUNRISE AND SUNSET
MARCH  3 2015.........SUNRISE   628 AM EST   SUNSET   550 PM EST
MARCH  4 2015.........SUNRISE   626 AM EST   SUNSET   551 PM EST


-  INDICATES NEGATIVE NUMBERS.
R  INDICATES RECORD WAS SET OR TIED.
MM INDICATES DATA IS MISSING.
T  INDICATES TRACE AMOUNT.




$$
