000
CDUS43 KIND 190538
CLIEYE


CLIMATE REPORT
NATIONAL WEATHER SERVICE INDIANAPOLIS IN
137 AM EDT THU OCT 19 2017


...................................

...THE INDIANAPOLIS EAGLE CREEK IN CLIMATE SUMMARY FOR OCTOBER 18 2017...

CLIMATE NORMAL PERIOD 1981 TO 2010
CLIMATE RECORD PERIOD 9999 TO 9999


WEATHER ITEM   OBSERVED TIME   NORMAL DEPARTURE LAST
                VALUE   (LST)  VALUE  FROM      YEAR
                                      NORMAL
......................................................
TEMPERATURE (F)
 YESTERDAY
  MAXIMUM         69    435 PM  64      5       77
  MINIMUM         40    711 AM  44     -4       68
  AVERAGE         55            54      1       73

PRECIPITATION (IN)
  YESTERDAY        0.00          0.11  -0.11      T
  MONTH TO DATE    2.52          1.84   0.68     0.57
  SINCE SEP 1      3.01          4.09  -1.08     4.61
  SINCE JAN 1     35.15         32.74   2.41    36.64

DEGREE DAYS
 HEATING
  YESTERDAY       10            11     -1        0
  MONTH TO DATE   48           157   -109       50
  SINCE SEP 1     75           215   -140       62
  SINCE JUL 1     75           218   -143       65

 COOLING
  YESTERDAY        0             0      0        8
  MONTH TO DATE   46            12     34       43
  SINCE SEP 1    215           135     80      255
  SINCE JAN 1   1143          1055     88     1444
......................................................


WIND (MPH)
  HIGHEST WIND SPEED    14   HIGHEST WIND DIRECTION     S (190)
  HIGHEST GUST SPEED    20   HIGHEST GUST DIRECTION     S (200)
  AVERAGE WIND SPEED     4.4


SKY COVER
  AVERAGE SKY COVER 0.0


WEATHER CONDITIONS
 THE FOLLOWING WEATHER WAS RECORDED YESTERDAY.
  FOG
  FOG W/VISIBILITY <= 1/4 MILE


RELATIVE HUMIDITY (PERCENT)
 HIGHEST    93           700 AM
 LOWEST     36           300 PM
 AVERAGE    65

..........................................................


THE INDIANAPOLIS EAGLE CREEK IN CLIMATE NORMALS FOR TODAY
                         NORMAL
 MAXIMUM TEMPERATURE (F)   63
 MINIMUM TEMPERATURE (F)   44


SUNRISE AND SUNSET
OCTOBER 19 2017.......SUNRISE   800 AM EDT   SUNSET   700 PM EDT
OCTOBER 20 2017.......SUNRISE   801 AM EDT   SUNSET   658 PM EDT


-  INDICATES NEGATIVE NUMBERS.
R  INDICATES RECORD WAS SET OR TIED.
MM INDICATES DATA IS MISSING.
T  INDICATES TRACE AMOUNT.




$$
