000
CDUS43 KIND 250548
CLIEYE


CLIMATE REPORT
NATIONAL WEATHER SERVICE INDIANAPOLIS IN
133 AM EDT SUN SEP 25 2016


...................................

...THE INDIANAPOLIS EAGLE CREEK IN CLIMATE SUMMARY FOR SEPTEMBER 24 2016...

CLIMATE NORMAL PERIOD 1981 TO 2010
CLIMATE RECORD PERIOD 9999 TO 9999


WEATHER ITEM   OBSERVED TIME   NORMAL DEPARTURE LAST
                VALUE   (LST)  VALUE  FROM      YEAR
                                      NORMAL
......................................................
TEMPERATURE (F)
 YESTERDAY
  MAXIMUM         82    443 PM  74      8       81
  MINIMUM         67    713 AM  53     14       55
  AVERAGE         75            64     11       68

PRECIPITATION (IN)
  YESTERDAY        0.00          0.06  -0.06     0.00
  MONTH TO DATE    2.92          1.77   1.15     1.94
  SINCE SEP 1      2.92          1.77   1.15     1.94
  SINCE JAN 1     34.95         30.42   4.53    27.94

DEGREE DAYS
 HEATING
  YESTERDAY        0             4     -4        0
  MONTH TO DATE    0            29    -29       22
  SINCE SEP 1      0            29    -29       22
  SINCE JUL 1      3            32    -29       25

 COOLING
  YESTERDAY       10             2      8        3
  MONTH TO DATE  203           112     91      143
  SINCE SEP 1    203           112     91      143
  SINCE JAN 1   1392          1032    360     1003
......................................................


WIND (MPH)
  HIGHEST WIND SPEED     9   HIGHEST WIND DIRECTION    NE (50)
  HIGHEST GUST SPEED    16   HIGHEST GUST DIRECTION    NE (50)
  AVERAGE WIND SPEED     5.2


SKY COVER
  AVERAGE SKY COVER 0.3


WEATHER CONDITIONS
 THE FOLLOWING WEATHER WAS RECORDED YESTERDAY.
  FOG
  HAZE


RELATIVE HUMIDITY (PERCENT)
 HIGHEST    93           600 AM
 LOWEST     58           400 PM
 AVERAGE    76

..........................................................


THE INDIANAPOLIS EAGLE CREEK IN CLIMATE NORMALS FOR TODAY
                         NORMAL
 MAXIMUM TEMPERATURE (F)   73
 MINIMUM TEMPERATURE (F)   53


SUNRISE AND SUNSET
SEPTEMBER 25 2016.....SUNRISE   736 AM EDT   SUNSET   737 PM EDT
SEPTEMBER 26 2016.....SUNRISE   737 AM EDT   SUNSET   735 PM EDT


-  INDICATES NEGATIVE NUMBERS.
R  INDICATES RECORD WAS SET OR TIED.
MM INDICATES DATA IS MISSING.
T  INDICATES TRACE AMOUNT.




$$
