000
CDUS43 KIND 300535
CLIEYE


CLIMATE REPORT
NATIONAL WEATHER SERVICE INDIANAPOLIS IN
133 AM EDT SUN APR 30 2017


...................................

...THE INDIANAPOLIS EAGLE CREEK IN CLIMATE SUMMARY FOR APRIL 29 2017...

CLIMATE NORMAL PERIOD 1981 TO 2010
CLIMATE RECORD PERIOD 9999 TO 9999


WEATHER ITEM   OBSERVED TIME   NORMAL DEPARTURE LAST
                VALUE   (LST)  VALUE  FROM      YEAR
                                      NORMAL
......................................................
TEMPERATURE (F)
 YESTERDAY
  MAXIMUM         75    346 PM  67      8       63
  MINIMUM         57   1002 PM  48      9       51
  AVERAGE         66            57      9       57

PRECIPITATION (IN)
  YESTERDAY        1.94          0.18   1.76     0.00
  MONTH TO DATE    4.55          3.70   0.85     3.07
  SINCE MAR 1      9.00          7.00   2.00     5.51
  SINCE JAN 1     14.16         11.34   2.82     7.47

DEGREE DAYS
 HEATING
  YESTERDAY        0             8     -8        8
  MONTH TO DATE  195           361   -166      344
  SINCE MAR 1    843          1061   -218      830
  SINCE JUL 1   4103          5186  -1083     4343

 COOLING
  YESTERDAY        1             1      0        0
  MONTH TO DATE   31            19     12       13
  SINCE MAR 1     33            20     13       13
  SINCE JAN 1     33            20     13       13
......................................................


WIND (MPH)
  HIGHEST WIND SPEED    22   HIGHEST WIND DIRECTION     W (290)
  HIGHEST GUST SPEED    28   HIGHEST GUST DIRECTION    NW (300)
  AVERAGE WIND SPEED     6.7


SKY COVER
  AVERAGE SKY COVER 0.9


WEATHER CONDITIONS
 THE FOLLOWING WEATHER WAS RECORDED YESTERDAY.
  THUNDERSTORM
  HEAVY RAIN
  RAIN
  LIGHT RAIN
  FOG


RELATIVE HUMIDITY (PERCENT)
 HIGHEST    93          1200 AM
 LOWEST     64           400 PM
 AVERAGE    79

..........................................................


THE INDIANAPOLIS EAGLE CREEK IN CLIMATE NORMALS FOR TODAY
                         NORMAL
 MAXIMUM TEMPERATURE (F)   68
 MINIMUM TEMPERATURE (F)   48


SUNRISE AND SUNSET
APRIL 30 2017.........SUNRISE   647 AM EDT   SUNSET   839 PM EDT
MAY  1 2017...........SUNRISE   645 AM EDT   SUNSET   840 PM EDT


-  INDICATES NEGATIVE NUMBERS.
R  INDICATES RECORD WAS SET OR TIED.
MM INDICATES DATA IS MISSING.
T  INDICATES TRACE AMOUNT.




$$
