032
CDUS43 KIND 130537
CLIEYE


CLIMATE REPORT
NATIONAL WEATHER SERVICE INDIANAPOLIS IN
1237 AM EST SAT FEB 13 2016


...................................

...THE INDIANAPOLIS EAGLE CREEK IN CLIMATE SUMMARY FOR FEBRUARY 12 2016...

CLIMATE NORMAL PERIOD 1981 TO 2010
CLIMATE RECORD PERIOD 9999 TO 9999


WEATHER ITEM   OBSERVED TIME   NORMAL DEPARTURE LAST
                VALUE   (LST)  VALUE  FROM      YEAR
                                      NORMAL
......................................................
TEMPERATURE (F)
 YESTERDAY
  MAXIMUM         26    416 PM  39    -13       26
  MINIMUM         17   1159 PM  23     -6       13
  AVERAGE         22            31     -9       20

PRECIPITATION (IN)
  YESTERDAY        T             0.09  -0.09      T
  MONTH TO DATE    0.14          0.84  -0.70     0.28
  SINCE DEC 1      6.02          6.13  -0.11     4.51
  SINCE JAN 1      0.79          3.05  -2.26     2.03

DEGREE DAYS
 HEATING
  YESTERDAY       43            34      9       45
  MONTH TO DATE  413           421     -8      447
  SINCE DEC 1   2224          2598   -374     2618
  SINCE JUL 1   3045          3622   -577     3857

 COOLING
  YESTERDAY        0             0      0        0
  MONTH TO DATE    0             0      0        0
  SINCE DEC 1      0             0      0        0
  SINCE JAN 1      0             0      0        0
......................................................


WIND (MPH)
  HIGHEST WIND SPEED    26   HIGHEST WIND DIRECTION    NW (310)
  HIGHEST GUST SPEED    33   HIGHEST GUST DIRECTION    NW (310)
  AVERAGE WIND SPEED     9.5


SKY COVER
  AVERAGE SKY COVER 0.8


WEATHER CONDITIONS
 THE FOLLOWING WEATHER WAS RECORDED YESTERDAY.
  LIGHT SNOW
  FOG


RELATIVE HUMIDITY (PERCENT)
 HIGHEST    81           300 PM
 LOWEST     56           900 PM
 AVERAGE    69

..........................................................


THE INDIANAPOLIS EAGLE CREEK IN CLIMATE NORMALS FOR TODAY
                         NORMAL
 MAXIMUM TEMPERATURE (F)   39
 MINIMUM TEMPERATURE (F)   23


SUNRISE AND SUNSET
FEBRUARY 13 2016......SUNRISE   741 AM EST   SUNSET   618 PM EST
FEBRUARY 14 2016......SUNRISE   740 AM EST   SUNSET   620 PM EST


-  INDICATES NEGATIVE NUMBERS.
R  INDICATES RECORD WAS SET OR TIED.
MM INDICATES DATA IS MISSING.
T  INDICATES TRACE AMOUNT.




$$
