000
CDUS43 KIND 240539
CLIEYE


CLIMATE REPORT
NATIONAL WEATHER SERVICE INDIANAPOLIS IN
139 AM EDT THU APR 24 2014


...................................

...THE INDIANAPOLIS EAGLE CREEK IN CLIMATE SUMMARY FOR APRIL 23 2014...

CLIMATE NORMAL PERIOD 1981 TO 2010
CLIMATE RECORD PERIOD 9999 TO 9999


WEATHER ITEM   OBSERVED TIME   NORMAL DEPARTURE LAST
                VALUE   (LST)  VALUE  FROM      YEAR
                                      NORMAL
......................................................
TEMPERATURE (F)
 YESTERDAY
  MAXIMUM         59    507 PM  65     -6       66
  MINIMUM         37    648 AM  46     -9       47
  AVERAGE         48            56     -8       57

PRECIPITATION (IN)
  YESTERDAY        0.00          0.14  -0.14     0.84
  MONTH TO DATE    4.53          2.72   1.81     5.35
  SINCE MAR 1      5.51          6.02  -0.51     6.81
  SINCE JAN 1      9.89         10.36  -0.47    13.75

DEGREE DAYS
 HEATING
  YESTERDAY       17            10      7        8
  MONTH TO DATE  316           308      8      320
  SINCE MAR 1   1213          1008    205     1246
  SINCE JUL 1   6039          5133    906     5360

 COOLING
  YESTERDAY        0             1     -1        0
  MONTH TO DATE    5            13     -8        3
  SINCE MAR 1      5            14     -9        3
  SINCE JAN 1      5            14     -9        3
......................................................


WIND (MPH)
  HIGHEST WIND SPEED    16   HIGHEST WIND DIRECTION     N (350)
  HIGHEST GUST SPEED    19   HIGHEST GUST DIRECTION     N (360)
  AVERAGE WIND SPEED     6.2


SKY COVER
  AVERAGE SKY COVER 0.1


WEATHER CONDITIONS
 THE FOLLOWING WEATHER WAS RECORDED YESTERDAY.
  NO SIGNIFICANT WEATHER WAS OBSERVED.


RELATIVE HUMIDITY (PERCENT)
 HIGHEST    70           600 AM
 LOWEST     32           800 PM
 AVERAGE    51

..........................................................


THE INDIANAPOLIS EAGLE CREEK IN CLIMATE NORMALS FOR TODAY
                         NORMAL
 MAXIMUM TEMPERATURE (F)   66
 MINIMUM TEMPERATURE (F)   46


SUNRISE AND SUNSET
APRIL 24 2014.........SUNRISE   655 AM EDT   SUNSET   833 PM EDT
APRIL 25 2014.........SUNRISE   653 AM EDT   SUNSET   834 PM EDT


-  INDICATES NEGATIVE NUMBERS.
R  INDICATES RECORD WAS SET OR TIED.
MM INDICATES DATA IS MISSING.
T  INDICATES TRACE AMOUNT.




$$
