000
CDUS42 KKEY 040531
CLIEYW

CLIMATE REPORT
NATIONAL WEATHER SERVICE KEY WEST, FL
129 AM EDT FRI SEP 4 2015


...................................

...THE KEY WEST CLIMATE SUMMARY FOR SEPTEMBER 3 2015...

CLIMATE NORMAL PERIOD 1981 TO 2010
CLIMATE RECORD PERIOD 1871 TO 2015


WEATHER ITEM   OBSERVED TIME   RECORD YEAR NORMAL DEPARTURE LAST
                VALUE   (LST)  VALUE       VALUE  FROM      YEAR
                                                  NORMAL
..................................................................
TEMPERATURE (F)
 YESTERDAY
  MAXIMUM         90    356 PM  95    2007  89      1       88
  MINIMUM         84    914 AM  70    1886  79      5       79
  AVERAGE         87                        84      3       84

PRECIPITATION (IN)
  YESTERDAY        0.02          3.38 1894   0.22  -0.20     0.24
  MONTH TO DATE    0.05                      0.65  -0.60     0.79
  SINCE SEP 1      0.05                      0.65  -0.60     0.79
  SINCE JAN 1     22.56                     24.32  -1.76    22.93

SNOWFALL (IN)
  YESTERDAY        0.0
  MONTH TO DATE    0.0
  SINCE SEP 1      0.0
  SINCE JUL 1      0.0
  SNOW DEPTH       0

DEGREE DAYS
 HEATING
  YESTERDAY        0                         0      0        0
  MONTH TO DATE    0                         0      0        0
  SINCE SEP 1      0                         0      0        0
  SINCE JUL 1      0                         0      0        0

 COOLING
  YESTERDAY       22                        19      3       19
  MONTH TO DATE   66                        57      9       58
  SINCE SEP 1     66                        57      9       58
  SINCE JAN 1   3659                      3246    413     3578
..................................................................


WIND (MPH)
  HIGHEST WIND SPEED     9   HIGHEST WIND DIRECTION     E (100)
  HIGHEST GUST SPEED    13   HIGHEST GUST DIRECTION     S (160)
  AVERAGE WIND SPEED     4.2


SKY COVER
  POSSIBLE SUNSHINE  MM
  AVERAGE SKY COVER 0.2


WEATHER CONDITIONS
 THE FOLLOWING WEATHER WAS RECORDED YESTERDAY.
  LIGHT RAIN


RELATIVE HUMIDITY (PERCENT)
 HIGHEST    80
 LOWEST     64
 AVERAGE    72

..........................................................


THE KEY WEST CLIMATE NORMALS FOR TODAY
                         NORMAL    RECORD    YEAR
 MAXIMUM TEMPERATURE (F)   89        94      1877
 MINIMUM TEMPERATURE (F)   79        70      1958
                                             1890


SUNRISE AND SUNSET
SEPTEMBER  4 2015.....SUNRISE   709 AM EDT   SUNSET   743 PM EDT
SEPTEMBER  5 2015.....SUNRISE   710 AM EDT   SUNSET   742 PM EDT


-  INDICATES NEGATIVE NUMBERS.
R  INDICATES RECORD WAS SET OR TIED.
MM INDICATES DATA IS MISSING.
T  INDICATES TRACE AMOUNT.

$$

CLR
