000
CDUS42 KKEY 252038
CLIEYW

CLIMATE REPORT
NATIONAL WEATHER SERVICE KEY WEST, FL
436 PM EDT WED MAY 25 2016


...................................

...THE KEY WEST CLIMATE SUMMARY FOR MAY 25 2016...
VALID TODAY AS OF 0400 PM LOCAL TIME.

CLIMATE NORMAL PERIOD 1981 TO 2010
CLIMATE RECORD PERIOD 1871 TO 2016


WEATHER ITEM   OBSERVED TIME   RECORD YEAR NORMAL DEPARTURE LAST
                VALUE   (LST)  VALUE       VALUE  FROM      YEAR
                                                  NORMAL
..................................................................
TEMPERATURE (F)
 TODAY
  MAXIMUM         86    259 PM  91    2008  86      0       87
                                      1989
  MINIMUM         74    708 AM  70    1992  77     -3       80
                                      1913
  AVERAGE         80                        82     -2       84

PRECIPITATION (IN)
  TODAY            0.12          3.34 1985   0.12   0.00     0.03
  MONTH TO DATE    2.30                      2.16   0.14     1.10
  SINCE MAR 1      4.00                      6.26  -2.26     9.18
  SINCE JAN 1     11.08                      9.79   1.29    12.41

SNOWFALL (IN)
  TODAY            0.0
  MONTH TO DATE    0.0
  SINCE MAR 1      0.0
  SINCE JUL 1      0.0
  SNOW DEPTH       0

DEGREE DAYS
 HEATING
  TODAY            0                         0      0        0
  MONTH TO DATE    0                         0      0        0
  SINCE MAR 1      0                         7     -7        0
  SINCE JUL 1     24                        73    -49       27

 COOLING
  TODAY           15                        17     -2       19
  MONTH TO DATE  366                       375     -9      410
  SINCE MAR 1   1059                       981     78     1254
  SINCE JAN 1   1387                      1329     58     1612
..................................................................


WIND (MPH)
  HIGHEST WIND SPEED    22   HIGHEST WIND DIRECTION    SE (120)
  HIGHEST GUST SPEED    30   HIGHEST GUST DIRECTION     E (70)
  AVERAGE WIND SPEED    12.0


SKY COVER
  POSSIBLE SUNSHINE  MM
  AVERAGE SKY COVER 0.4


WEATHER CONDITIONS
 THE FOLLOWING WEATHER WAS RECORDED TODAY.
  THUNDERSTORM
  HEAVY RAIN
  RAIN
  LIGHT RAIN
  FOG


RELATIVE HUMIDITY (PERCENT)
 HIGHEST    85
 LOWEST     65
 AVERAGE    75

..........................................................


THE KEY WEST CLIMATE NORMALS FOR TOMORROW
                         NORMAL    RECORD    YEAR
 MAXIMUM TEMPERATURE (F)   86        91      1989
                                             1873
 MINIMUM TEMPERATURE (F)   77        68      1992


SUNRISE AND SUNSET
MAY 25 2016...........SUNRISE   639 AM EDT   SUNSET   809 PM EDT
MAY 26 2016...........SUNRISE   639 AM EDT   SUNSET   809 PM EDT


-  INDICATES NEGATIVE NUMBERS.
R  INDICATES RECORD WAS SET OR TIED.
MM INDICATES DATA IS MISSING.
T  INDICATES TRACE AMOUNT.




$$
