000
CDUS42 KKEY 200650
CLIEYW


CLIMATE REPORT
NATIONAL WEATHER SERVICE KEY WEST, FL
247 AM EDT SUN AUG 20 2017


...................................

...THE KEY WEST CLIMATE SUMMARY FOR AUGUST 19 2017...

CLIMATE NORMAL PERIOD 1981 TO 2010
CLIMATE RECORD PERIOD 1871 TO 2017


WEATHER ITEM   OBSERVED TIME   RECORD YEAR NORMAL DEPARTURE LAST
                VALUE   (LST)  VALUE       VALUE  FROM      YEAR
                                                  NORMAL
..................................................................
TEMPERATURE (F)
 YESTERDAY
  MAXIMUM         94R  1239 PM  94    2017  89      5       89
                                      1957
                                      1956
  MINIMUM         78    836 PM  72    1929  80     -2       81
                                      1898
  AVERAGE         86                        84      2       85

PRECIPITATION (IN)
  YESTERDAY        0.53          1.40 1924   0.18   0.35     0.00
  MONTH TO DATE    1.84                      3.07  -1.23     3.00
  SINCE JUN 1     10.80                     10.73   0.07     7.88
  SINCE JAN 1     19.85                     21.36  -1.51    19.53

SNOWFALL (IN)
  YESTERDAY        0.0
  MONTH TO DATE    0.0
  SINCE JUN 1      0.0
  SINCE JUL 1      0.0
  SNOW DEPTH       0

DEGREE DAYS
 HEATING
  YESTERDAY        0                         0      0        0
  MONTH TO DATE    0                         0      0        0
  SINCE JUN 1      0                         0      0        0
  SINCE JUL 1      0                         0      0        0

 COOLING
  YESTERDAY       21                        19      2       20
  MONTH TO DATE  413                       378     35      385
  SINCE JUN 1   1637                      1533    104     1589
  SINCE JAN 1   3392                      2963    429     3080
..................................................................


WIND (MPH)
  HIGHEST WIND SPEED    30   HIGHEST WIND DIRECTION     E (80)
  HIGHEST GUST SPEED    45   HIGHEST GUST DIRECTION     E (80)
  AVERAGE WIND SPEED     7.6


SKY COVER
  POSSIBLE SUNSHINE  MM
  AVERAGE SKY COVER 0.1


WEATHER CONDITIONS
 THE FOLLOWING WEATHER WAS RECORDED YESTERDAY.
  THUNDERSTORM
  HEAVY RAIN
  FOG
  HAZE


RELATIVE HUMIDITY (PERCENT)
 HIGHEST    88
 LOWEST     56
 AVERAGE    72

..........................................................


THE KEY WEST CLIMATE NORMALS FOR TODAY
                         NORMAL    RECORD    YEAR
 MAXIMUM TEMPERATURE (F)   89        94      1958
                                             1951
 MINIMUM TEMPERATURE (F)   80        69      1963


SUNRISE AND SUNSET
AUGUST 20 2017........SUNRISE   704 AM EDT   SUNSET   756 PM EDT
AUGUST 21 2017........SUNRISE   704 AM EDT   SUNSET   756 PM EDT


-  INDICATES NEGATIVE NUMBERS.
R  INDICATES RECORD WAS SET OR TIED.
MM INDICATES DATA IS MISSING.
T  INDICATES TRACE AMOUNT.




$$
