000
CDUS42 KKEY 300548
CLIEYW

CLIMATE REPORT
NATIONAL WEATHER SERVICE KEY WEST FL
150 AM EDT WED JUL 30 2014

...................................

...THE KEY WEST CLIMATE SUMMARY FOR JULY 29 2014...

CLIMATE NORMAL PERIOD 1981 TO 2010
CLIMATE RECORD PERIOD 1871 TO 2014

WEATHER ITEM   OBSERVED TIME   RECORD YEAR NORMAL DEPARTURE LAST
                VALUE   (LST)  VALUE       VALUE  FROM      YEAR
                                                  NORMAL
..................................................................
TEMPERATURE (F)
 YESTERDAY
  MAXIMUM         92    238 PM  95    1880  90      2       90
                                      1872
  MINIMUM         83    223 AM  73    1996  80      3       81
                                      1983
  AVERAGE         88                        85      3       86

PRECIPITATION (IN)
  YESTERDAY        0.00          1.23 1996   0.12  -0.12     0.00
  MONTH TO DATE    1.96                      3.31  -1.35     7.80
  SINCE JUN 1      4.34                      7.42  -3.08    16.34
  SINCE JAN 1     17.19                     18.05  -0.86    31.13

SNOWFALL (IN)
  YESTERDAY        0.0
  MONTH TO DATE    0.0
  SINCE JUN 1      0.0
  SINCE JUL 1      0.0
  SNOW DEPTH       0

DEGREE DAYS
 HEATING
  YESTERDAY        0                         0      0        0
  MONTH TO DATE    0                         0      0        0
  SINCE JUN 1      0                         0      0        0
  SINCE JUL 1      0                         0      0        0

 COOLING
  YESTERDAY       23                        20      3       21
  MONTH TO DATE  627                       568     59      516
  SINCE JUN 1   1185                      1117     68     1074
  SINCE JAN 1   2807                      2547    260     2703
..................................................................

WIND (MPH)
  HIGHEST WIND SPEED    14   HIGHEST WIND DIRECTION    NW (310)
  HIGHEST GUST SPEED    19   HIGHEST GUST DIRECTION    NW (320)
  AVERAGE WIND SPEED     6.7

SKY COVER
  POSSIBLE SUNSHINE  MM
  AVERAGE SKY COVER 0.2

WEATHER CONDITIONS
 THE FOLLOWING WEATHER WAS RECORDED YESTERDAY.
  NO SIGNIFICANT WEATHER WAS OBSERVED.

RELATIVE HUMIDITY (PERCENT)
 HIGHEST    79
 LOWEST     59
 AVERAGE    69
..........................................................

THE KEY WEST CLIMATE NORMALS FOR TODAY
                         NORMAL    RECORD    YEAR
 MAXIMUM TEMPERATURE (F)   90        94      1933
                                             1884
                                             1881
 MINIMUM TEMPERATURE (F)   80        69      1890

SUNRISE AND SUNSET
JULY 30 2014..........SUNRISE   654 AM EDT   SUNSET   812 PM EDT
JULY 31 2014..........SUNRISE   655 AM EDT   SUNSET   812 PM EDT

-  INDICATES NEGATIVE NUMBERS.
R  INDICATES RECORD WAS SET OR TIED.
MM INDICATES DATA IS MISSING.
T  INDICATES TRACE AMOUNT.

$$
BS
