000
CDUS42 KKEY 230532
CLIEYW


CLIMATE REPORT
NATIONAL WEATHER SERVICE KEY WEST, FL
130 AM EDT TUE MAY 23 2017


...................................

...THE KEY WEST CLIMATE SUMMARY FOR MAY 22 2017...

CLIMATE NORMAL PERIOD 1981 TO 2010
CLIMATE RECORD PERIOD 1871 TO 2017


WEATHER ITEM   OBSERVED TIME   RECORD YEAR NORMAL DEPARTURE LAST
                VALUE   (LST)  VALUE       VALUE  FROM      YEAR
                                                  NORMAL
..................................................................
TEMPERATURE (F)
 YESTERDAY
  MAXIMUM         86    330 PM  92    1935  86      0       86
  MINIMUM         79    541 AM  68    1940  77      2       76
                                      1926
  AVERAGE         83                        81      2       81

PRECIPITATION (IN)
  YESTERDAY        0.00          1.89 1926   0.11  -0.11     0.00
  MONTH TO DATE    0.66                      1.79  -1.13     2.15
  SINCE MAR 1      5.47                      5.89  -0.42     3.85
  SINCE JAN 1      8.52                      9.42  -0.90    10.93

SNOWFALL (IN)
  YESTERDAY        0.0
  MONTH TO DATE    0.0
  SINCE MAR 1      0.0
  SINCE JUL 1      0.0
  SNOW DEPTH       0

DEGREE DAYS
 HEATING
  YESTERDAY        0                         0      0        0
  MONTH TO DATE    0                         0      0        0
  SINCE MAR 1      0                         7     -7        0
  SINCE JUL 1      5                        73    -68       24

 COOLING
  YESTERDAY       18                        16      2       16
  MONTH TO DATE  344                       326     18      317
  SINCE MAR 1   1038                       932    106     1010
  SINCE JAN 1   1578                      1280    298     1338
..................................................................


WIND (MPH)
  HIGHEST WIND SPEED    18   HIGHEST WIND DIRECTION    SE (130)
  HIGHEST GUST SPEED    24   HIGHEST GUST DIRECTION    SE (120)
  AVERAGE WIND SPEED    11.2


SKY COVER
  POSSIBLE SUNSHINE  MM
  AVERAGE SKY COVER 0.1


WEATHER CONDITIONS
 THE FOLLOWING WEATHER WAS RECORDED YESTERDAY.
  NO SIGNIFICANT WEATHER WAS OBSERVED.


RELATIVE HUMIDITY (PERCENT)
 HIGHEST    79
 LOWEST     65
 AVERAGE    72

..........................................................


THE KEY WEST CLIMATE NORMALS FOR TODAY
                         NORMAL    RECORD    YEAR
 MAXIMUM TEMPERATURE (F)   86        92      1873
 MINIMUM TEMPERATURE (F)   77        69      1940


SUNRISE AND SUNSET
MAY 23 2017...........SUNRISE   640 AM EDT   SUNSET   808 PM EDT
MAY 24 2017...........SUNRISE   640 AM EDT   SUNSET   808 PM EDT


-  INDICATES NEGATIVE NUMBERS.
R  INDICATES RECORD WAS SET OR TIED.
MM INDICATES DATA IS MISSING.
T  INDICATES TRACE AMOUNT.

$$

CLR
