000
CDUS42 KKEY 240542
CLIEYW


CLIMATE REPORT
NATIONAL WEATHER SERVICE KEY WEST, FL
141 AM EDT SAT JUN 24 2017


...................................

...THE KEY WEST CLIMATE SUMMARY FOR JUNE 23 2017...

CLIMATE NORMAL PERIOD 1981 TO 2010
CLIMATE RECORD PERIOD 1871 TO 2017


WEATHER ITEM   OBSERVED TIME   RECORD YEAR NORMAL DEPARTURE LAST
                VALUE   (LST)  VALUE       VALUE  FROM      YEAR
                                                  NORMAL
..................................................................
TEMPERATURE (F)
 YESTERDAY
  MAXIMUM         89   1252 PM  93    1994  88      1       89
                                      1987
                                      1951
  MINIMUM         82    554 AM  71    1912  79      3       81
  AVERAGE         86                        84      2       85

PRECIPITATION (IN)
  YESTERDAY        T             1.84 1877   0.14  -0.14      T
  MONTH TO DATE    5.66                      3.16   2.50     0.77
  SINCE JUN 1      5.66                      3.16   2.50     0.77
  SINCE JAN 1     14.71                     13.79   0.92    12.42

SNOWFALL (IN)
  YESTERDAY        0.0
  MONTH TO DATE    0.0
  SINCE JUN 1      0.0
  SINCE JUL 1      0.0
  SNOW DEPTH       0

DEGREE DAYS
 HEATING
  YESTERDAY        0                         0      0        0
  MONTH TO DATE    0                         0      0        0
  SINCE JUN 1      0                         0      0        0
  SINCE JUL 1      5                        73    -68       24

 COOLING
  YESTERDAY       21                        19      2       20
  MONTH TO DATE  430                       417     13      435
  SINCE JUN 1    430                       417     13      435
  SINCE JAN 1   2185                      1847    338     1926
..................................................................


WIND (MPH)
  HIGHEST WIND SPEED    21   HIGHEST WIND DIRECTION     E (110)
  HIGHEST GUST SPEED    25   HIGHEST GUST DIRECTION     E (110)
  AVERAGE WIND SPEED    14.2


SKY COVER
  POSSIBLE SUNSHINE  MM
  AVERAGE SKY COVER 0.2


WEATHER CONDITIONS
 THE FOLLOWING WEATHER WAS RECORDED YESTERDAY.
  LIGHT RAIN


RELATIVE HUMIDITY (PERCENT)
 HIGHEST    80
 LOWEST     68
 AVERAGE    74

..........................................................


THE KEY WEST CLIMATE NORMALS FOR TODAY
                         NORMAL    RECORD    YEAR
 MAXIMUM TEMPERATURE (F)   88        94      1950
 MINIMUM TEMPERATURE (F)   79        71      1938
                                             1907
                                             1892


SUNRISE AND SUNSET
JUNE 24 2017..........SUNRISE   640 AM EDT   SUNSET   819 PM EDT
JUNE 25 2017..........SUNRISE   640 AM EDT   SUNSET   819 PM EDT


-  INDICATES NEGATIVE NUMBERS.
R  INDICATES RECORD WAS SET OR TIED.
MM INDICATES DATA IS MISSING.
T  INDICATES TRACE AMOUNT.




$$
