000
CDUS42 KKEY 190537
CLIEYW

CLIMATE REPORT
NATIONAL WEATHER SERVICE KEY WEST, FL
1235 AM EST FRI DEC 19 2014


...................................

...THE KEY WEST CLIMATE SUMMARY FOR DECEMBER 18 2014...

CLIMATE NORMAL PERIOD 1981 TO 2010
CLIMATE RECORD PERIOD 1871 TO 2014


WEATHER ITEM   OBSERVED TIME   RECORD YEAR NORMAL DEPARTURE LAST
                VALUE   (LST)  VALUE       VALUE  FROM      YEAR
                                                  NORMAL
..................................................................
TEMPERATURE (F)
 YESTERDAY
  MAXIMUM         77    212 PM  87    1880  76      1       75
  MINIMUM         64    716 AM  52    1882  67     -3       69
  AVERAGE         71                        71      0       72

PRECIPITATION (IN)
  YESTERDAY        0.00          3.28 2009   0.07  -0.07     0.00
  MONTH TO DATE    0.01                      1.40  -1.39     0.94
  SINCE DEC 1      0.01                      1.40  -1.39     0.94
  SINCE JAN 1     34.38                     39.01  -4.63    46.54

SNOWFALL (IN)
  YESTERDAY        0.0
  MONTH TO DATE    0.0
  SINCE DEC 1      0.0
  SINCE JUL 1      0.0
  SNOW DEPTH       0

DEGREE DAYS
 HEATING
  YESTERDAY        0                         1     -1        0
  MONTH TO DATE    5                         2      3        0
  SINCE DEC 1      5                         2      3        0
  SINCE JUL 1      6                         3      3        0

 COOLING
  YESTERDAY        6                         7     -1        7
  MONTH TO DATE  111                       138    -27      197
  SINCE DEC 1    111                       138    -27      197
  SINCE JAN 1   4954                      4671    283     4958
..................................................................


WIND (MPH)
  HIGHEST WIND SPEED    15   HIGHEST WIND DIRECTION     N (20)
  HIGHEST GUST SPEED    18   HIGHEST GUST DIRECTION     N (20)
  AVERAGE WIND SPEED     6.1


SKY COVER
  POSSIBLE SUNSHINE  MM
  AVERAGE SKY COVER 0.0


WEATHER CONDITIONS
 THE FOLLOWING WEATHER WAS RECORDED YESTERDAY.
  NO SIGNIFICANT WEATHER WAS OBSERVED.


RELATIVE HUMIDITY (PERCENT)
 HIGHEST    93
 LOWEST     57
 AVERAGE    75

..........................................................


THE KEY WEST CLIMATE NORMALS FOR TODAY
                         NORMAL    RECORD    YEAR
 MAXIMUM TEMPERATURE (F)   76        84      1956
                                             1922
                                             1880
 MINIMUM TEMPERATURE (F)   66        51      1901


SUNRISE AND SUNSET
DECEMBER 19 2014......SUNRISE   706 AM EST   SUNSET   543 PM EST
DECEMBER 20 2014......SUNRISE   706 AM EST   SUNSET   543 PM EST


-  INDICATES NEGATIVE NUMBERS.
R  INDICATES RECORD WAS SET OR TIED.
MM INDICATES DATA IS MISSING.
T  INDICATES TRACE AMOUNT.




$$
