000
CDAK49 PAFG 200057
CLIFAI

CLIMATE REPORT
NATIONAL WEATHER SERVICE FAIRBANKS AK
457 PM AKDT SAT APR 19 2014

...................................

...THE FAIRBANKS AK CLIMATE SUMMARY FOR APRIL 19 2014...
VALID TODAY AS OF 0400 PM LOCAL TIME.

CLIMATE NORMAL PERIOD 1981 TO 2010
CLIMATE RECORD PERIOD 1904 TO 2014


WEATHER ITEM   OBSERVED TIME   RECORD YEAR NORMAL DEPARTURE LAST
                VALUE   (LST)  VALUE       VALUE  FROM      YEAR
                                                  NORMAL
..................................................................
TEMPERATURE (F)
 TODAY
  MAXIMUM         53    252 PM  66    2010  47      6       42
                                      1999
  MINIMUM         27    614 AM  -7    1959  24      3        4
  AVERAGE         40                        36      4       23

PRECIPITATION (IN)
  TODAY            0.00          0.40 1924   0.01  -0.01     0.00
  MONTH TO DATE    0.20                      0.16   0.04     0.31
  SINCE MAR 1      0.41                      0.41   0.00     0.57
  SINCE JAN 1      1.03                      1.41  -0.38     1.84

SNOWFALL (IN)
  TODAY            0.0           4.7  1924   0.1   -0.1      0.0
  MONTH TO DATE    2.9                       2.1    0.8      5.4
  SINCE MAR 1      6.0                       7.0   -1.0     11.6
  SINCE JUL 1     48.9                      63.3  -14.4     62.1
  SNOW DEPTH       8

DEGREE DAYS
 HEATING
  TODAY           25                        30     -5       42
  MONTH TO DATE  711                       692     19      979
  SINCE MAR 1   2287                      2352    -65     2765
  SINCE JUL 1  11679                     12742  -1063    13734

 COOLING
  TODAY            0                         0      0        0
  MONTH TO DATE    0                         0      0        0
  SINCE MAR 1      0                         0      0        0
  SINCE JAN 1      0                         0      0        0
..................................................................


WIND (MPH)
  HIGHEST GUST SPEED    13   HIGHEST GUST DIRECTION     E (70)


SKY COVER
  AVERAGE SKY COVER 0.4


WEATHER CONDITIONS
 THE FOLLOWING WEATHER WAS RECORDED TODAY.
  NO SIGNIFICANT WEATHER WAS OBSERVED.


RELATIVE HUMIDITY (PERCENT)
 HIGHEST    92
 LOWEST     32
 AVERAGE    62

..........................................................


THE FAIRBANKS AK CLIMATE NORMALS FOR TOMORROW
                         NORMAL    RECORD    YEAR
 MAXIMUM TEMPERATURE (F)   48        64      1999
 MINIMUM TEMPERATURE (F)   25        -6      1937


SUNRISE AND SUNSET
APRIL 19 2014..........SUNRISE  602 AM AKDT   SUNSET  943 PM AKDT
APRIL 20 2014..........SUNRISE  558 AM AKDT   SUNSET  946 PM AKDT


-  INDICATES NEGATIVE NUMBERS.
R  INDICATES RECORD WAS SET OR TIED.
MM INDICATES DATA IS MISSING.
T  INDICATES TRACE AMOUNT.

&&

SNOW DEPTH IS MEASURED AT 3AM AKST/4AM AKDT

----------------------------
AVAILABLE DAYLIGHT

AMOUNT OF DAYLIGHT TODAY  (HOUR:MIN)........15:41
GAIN SINCE YESTERDAY........................7 MINUTES
----------------------------

$$
EWP APR 14
