000
CDAK49 PAFG 280035
CLIFAI

CLIMATE REPORT
NATIONAL WEATHER SERVICE FAIRBANKS AK
435 PM AKDT WED MAY 27 2015

...................................

...THE FAIRBANKS AK CLIMATE SUMMARY FOR MAY 27 2015...
VALID TODAY AS OF 0400 PM LOCAL TIME.

CLIMATE NORMAL PERIOD 1981 TO 2010
CLIMATE RECORD PERIOD 1904 TO 2015


WEATHER ITEM   OBSERVED TIME   RECORD YEAR NORMAL DEPARTURE LAST
                VALUE   (LST)  VALUE       VALUE  FROM      YEAR
                                                  NORMAL
..................................................................
TEMPERATURE (F)
 TODAY
  MAXIMUM         73    252 PM  85    2011  65      8       64
  MINIMUM         51    335 AM  28    1927  42      9       45
  AVERAGE         62                        54      8       55

PRECIPITATION (IN)
  TODAY            0.00          0.77 1955   0.02  -0.02     0.00
  MONTH TO DATE    0.18                      0.50  -0.32     0.04
  SINCE MAR 1      0.83                      1.06  -0.23     0.45
  SINCE JAN 1      1.46                      2.06  -0.60     1.07

SNOWFALL (IN)
  TODAY            0.0           0.1  1978   0.0    0.0      0.0
  MONTH TO DATE    0.0                       0.9   -0.9       T
  SINCE MAR 1     10.2                       8.7    1.5      6.0
  SINCE JUL 1     43.8                      65.0  -21.2     48.9
  SNOW DEPTH       0

DEGREE DAYS
 HEATING
  TODAY            3                        11     -8       10
  MONTH TO DATE  274                       444   -170      392
  SINCE MAR 1   2642                      3078   -436     2893
  SINCE JUL 1  12109                     13468  -1359    12285

 COOLING
  TODAY            0                         0      0        0
  MONTH TO DATE    2                         0      2        0
  SINCE MAR 1      2                         0      2        0
  SINCE JAN 1      2                         0      2        0
..................................................................


WIND (MPH)
  HIGHEST GUST SPEED    10   HIGHEST GUST DIRECTION     E (110)


SKY COVER
  AVERAGE SKY COVER 0.8


WEATHER CONDITIONS
 THE FOLLOWING WEATHER WAS RECORDED TODAY.
  NO SIGNIFICANT WEATHER WAS OBSERVED.


RELATIVE HUMIDITY (PERCENT)
 HIGHEST    83
 LOWEST     41
 AVERAGE    62

..........................................................


THE FAIRBANKS AK CLIMATE NORMALS FOR TOMORROW
                         NORMAL    RECORD    YEAR
 MAXIMUM TEMPERATURE (F)   66        90      1947
 MINIMUM TEMPERATURE (F)   43        30      1934


SUNRISE AND SUNSET
MAY 27 2015..........SUNRISE  349 AM AKDT   SUNSET  1152 PM AKDT
MAY 28 2015..........SUNRISE  346 AM AKDT   SUNSET  1155 PM AKDT


-  INDICATES NEGATIVE NUMBERS.
R  INDICATES RECORD WAS SET OR TIED.
MM INDICATES DATA IS MISSING.
T  INDICATES TRACE AMOUNT.

&&

SNOW DEPTH IS MEASURED AT 3AM AKST/4AM AKDT

----------------------------
AVAILABLE DAYLIGHT

AMOUNT OF DAYLIGHT TODAY  (HOUR:MIN)........20:03
GAIN SINCE YESTERDAY........................6 MINUTES
----------------------------

$$
APW MAY 15
