000
CDAK49 PAFG 060933
CLIFAI

CLIMATE REPORT
NATIONAL WEATHER SERVICE FAIRBANKS AK
133 AM AKDT FRI MAY 6 2016

...................................

...THE FAIRBANKS AK CLIMATE SUMMARY FOR MAY 5 2016...

CLIMATE NORMAL PERIOD 1981 TO 2010
CLIMATE RECORD PERIOD 1904 TO 2016


WEATHER ITEM   OBSERVED TIME   RECORD YEAR NORMAL DEPARTURE LAST
                VALUE   (LST)  VALUE       VALUE  FROM      YEAR
                                                  NORMAL
..................................................................
TEMPERATURE (F)
 YESTERDAY
  MAXIMUM         60    610 PM  70    1960  56      4       59
  MINIMUM         31    426 AM  11    1945  33     -2       36
  AVERAGE         46                        45      1       48

PRECIPITATION (IN)
  YESTERDAY        0.00          0.27 1941   0.02  -0.02     0.00
  MONTH TO DATE    0.44                      0.08   0.36     0.00
  SINCE MAR 1      1.49                      0.64   0.85     0.65
  SINCE JAN 1      1.55                      1.64  -0.09     1.28

SNOWFALL (IN)
  YESTERDAY        0.0           2.9  2001   0.1   -0.1      0.0
  MONTH TO DATE    0.0                       0.3   -0.3      0.0
  SINCE MAR 1      7.4                       8.1   -0.7     10.2
  SINCE JUL 1     60.0                      64.4   -4.4     43.8
  SNOW DEPTH       0

DEGREE DAYS
 HEATING
  YESTERDAY       19                        20     -1       17
  MONTH TO DATE   86                       106    -20       96
  SINCE MAR 1   2153                      2740   -587     2464
  SINCE JUL 1  11559                     13130  -1571    11931

 COOLING
  YESTERDAY        0                         0      0        0
  MONTH TO DATE    0                         0      0        0
  SINCE MAR 1      0                         0      0        0
  SINCE JAN 1      0                         0      0        0
..................................................................


WIND (MPH)
  HIGHEST GUST SPEED    16   HIGHEST GUST DIRECTION    SE (150)


SKY COVER
  AVERAGE SKY COVER 0.5


WEATHER CONDITIONS
 THE FOLLOWING WEATHER WAS RECORDED YESTERDAY.
  NO SIGNIFICANT WEATHER WAS OBSERVED.


RELATIVE HUMIDITY (PERCENT)
 HIGHEST    89
 LOWEST     18
 AVERAGE    54

..........................................................


THE FAIRBANKS AK CLIMATE NORMALS FOR TODAY
                         NORMAL    RECORD    YEAR
 MAXIMUM TEMPERATURE (F)   57        72      1951
 MINIMUM TEMPERATURE (F)   34        12      1922


SUNRISE AND SUNSET
MAY 06 2016..........SUNRISE  458 AM AKDT   SUNSET  1041 PM AKDT
MAY 07 2016..........SUNRISE  455 AM AKDT   SUNSET  1045 PM AKDT


-  INDICATES NEGATIVE NUMBERS.
R  INDICATES RECORD WAS SET OR TIED.
MM INDICATES DATA IS MISSING.
T  INDICATES TRACE AMOUNT.

&&

SNOW DEPTH IS MEASURED AT 3AM AKST/4AM AKDT

----------------------------
AVAILABLE DAYLIGHT

AMOUNT OF DAYLIGHT TODAY  (HOUR:MIN)........17:43
GAIN SINCE YESTERDAY........................7 MINUTES
----------------------------

$$
MAY 16
