000
CDAK49 PAFG 250934
CLIFAI

CLIMATE REPORT
NATIONAL WEATHER SERVICE FAIRBANKS AK
134 AM AKDT THU AUG 25 2016

...................................

...THE FAIRBANKS AK CLIMATE SUMMARY FOR AUGUST 24 2016...

CLIMATE NORMAL PERIOD 1981 TO 2010
CLIMATE RECORD PERIOD 1904 TO 2016


WEATHER ITEM   OBSERVED TIME   RECORD YEAR NORMAL DEPARTURE LAST
                VALUE   (LST)  VALUE       VALUE  FROM      YEAR
                                                  NORMAL
..................................................................
TEMPERATURE (F)
 YESTERDAY
  MAXIMUM         71    534 PM  86    1928  64      7       58
  MINIMUM         49    433 AM  23    1948  44      5       43
  AVERAGE         60                        54      6       51

PRECIPITATION (IN)
  YESTERDAY        0.00          0.97 1961   0.05  -0.05      T
  MONTH TO DATE    1.38                      1.50  -0.12     0.93
  SINCE JUN 1      9.64                      5.03   4.61     4.74
  SINCE JAN 1     11.53                      7.19   4.34     6.31

SNOWFALL (IN)
  YESTERDAY        0.0           T    1951   0.0    0.0      0.0
  MONTH TO DATE    0.0                       0.0    0.0      0.0
  SINCE JUN 1      0.0                       0.0    0.0      0.0
  SINCE JUL 1      0.0                       0.0    0.0      0.0
  SNOW DEPTH       0

DEGREE DAYS
 HEATING
  YESTERDAY        5                        11     -6       14
  MONTH TO DATE   76                       193   -117      188
  SINCE JUN 1    321                       461   -140      473
  SINCE JUL 1    160                       301   -141      292

 COOLING
  YESTERDAY        0                         0      0        0
  MONTH TO DATE    8                         0      8        5
  SINCE JUN 1     70                        54     16       60
  SINCE JAN 1     76                        55     21       62
..................................................................


WIND (MPH)
  HIGHEST GUST SPEED    12   HIGHEST GUST DIRECTION     E (110)


SKY COVER
  AVERAGE SKY COVER 0.7


WEATHER CONDITIONS
 THE FOLLOWING WEATHER WAS RECORDED YESTERDAY.
  NO SIGNIFICANT WEATHER WAS OBSERVED.


RELATIVE HUMIDITY (PERCENT)
 HIGHEST   100
 LOWEST     52
 AVERAGE    76

..........................................................


THE FAIRBANKS AK CLIMATE NORMALS FOR TODAY
                         NORMAL    RECORD    YEAR
 MAXIMUM TEMPERATURE (F)   64        76      1987
                                             1957
                                             1947
 MINIMUM TEMPERATURE (F)   44        31      1965
                                             1948


SUNRISE AND SUNSET
AUGUST 25 2016..........SUNRISE  613 AM AKDT   SUNSET  933 PM AKDT
AUGUST 26 2016..........SUNRISE  616 AM AKDT   SUNSET  929 PM AKDT


-  INDICATES NEGATIVE NUMBERS.
R  INDICATES RECORD WAS SET OR TIED.
MM INDICATES DATA IS MISSING.
T  INDICATES TRACE AMOUNT.

&&

SNOW DEPTH IS MEASURED AT 3AM AKST/4AM AKDT

----------------------------
AVAILABLE DAYLIGHT

AMOUNT OF DAYLIGHT TODAY  (HOUR:MIN)........15:20
LOSS SINCE YESTERDAY........................7 MINUTES
----------------------------

$$
CCC AUG 16
