000
CDAK49 PAFG 181005
CLIFAI

CLIMATE REPORT
NATIONAL WEATHER SERVICE FAIRBANKS AK
105 AM AKST WED JAN 18 2017

...................................

...THE FAIRBANKS AK CLIMATE SUMMARY FOR JANUARY 17 2017...

CLIMATE NORMAL PERIOD 1981 TO 2010
CLIMATE RECORD PERIOD 1904 TO 2017


WEATHER ITEM   OBSERVED TIME   RECORD YEAR NORMAL DEPARTURE LAST
                VALUE   (LST)  VALUE       VALUE  FROM      YEAR
                                                  NORMAL
..................................................................
TEMPERATURE (F)
 YESTERDAY
  MAXIMUM        -14    547 AM  48    2009   0    -14       11
  MINIMUM        -47   1142 PM -57    1947 -16    -31      -12
  AVERAGE        -30                        -9    -21        0

PRECIPITATION (IN)
  YESTERDAY        0.02          0.33 2000   0.02   0.00     0.00
  MONTH TO DATE    0.82                      0.34   0.48      T
  SINCE DEC 1      2.78                      0.98   1.80     0.07
  SINCE JAN 1      0.82                      0.34   0.48      T

SNOWFALL (IN)
  YESTERDAY        0.2           4.0  2008   0.4   -0.2      0.0
  MONTH TO DATE   13.8                       6.1    7.7      0.6
  SINCE DEC 1     46.7                      18.2   28.5      1.7
  SINCE JUL 1     51.9                      44.0    7.9     51.8
  SNOW DEPTH      23

DEGREE DAYS
 HEATING
  YESTERDAY       95                        74     21       65
  MONTH TO DATE 1244                      1242      2     1042
  SINCE DEC 1   3510                      3383    127     3114
  SINCE JUL 1   7280                      7514   -234     6902

 COOLING
  YESTERDAY        0                         0      0        0
  MONTH TO DATE    0                         0      0        0
  SINCE DEC 1      0                         0      0        0
  SINCE JAN 1      0                         0      0        0
..................................................................


WIND (MPH)
  HIGHEST GUST SPEED     9   HIGHEST GUST DIRECTION     S (200)


SKY COVER
  AVERAGE SKY COVER 0.5


WEATHER CONDITIONS
 THE FOLLOWING WEATHER WAS RECORDED YESTERDAY.
  LIGHT SNOW
  FOG


RELATIVE HUMIDITY (PERCENT)
 HIGHEST    92
 LOWEST     72
 AVERAGE    82

..........................................................


THE FAIRBANKS AK CLIMATE NORMALS FOR TODAY
                         NORMAL    RECORD    YEAR
 MAXIMUM TEMPERATURE (F)    0        38      2001
                                             1980
                                             1965
 MINIMUM TEMPERATURE (F)  -16       -61      1906


SUNRISE AND SUNSET
JANUARY 18 2017..........SUNRISE  1018 AM AKST   SUNSET  347 PM AKST
JANUARY 19 2017..........SUNRISE  1015 AM AKST   SUNSET  351 PM AKST


-  INDICATES NEGATIVE NUMBERS.
R  INDICATES RECORD WAS SET OR TIED.
MM INDICATES DATA IS MISSING.
T  INDICATES TRACE AMOUNT.

&&

SNOW DEPTH IS MEASURED AT 3AM AKST/4AM AKDT

----------------------------
AVAILABLE DAYLIGHT

AMOUNT OF DAYLIGHT TODAY  (HOUR:MIN)........5:29
GAIN SINCE YESTERDAY........................5 MINUTES
----------------------------

$$
JAN 17
