000
CDAK49 PAFG 220934
CLIFAI

CLIMATE REPORT
NATIONAL WEATHER SERVICE FAIRBANKS AK
134 AM AKDT WED OCT 22 2014

...................................

...THE FAIRBANKS AK CLIMATE SUMMARY FOR OCTOBER 21 2014...

CLIMATE NORMAL PERIOD 1981 TO 2010
CLIMATE RECORD PERIOD 1904 TO 2014


WEATHER ITEM   OBSERVED TIME   RECORD YEAR NORMAL DEPARTURE LAST
                VALUE   (LST)  VALUE       VALUE  FROM      YEAR
                                                  NORMAL
..................................................................
TEMPERATURE (F)
 YESTERDAY
  MAXIMUM         38    322 PM  60    1938  27     11       39
  MINIMUM         26    858 AM -17    1958  13     13       23
  AVERAGE         32                        20     12       31

PRECIPITATION (IN)
  YESTERDAY        0.00          0.31 1935   0.03  -0.03     0.00
  MONTH TO DATE    0.41                      0.59  -0.18     0.30
  SINCE SEP 1      3.30                      1.69   1.61     2.04
  SINCE JAN 1     16.02                      9.26   6.76     7.84

SNOWFALL (IN)
  YESTERDAY        0.0           7.6  1975   0.5   -0.5      0.0
  MONTH TO DATE    4.7                       6.6   -1.9      0.1
  SINCE SEP 1      5.0                       8.4   -3.4      0.8
  SINCE JUL 1      5.0                       8.4   -3.4      0.8
  SNOW DEPTH       1

DEGREE DAYS
 HEATING
  YESTERDAY       33                        45    -12       34
  MONTH TO DATE  736                       766    -30      547
  SINCE SEP 1   1285                      1371    -86     1177
  SINCE JUL 1   1606                      1760   -154     1436

 COOLING
  YESTERDAY        0                         0      0        0
  MONTH TO DATE    0                         0      0        0
  SINCE SEP 1      0                         0      0        0
  SINCE JAN 1     27                        61    -34      226
..................................................................


WIND (MPH)
  HIGHEST GUST SPEED    14   HIGHEST GUST DIRECTION     N (350)


SKY COVER
  AVERAGE SKY COVER 0.8


WEATHER CONDITIONS
 THE FOLLOWING WEATHER WAS RECORDED YESTERDAY.
  NO SIGNIFICANT WEATHER WAS OBSERVED.


RELATIVE HUMIDITY (PERCENT)
 HIGHEST    75
 LOWEST     54
 AVERAGE    65

..........................................................


THE FAIRBANKS AK CLIMATE NORMALS FOR TODAY
                         NORMAL    RECORD    YEAR
 MAXIMUM TEMPERATURE (F)   27        50      1938
 MINIMUM TEMPERATURE (F)   12       -16      1958


SUNRISE AND SUNSET
OCTOBER 22 2014..........SUNRISE  907 AM AKDT   SUNSET  604 PM AKDT
OCTOBER 23 2014..........SUNRISE  911 AM AKDT   SUNSET  601 PM AKDT


-  INDICATES NEGATIVE NUMBERS.
R  INDICATES RECORD WAS SET OR TIED.
MM INDICATES DATA IS MISSING.
T  INDICATES TRACE AMOUNT.

&&

SNOW DEPTH IS MEASURED AT 3AM AKST/4AM AKDT

----------------------------
AVAILABLE DAYLIGHT

AMOUNT OF DAYLIGHT TODAY  (HOUR:MIN)........8:57
LOSS SINCE YESTERDAY........................7 MINUTES
----------------------------

$$
SDB OCT 14
