000
CDAK49 PAFG 261044
CLIFAI

CLIMATE REPORT
NATIONAL WEATHER SERVICE FAIRBANKS AK
144 AM AKST SUN FEB 26 2017

...................................

...THE FAIRBANKS AK CLIMATE SUMMARY FOR FEBRUARY 25 2017...

CLIMATE NORMAL PERIOD 1981 TO 2010
CLIMATE RECORD PERIOD 1904 TO 2017


WEATHER ITEM   OBSERVED TIME   RECORD YEAR NORMAL DEPARTURE LAST
                VALUE   (LST)  VALUE       VALUE  FROM      YEAR
                                                  NORMAL
..................................................................
TEMPERATURE (F)
 YESTERDAY
  MAXIMUM         34    316 PM  47    1921  16     18       42
  MINIMUM         29   1050 PM -51    1932 -10     39       17
  AVERAGE         32                         3     29       30

PRECIPITATION (IN)
  YESTERDAY        0.43R         0.40 1989   0.02   0.41     0.00
  MONTH TO DATE    1.14                      0.39   0.75     0.05
  SINCE DEC 1      4.06                      1.61   2.45     0.13
  SINCE JAN 1      2.10                      0.97   1.13     0.06

SNOWFALL (IN)
  YESTERDAY        7.0 R         5.0  2011   0.2    6.8      0.0
  MONTH TO DATE   21.2                       7.4   13.8      0.6
  SINCE DEC 1     71.1                      29.8   41.3      2.5
  SINCE JUL 1     76.3                      55.6   20.7     52.6
  SNOW DEPTH      28

DEGREE DAYS
 HEATING
  YESTERDAY       33                        62    -29       35
  MONTH TO DATE 1654                      1673    -19     1485
  SINCE DEC 1   6221                      6074    147     5456
  SINCE JUL 1   9991                     10205   -214     9244

 COOLING
  YESTERDAY        0                         0      0        0
  MONTH TO DATE    0                         0      0        0
  SINCE DEC 1      0                         0      0        0
  SINCE JAN 1      0                         0      0        0
..................................................................


WIND (MPH)
  HIGHEST GUST SPEED    30   HIGHEST GUST DIRECTION     W (260)


SKY COVER
  AVERAGE SKY COVER 0.9


WEATHER CONDITIONS
 THE FOLLOWING WEATHER WAS RECORDED YESTERDAY.
  LT FREEZING RAIN
  SNOW
  LIGHT SNOW
  FOG


RELATIVE HUMIDITY (PERCENT)
 HIGHEST   100
 LOWEST     75
 AVERAGE    88

..........................................................


THE FAIRBANKS AK CLIMATE NORMALS FOR TODAY
                         NORMAL    RECORD    YEAR
 MAXIMUM TEMPERATURE (F)   16        43      1911
 MINIMUM TEMPERATURE (F)  -10       -53      1932


SUNRISE AND SUNSET
FEBRUARY 26 2017..........SUNRISE  810 AM AKST   SUNSET  600 PM AKST
FEBRUARY 27 2017..........SUNRISE  806 AM AKST   SUNSET  603 PM AKST


-  INDICATES NEGATIVE NUMBERS.
R  INDICATES RECORD WAS SET OR TIED.
MM INDICATES DATA IS MISSING.
T  INDICATES TRACE AMOUNT.

&&

SNOW DEPTH IS MEASURED AT 3AM AKST/4AM AKDT

----------------------------
AVAILABLE DAYLIGHT

AMOUNT OF DAYLIGHT TODAY  (HOUR:MIN)........9:50
GAIN SINCE YESTERDAY........................6 MINUTES
----------------------------

$$
CCC FEB 17
