000
CDAK49 PAFG 260049
CLIFAI

CLIMATE REPORT
NATIONAL WEATHER SERVICE FAIRBANKS AK
449 PM AKDT MON SEP 25 2017

...................................

...THE FAIRBANKS AK CLIMATE SUMMARY FOR SEPTEMBER 25 2017...
VALID TODAY AS OF 0400 PM LOCAL TIME.

CLIMATE NORMAL PERIOD 1981 TO 2010
CLIMATE RECORD PERIOD 1904 TO 2017


WEATHER ITEM   OBSERVED TIME   RECORD YEAR NORMAL DEPARTURE LAST
                VALUE   (LST)  VALUE       VALUE  FROM      YEAR
                                                  NORMAL
..................................................................
TEMPERATURE (F)
 TODAY
  MAXIMUM         47    259 PM  70    1929  49     -2       45
  MINIMUM         41    911 AM  14    1983  31     10       30
  AVERAGE         44                        40      4       38

PRECIPITATION (IN)
  TODAY            0.22          0.96 1977   0.03   0.19     0.10
  MONTH TO DATE    0.75                      0.95  -0.20     1.90
  SINCE SEP 1      0.75                      0.95  -0.20     1.90
  SINCE JAN 1      9.62                      8.52   1.10    13.61

SNOWFALL (IN)
  TODAY            0.0           6.7  2015   0.1   -0.1      0.0
  MONTH TO DATE    0.0                       1.2   -1.2      0.0
  SINCE SEP 1      0.0                       1.2   -1.2      0.0
  SINCE JUL 1      0.0                       1.2   -1.2      0.0
  SNOW DEPTH       0

DEGREE DAYS
 HEATING
  TODAY           21                        25     -4       27
  MONTH TO DATE  388                       473    -85      423
  SINCE SEP 1    388                       473    -85      423
  SINCE JUL 1    611                       862   -251      625

 COOLING
  TODAY            0                         0      0        0
  MONTH TO DATE    0                         0      0        0
  SINCE SEP 1      0                         0      0        0
  SINCE JAN 1    104                        61     43       76
..................................................................


WIND (MPH)
  HIGHEST GUST SPEED    10   HIGHEST GUST DIRECTION     S (190)


SKY COVER
  AVERAGE SKY COVER 0.9


WEATHER CONDITIONS
 THE FOLLOWING WEATHER WAS RECORDED TODAY.
  LIGHT RAIN
  FOG


RELATIVE HUMIDITY (PERCENT)
 HIGHEST   100
 LOWEST     92
 AVERAGE    96

..........................................................


THE FAIRBANKS AK CLIMATE NORMALS FOR TOMORROW
                         NORMAL    RECORD    YEAR
 MAXIMUM TEMPERATURE (F)   49        69      1934
 MINIMUM TEMPERATURE (F)   31        11      1909


SUNRISE AND SUNSET
SEPTEMBER 25 2017.....SUNRISE   744 AM AKDT  SUNSET   740 PM AKDT
SEPTEMBER 26 2017.....SUNRISE   747 AM AKDT  SUNSET   736 PM AKDT


-  INDICATES NEGATIVE NUMBERS.
R  INDICATES RECORD WAS SET OR TIED.
MM INDICATES DATA IS MISSING.
T  INDICATES TRACE AMOUNT.

&&

SNOW DEPTH IS MEASURED AT 3AM AKST/4AM AKDT

----------------------------
AVAILABLE DAYLIGHT

AMOUNT OF DAYLIGHT TODAY  (HOUR:MIN)........11:48
LOSS SINCE YESTERDAY........................7 MINUTES
----------------------------

$$
SEP 17
