000
CDAK49 PAFG 250931
CLIFAI

CLIMATE REPORT
NATIONAL WEATHER SERVICE FAIRBANKS AK
131 AM AKDT SAT OCT 25 2014

...................................

...THE FAIRBANKS AK CLIMATE SUMMARY FOR OCTOBER 24 2014...

CLIMATE NORMAL PERIOD 1981 TO 2010
CLIMATE RECORD PERIOD 1904 TO 2014


WEATHER ITEM   OBSERVED TIME   RECORD YEAR NORMAL DEPARTURE LAST
                VALUE   (LST)  VALUE       VALUE  FROM      YEAR
                                                  NORMAL
..................................................................
TEMPERATURE (F)
 YESTERDAY
  MAXIMUM         28    335 PM  56    1938  25      3       37
  MINIMUM         18    918 AM -22    1935  10      8       21
  AVERAGE         23                        17      6       29

PRECIPITATION (IN)
  YESTERDAY        0.03          0.20 1919   0.03   0.00      T
  MONTH TO DATE    0.44                      0.67  -0.23     0.30
  SINCE SEP 1      3.33                      1.77   1.56     2.04
  SINCE JAN 1     16.05                      9.34   6.71     7.84

SNOWFALL (IN)
  YESTERDAY        0.7           3.9  1955   0.4    0.3       T
  MONTH TO DATE    5.4                       7.8   -2.4      0.1
  SINCE SEP 1      5.7                       9.6   -3.9      0.8
  SINCE JUL 1      5.7                       9.6   -3.9      0.8
  SNOW DEPTH       2

DEGREE DAYS
 HEATING
  YESTERDAY       42                        48     -6       36
  MONTH TO DATE  864                       907    -43      656
  SINCE SEP 1   1413                      1512    -99     1286
  SINCE JUL 1   1734                      1901   -167     1545

 COOLING
  YESTERDAY        0                         0      0        0
  MONTH TO DATE    0                         0      0        0
  SINCE SEP 1      0                         0      0        0
  SINCE JAN 1     27                        61    -34      226
..................................................................


WIND (MPH)
  HIGHEST GUST SPEED     7   HIGHEST GUST DIRECTION    SW (210)


SKY COVER
  AVERAGE SKY COVER 0.9


WEATHER CONDITIONS
 THE FOLLOWING WEATHER WAS RECORDED YESTERDAY.
  LIGHT SNOW
  FOG


RELATIVE HUMIDITY (PERCENT)
 HIGHEST    88
 LOWEST     77
 AVERAGE    83

..........................................................


THE FAIRBANKS AK CLIMATE NORMALS FOR TODAY
                         NORMAL    RECORD    YEAR
 MAXIMUM TEMPERATURE (F)   24        52      1938
 MINIMUM TEMPERATURE (F)    9       -27      1935


SUNRISE AND SUNSET
OCTOBER 25 2014..........SUNRISE  917 AM AKDT   SUNSET  554 PM AKDT
OCTOBER 26 2014..........SUNRISE  920 AM AKDT   SUNSET  550 PM AKDT


-  INDICATES NEGATIVE NUMBERS.
R  INDICATES RECORD WAS SET OR TIED.
MM INDICATES DATA IS MISSING.
T  INDICATES TRACE AMOUNT.

&&

SNOW DEPTH IS MEASURED AT 3AM AKST/4AM AKDT

----------------------------
AVAILABLE DAYLIGHT

AMOUNT OF DAYLIGHT TODAY  (HOUR:MIN)........8:37
LOSS SINCE YESTERDAY........................6 MINUTES
----------------------------

$$
SDB OCT 14
