000
CDAK49 PAFG 230946
CLIFAI

CLIMATE REPORT
NATIONAL WEATHER SERVICE FAIRBANKS AK
1246 AM AKST FRI FEB 23 2018

...................................

...THE FAIRBANKS AK CLIMATE SUMMARY FOR FEBRUARY 22 2018...

CLIMATE NORMAL PERIOD 1981 TO 2010
CLIMATE RECORD PERIOD 1904 TO 2018


WEATHER ITEM   OBSERVED TIME   RECORD YEAR NORMAL DEPARTURE LAST
                VALUE   (LST)  VALUE       VALUE  FROM      YEAR
                                                  NORMAL
..................................................................
TEMPERATURE (F)
 YESTERDAY
  MAXIMUM         32    612 PM  46    1997  14     18       10
  MINIMUM         24   1159 PM -50    1932 -11     35      -14
  AVERAGE         28                         1     27       -2

PRECIPITATION (IN)
  YESTERDAY        0.32R         0.24 1960   0.01   0.31     0.08
  MONTH TO DATE    1.07                      0.34   0.73     0.19
  SINCE DEC 1      2.55                      1.56   0.99     3.11
  SINCE JAN 1      2.17                      0.92   1.25     1.15

SNOWFALL (IN)
  YESTERDAY        3.6           4.2  1956   0.3    3.3      3.8
  MONTH TO DATE   14.8                       6.6    8.2      7.9
  SINCE DEC 1     35.9                      29.0    6.9     57.8
  SINCE JUL 1     65.7                      54.8   10.9     63.0
  SNOW DEPTH      26

DEGREE DAYS
 HEATING
  YESTERDAY       37                        64    -27       67
  MONTH TO DATE 1380                      1485   -105     1536
  SINCE DEC 1   5300                      5886   -586     6103
  SINCE JUL 1   8865                     10017  -1152     9873

 COOLING
  YESTERDAY        0                         0      0        0
  MONTH TO DATE    0                         0      0        0
  SINCE DEC 1      0                         0      0        0
  SINCE JAN 1      0                         0      0        0
..................................................................


WIND (MPH)
  HIGHEST GUST SPEED    34   HIGHEST GUST DIRECTION     W (250)


SKY COVER
  AVERAGE SKY COVER 1.0


WEATHER CONDITIONS
 THE FOLLOWING WEATHER WAS RECORDED YESTERDAY.
  LIGHT SNOW
  FOG


RELATIVE HUMIDITY (PERCENT)
 HIGHEST   100
 LOWEST     72
 AVERAGE    86

..........................................................


THE FAIRBANKS AK CLIMATE NORMALS FOR TODAY
                         NORMAL    RECORD    YEAR
 MAXIMUM TEMPERATURE (F)   15        48      1945
 MINIMUM TEMPERATURE (F)   -9       -50      1932


SUNRISE AND SUNSET
FEBRUARY 23 2018......SUNRISE   821 AM AKST  SUNSET   550 PM AKST
FEBRUARY 24 2018......SUNRISE   818 AM AKST  SUNSET   553 PM AKST


-  INDICATES NEGATIVE NUMBERS.
R  INDICATES RECORD WAS SET OR TIED.
MM INDICATES DATA IS MISSING.
T  INDICATES TRACE AMOUNT.

&&

SNOW DEPTH IS MEASURED AT 3AM AKST/4AM AKDT

----------------------------
AVAILABLE DAYLIGHT

AMOUNT OF DAYLIGHT TODAY  (HOUR:MIN)........09:29
GAIN SINCE YESTERDAY........................7 MINUTES
----------------------------

$$
SDB FEB 18
