000
CDAK49 PAFG 260955
CLIFAI

CLIMATE REPORT
NATIONAL WEATHER SERVICE FAIRBANKS AK
155 AM AKDT MON SEP 26 2016

...................................

...THE FAIRBANKS AK CLIMATE SUMMARY FOR SEPTEMBER 25 2016...

CLIMATE NORMAL PERIOD 1981 TO 2010
CLIMATE RECORD PERIOD 1904 TO 2016


WEATHER ITEM   OBSERVED TIME   RECORD YEAR NORMAL DEPARTURE LAST
                VALUE   (LST)  VALUE       VALUE  FROM      YEAR
                                                  NORMAL
..................................................................
TEMPERATURE (F)
 YESTERDAY
  MAXIMUM         45    422 PM  70    1929  49     -4       37
  MINIMUM         30   1155 PM  14    1983  31     -1       27
  AVERAGE         38                        40     -2       32

PRECIPITATION (IN)
  YESTERDAY        0.10          0.96 1977   0.03   0.07     0.54
  MONTH TO DATE    1.90                      0.95   0.95     2.04
  SINCE SEP 1      1.90                      0.95   0.95     2.04
  SINCE JAN 1     13.61                      8.52   5.09    10.00

SNOWFALL (IN)
  YESTERDAY        0.0           6.7  2015   0.1   -0.1      6.7
  MONTH TO DATE    0.0                       1.2   -1.2      6.7
  SINCE SEP 1      0.0                       1.2   -1.2      6.7
  SINCE JUL 1      0.0                       1.2   -1.2      6.7
  SNOW DEPTH       0

DEGREE DAYS
 HEATING
  YESTERDAY       27                        25      2       33
  MONTH TO DATE  423                       473    -50      512
  SINCE SEP 1    423                       473    -50      512
  SINCE JUL 1    625                       862   -237      937

 COOLING
  YESTERDAY        0                         0      0        0
  MONTH TO DATE    0                         0      0        0
  SINCE SEP 1      0                         0      0        0
  SINCE JAN 1     76                        61     15       62
..................................................................


WIND (MPH)
  HIGHEST GUST SPEED    11   HIGHEST GUST DIRECTION     W (270)


SKY COVER
  AVERAGE SKY COVER 0.9


WEATHER CONDITIONS
 THE FOLLOWING WEATHER WAS RECORDED YESTERDAY.
  LIGHT RAIN
  FOG


RELATIVE HUMIDITY (PERCENT)
 HIGHEST   100
 LOWEST     65
 AVERAGE    83

..........................................................


THE FAIRBANKS AK CLIMATE NORMALS FOR TODAY
                         NORMAL    RECORD    YEAR
 MAXIMUM TEMPERATURE (F)   49        69      1934
 MINIMUM TEMPERATURE (F)   31        11      1909


SUNRISE AND SUNSET
SEPTEMBER 26 2016..........SUNRISE  748 AM AKDT   SUNSET  735 PM AKDT
SEPTEMBER 27 2016..........SUNRISE  751 AM AKDT   SUNSET  731 PM AKDT


-  INDICATES NEGATIVE NUMBERS.
R  INDICATES RECORD WAS SET OR TIED.
MM INDICATES DATA IS MISSING.
T  INDICATES TRACE AMOUNT.

&&

SNOW DEPTH IS MEASURED AT 3AM AKST/4AM AKDT

----------------------------
AVAILABLE DAYLIGHT

AMOUNT OF DAYLIGHT TODAY  (HOUR:MIN)........11:47
LOSS SINCE YESTERDAY........................7 MINUTES
----------------------------

$$
SDB SEP 16
