000
CDUS43 KFGF 062252
CLIFAR


CLIMATE REPORT
NATIONAL WEATHER SERVICE EASTERN NORTH DAKOTA/GRAND FORKS
450 PM CST FRI MAR 6 2015


...................................

...THE FARGO HECTOR INTL AP ND CLIMATE SUMMARY FOR MARCH 6 2015...
VALID TODAY AS OF 0400 PM LOCAL TIME.

CLIMATE NORMAL PERIOD 1981 TO 2010
CLIMATE RECORD PERIOD 1881 TO 2015


WEATHER ITEM   OBSERVED TIME   RECORD YEAR NORMAL DEPARTURE LAST
                VALUE   (LST)  VALUE       VALUE  FROM      YEAR
                                                  NORMAL
..................................................................
TEMPERATURE (F)
 TODAY
  MAXIMUM         40    357 PM  63    2000  31      9       35
  MINIMUM         11    532 AM -20    1884  15     -4       16
  AVERAGE         26                        23      3       26

PRECIPITATION (IN)
  TODAY            0.00          0.51 1944   0.04  -0.04     0.00
  MONTH TO DATE    0.02                      0.23  -0.21     0.07
  SINCE MAR 1      0.02                      0.23  -0.21     0.07
  SINCE JAN 1      0.99                      1.54  -0.55     0.95

SNOWFALL (IN)
  TODAY            0.0           4.9  1944   0.4   -0.4      0.0
  MONTH TO DATE    0.2                       2.2   -2.0      1.8
  SINCE MAR 1      0.2                       2.2   -2.0      1.8
  SINCE JUL 1     15.8                      40.2  -24.4     29.4
  SNOW DEPTH       3

DEGREE DAYS
 HEATING
  TODAY           39                        42     -3       39
  MONTH TO DATE  315                       261     54      365
  SINCE MAR 1    315                       261     54      365
  SINCE JUL 1   6731                      6939   -208     7642

 COOLING
  TODAY            0                         0      0        0
  MONTH TO DATE    0                         0      0        0
  SINCE MAR 1      0                         0      0        0
  SINCE JAN 1      0                         0      0        0
..................................................................


WIND (MPH)
  HIGHEST WIND SPEED    18   HIGHEST WIND DIRECTION     S (180)
  HIGHEST GUST SPEED    22   HIGHEST GUST DIRECTION     S (170)
  AVERAGE WIND SPEED    10.4


SKY COVER
  POSSIBLE SUNSHINE  MM
  AVERAGE SKY COVER 0.1


WEATHER CONDITIONS
 THE FOLLOWING WEATHER WAS RECORDED TODAY.
  NO SIGNIFICANT WEATHER WAS OBSERVED.


RELATIVE HUMIDITY (PERCENT)
 HIGHEST    80           500 AM
 LOWEST     40           400 PM
 AVERAGE    60

..........................................................


THE FARGO HECTOR INTL AP ND CLIMATE NORMALS FOR TOMORROW
                         NORMAL    RECORD    YEAR
 MAXIMUM TEMPERATURE (F)   31        62      2000
                                             1898
 MINIMUM TEMPERATURE (F)   15       -22      1883


SUNRISE AND SUNSET
MARCH  6 2015.........SUNRISE   658 AM CST   SUNSET   620 PM CST
MARCH  7 2015.........SUNRISE   656 AM CST   SUNSET   621 PM CST


-  INDICATES NEGATIVE NUMBERS.
R  INDICATES RECORD WAS SET OR TIED.
MM INDICATES DATA IS MISSING.
T  INDICATES TRACE AMOUNT.




$$
