000
CDUS43 KFGF 030653
CLIFAR


CLIMATE REPORT
NATIONAL WEATHER SERVICE EASTERN NORTH DAKOTA/GRAND FORKS
153 AM CDT MON AUG 3 2015


...................................

...THE FARGO HECTOR INTL AP ND CLIMATE SUMMARY FOR AUGUST 2 2015...

CLIMATE NORMAL PERIOD 1981 TO 2010
CLIMATE RECORD PERIOD 1881 TO 2015


WEATHER ITEM   OBSERVED TIME   RECORD YEAR NORMAL DEPARTURE LAST
                VALUE   (LST)  VALUE       VALUE  FROM      YEAR
                                                  NORMAL
..................................................................
TEMPERATURE (F)
 YESTERDAY
  MAXIMUM         80    327 PM 102    1982  83     -3       86
  MINIMUM         57   1159 PM  41    1971  59     -2       57
                                      1883
  AVERAGE         69                        71     -2       72

PRECIPITATION (IN)
  YESTERDAY        T             3.07 1944   0.07  -0.07     0.01
  MONTH TO DATE    T                         0.14  -0.14     0.01
  SINCE JUN 1      5.53                      6.83  -1.30     7.34
  SINCE JAN 1     15.63                     13.64   1.99    14.36

SNOWFALL (IN)
  YESTERDAY        0.0           0.0    MM   0.0    0.0      0.0
  MONTH TO DATE    0.0                       0.0    0.0      0.0
  SINCE JUN 1      0.0                       0.0    0.0      0.0
  SINCE JUL 1      0.0                       0.0    0.0      0.0
  SNOW DEPTH       0

DEGREE DAYS
 HEATING
  YESTERDAY        0                         0      0        0
  MONTH TO DATE    0                         0      0        0
  SINCE JUN 1     35                        89    -54       50
  SINCE JUL 1     12                        16     -4       20

 COOLING
  YESTERDAY        4                         7     -3        7
  MONTH TO DATE   12                        14     -2       14
  SINCE JUN 1    362                       323     39      279
  SINCE JAN 1    377                       354     23      358
..................................................................


WIND (MPH)
  HIGHEST WIND SPEED    23   HIGHEST WIND DIRECTION    NW (330)
  HIGHEST GUST SPEED    29   HIGHEST GUST DIRECTION    NW (320)
  AVERAGE WIND SPEED    12.3


SKY COVER
  POSSIBLE SUNSHINE  MM
  AVERAGE SKY COVER 0.1


WEATHER CONDITIONS
 THE FOLLOWING WEATHER WAS RECORDED YESTERDAY.
  HAZE


RELATIVE HUMIDITY (PERCENT)
 HIGHEST    93           400 AM
 LOWEST     32           500 PM
 AVERAGE    63

..........................................................


THE FARGO HECTOR INTL AP ND CLIMATE NORMALS FOR TODAY
                         NORMAL    RECORD    YEAR
 MAXIMUM TEMPERATURE (F)   83       100      1989
 MINIMUM TEMPERATURE (F)   59        38      1972


SUNRISE AND SUNSET
AUGUST  3 2015........SUNRISE   609 AM CDT   SUNSET   857 PM CDT
AUGUST  4 2015........SUNRISE   610 AM CDT   SUNSET   855 PM CDT


-  INDICATES NEGATIVE NUMBERS.
R  INDICATES RECORD WAS SET OR TIED.
MM INDICATES DATA IS MISSING.
T  INDICATES TRACE AMOUNT.




$$
