000
CDUS43 KFGF 150641
CLIFAR


CLIMATE REPORT
NATIONAL WEATHER SERVICE EASTERN NORTH DAKOTA/GRAND FORKS
141 AM CDT MON SEP 15 2014


...................................

...THE FARGO HECTOR INTL AP ND CLIMATE SUMMARY FOR SEPTEMBER 14 2014...

CLIMATE NORMAL PERIOD 1981 TO 2010
CLIMATE RECORD PERIOD 1881 TO 2014


WEATHER ITEM   OBSERVED TIME   RECORD YEAR NORMAL DEPARTURE LAST
                VALUE   (LST)  VALUE       VALUE  FROM      YEAR
                                                  NORMAL
..................................................................
TEMPERATURE (F)
 YESTERDAY
  MAXIMUM         60    355 PM  95    1939  72    -12       62
  MINIMUM         41    639 AM  27    1956  48     -7       55
  AVERAGE         51                        60     -9       59

PRECIPITATION (IN)
  YESTERDAY        0.00          1.32 2013   0.10  -0.10     1.32
  MONTH TO DATE    2.17                      1.36   0.81     2.98
  SINCE SEP 1      2.17                      1.36   0.81     2.98
  SINCE JAN 1     18.63                     17.42   1.21    24.90

SNOWFALL (IN)
  YESTERDAY        0.0           T    1956   0.0    0.0      0.0
  MONTH TO DATE    0.0                       0.0    0.0      0.0
  SINCE SEP 1      0.0                       0.0    0.0      0.0
  SINCE JUL 1      0.0                       0.0    0.0      0.0
  SNOW DEPTH       0

DEGREE DAYS
 HEATING
  YESTERDAY       14                         7      7        6
  MONTH TO DATE   90                        65     25       22
  SINCE SEP 1     90                        65     25       22
  SINCE JUL 1    122                       115      7       56

 COOLING
  YESTERDAY        0                         1     -1        0
  MONTH TO DATE    9                        32    -23       55
  SINCE SEP 1      9                        32    -23       55
  SINCE JAN 1    510                       537    -27      673
..................................................................


WIND (MPH)
  HIGHEST WIND SPEED    17   HIGHEST WIND DIRECTION    NW (330)
  HIGHEST GUST SPEED    22   HIGHEST GUST DIRECTION    NW (320)
  AVERAGE WIND SPEED     8.9


SKY COVER
  POSSIBLE SUNSHINE  MM
  AVERAGE SKY COVER 0.6


WEATHER CONDITIONS
 THE FOLLOWING WEATHER WAS RECORDED YESTERDAY.
  NO SIGNIFICANT WEATHER WAS OBSERVED.


RELATIVE HUMIDITY (PERCENT)
 HIGHEST    89           300 AM
 LOWEST     51           400 PM
 AVERAGE    70

..........................................................


THE FARGO HECTOR INTL AP ND CLIMATE NORMALS FOR TODAY
                         NORMAL    RECORD    YEAR
 MAXIMUM TEMPERATURE (F)   71        91      1948
 MINIMUM TEMPERATURE (F)   48        29      1887


SUNRISE AND SUNSET
SEPTEMBER 15 2014.....SUNRISE   705 AM CDT   SUNSET   739 PM CDT
SEPTEMBER 16 2014.....SUNRISE   706 AM CDT   SUNSET   737 PM CDT


-  INDICATES NEGATIVE NUMBERS.
R  INDICATES RECORD WAS SET OR TIED.
MM INDICATES DATA IS MISSING.
T  INDICATES TRACE AMOUNT.




$$
