000
CDUS43 KFGF 192200
CLIFAR


CLIMATE REPORT
NATIONAL WEATHER SERVICE EASTERN NORTH DAKOTA/GRAND FORKS
500 PM CDT TUE SEP 19 2017


...................................

...THE FARGO HECTOR INTL AP ND CLIMATE SUMMARY FOR SEPTEMBER 19 2017...
VALID TODAY AS OF 0400 PM LOCAL TIME.

CLIMATE NORMAL PERIOD 1981 TO 2010
CLIMATE RECORD PERIOD 1881 TO 2017


WEATHER ITEM   OBSERVED TIME   RECORD YEAR NORMAL DEPARTURE LAST
                VALUE   (LST)  VALUE       VALUE  FROM      YEAR
                                                  NORMAL
..................................................................
TEMPERATURE (F)
 TODAY
  MAXIMUM         78   1239 PM  96    1984  69      9       78
  MINIMUM         60    259 AM  27    1896  46     14       50
  AVERAGE         69                        58     11       64

PRECIPITATION (IN)
  TODAY            0.00          1.18 1907   0.07  -0.07     0.00
                                      1891
  MONTH TO DATE    0.54                      1.75  -1.21     2.07
  SINCE SEP 1      0.54                      1.75  -1.21     2.07
  SINCE JAN 1     11.04                     17.81  -6.77    17.54

SNOWFALL (IN)
  TODAY            0.0           0.0    MM   0.0    0.0      0.0
  MONTH TO DATE    0.0                       0.0    0.0      0.0
  SINCE SEP 1      0.0                       0.0    0.0      0.0
  SINCE JUL 1      0.0                       0.0    0.0      0.0
  SNOW DEPTH       0

DEGREE DAYS
 HEATING
  TODAY            0                         8     -8        1
  MONTH TO DATE   66                       103    -37       44
  SINCE SEP 1     66                       103    -37       44
  SINCE JUL 1     82                       153    -71       61

 COOLING
  TODAY            4                         1      3        0
  MONTH TO DATE   57                        37     20       42
  SINCE SEP 1     57                        37     20       42
  SINCE JAN 1    504                       542    -38      645
..................................................................


WIND (MPH)
  HIGHEST WIND SPEED    29   HIGHEST WIND DIRECTION    SE (140)
  HIGHEST GUST SPEED    39   HIGHEST GUST DIRECTION    SE (150)
  AVERAGE WIND SPEED    15.0


SKY COVER
  POSSIBLE SUNSHINE  MM
  AVERAGE SKY COVER 0.9


WEATHER CONDITIONS
 THE FOLLOWING WEATHER WAS RECORDED TODAY.
  FOG


RELATIVE HUMIDITY (PERCENT)
 HIGHEST   100           300 AM
 LOWEST     60           100 PM
 AVERAGE    80

..........................................................


THE FARGO HECTOR INTL AP ND CLIMATE NORMALS FOR TOMORROW
                         NORMAL    RECORD    YEAR
 MAXIMUM TEMPERATURE (F)   69        90      1941
 MINIMUM TEMPERATURE (F)   45        22      1918


SUNRISE AND SUNSET
SEPTEMBER 19 2017.....SUNRISE   710 AM CDT   SUNSET   730 PM CDT
SEPTEMBER 20 2017.....SUNRISE   712 AM CDT   SUNSET   728 PM CDT


-  INDICATES NEGATIVE NUMBERS.
R  INDICATES RECORD WAS SET OR TIED.
MM INDICATES DATA IS MISSING.
T  INDICATES TRACE AMOUNT.




$$
