000
CDUS43 KFGF 290724
CLIFAR


CLIMATE REPORT
NATIONAL WEATHER SERVICE EASTERN NORTH DAKOTA/GRAND FORKS
224 AM CDT SUN MAR 29 2015


...................................

...THE FARGO HECTOR INTL AP ND CLIMATE SUMMARY FOR MARCH 28 2015...

CLIMATE NORMAL PERIOD 1981 TO 2010
CLIMATE RECORD PERIOD 1881 TO 2015


WEATHER ITEM   OBSERVED TIME   RECORD YEAR NORMAL DEPARTURE LAST
                VALUE   (LST)  VALUE       VALUE  FROM      YEAR
                                                  NORMAL
..................................................................
TEMPERATURE (F)
 YESTERDAY
  MAXIMUM         54    504 PM  78    1946  43     11       33
  MINIMUM         26    650 AM  -9    1964  25      1       12
  AVERAGE         40                        34      6       23

PRECIPITATION (IN)
  YESTERDAY        T             0.65 1999   0.04  -0.04     0.00
  MONTH TO DATE    0.06                      1.17  -1.11     0.29
  SINCE MAR 1      0.06                      1.17  -1.11     0.29
  SINCE JAN 1      1.03                      2.48  -1.45     1.17

SNOWFALL (IN)
  YESTERDAY        0.0           2.0  1940   0.2   -0.2      0.0
  MONTH TO DATE    0.4                       8.6   -8.2      3.0
  SINCE MAR 1      0.4                       8.6   -8.2      3.0
  SINCE JUL 1     16.0                      46.6  -30.6     30.6
  SNOW DEPTH       0

DEGREE DAYS
 HEATING
  YESTERDAY       25                        31     -6       42
  MONTH TO DATE  911                      1063   -152     1225
  SINCE MAR 1    911                      1063   -152     1225
  SINCE JUL 1   7327                      7741   -414     8502

 COOLING
  YESTERDAY        0                         0      0        0
  MONTH TO DATE    0                         0      0        0
  SINCE MAR 1      0                         0      0        0
  SINCE JAN 1      0                         0      0        0
..................................................................


WIND (MPH)
  HIGHEST WIND SPEED    32   HIGHEST WIND DIRECTION     S (160)
  HIGHEST GUST SPEED    45   HIGHEST GUST DIRECTION    SE (150)
  AVERAGE WIND SPEED    19.0


SKY COVER
  POSSIBLE SUNSHINE  MM
  AVERAGE SKY COVER 0.1


WEATHER CONDITIONS
 THE FOLLOWING WEATHER WAS RECORDED YESTERDAY.
  LIGHT RAIN


RELATIVE HUMIDITY (PERCENT)
 HIGHEST    75           700 AM
 LOWEST     38           300 PM
 AVERAGE    57

..........................................................


THE FARGO HECTOR INTL AP ND CLIMATE NORMALS FOR TODAY
                         NORMAL    RECORD    YEAR
 MAXIMUM TEMPERATURE (F)   44        76      1986
 MINIMUM TEMPERATURE (F)   25       -15      1969


SUNRISE AND SUNSET
MARCH 29 2015.........SUNRISE   713 AM CDT   SUNSET   752 PM CDT
MARCH 30 2015.........SUNRISE   711 AM CDT   SUNSET   753 PM CDT


-  INDICATES NEGATIVE NUMBERS.
R  INDICATES RECORD WAS SET OR TIED.
MM INDICATES DATA IS MISSING.
T  INDICATES TRACE AMOUNT.




$$
