000
CDUS43 KFGF 282154
CLIFAR


CLIMATE REPORT
NATIONAL WEATHER SERVICE EASTERN NORTH DAKOTA/GRAND FORKS
450 PM CDT SUN MAY 28 2017


...................................

...THE FARGO HECTOR INTL AP ND CLIMATE SUMMARY FOR MAY 28 2017...
VALID TODAY AS OF 0400 PM LOCAL TIME.

CLIMATE NORMAL PERIOD 1981 TO 2010
CLIMATE RECORD PERIOD 1881 TO 2017


WEATHER ITEM   OBSERVED TIME   RECORD YEAR NORMAL DEPARTURE LAST
                VALUE   (LST)  VALUE       VALUE  FROM      YEAR
                                                  NORMAL
..................................................................
TEMPERATURE (F)
 TODAY
  MAXIMUM         74    230 PM  97    2006  73      1       72
                                      1934
  MINIMUM         49    502 AM  26    1947  49      0       58
  AVERAGE         62                        61      1       65

PRECIPITATION (IN)
  TODAY            0.01          1.90 2002   0.10  -0.09     0.01
  MONTH TO DATE    1.02                      2.50  -1.48     1.24
  SINCE MAR 1      2.75                      5.19  -2.44     4.31
  SINCE JAN 1      4.52                      6.50  -1.98     5.30

SNOWFALL (IN)
  TODAY            0.0          MM      MM   0.0    0.0      0.0
  MONTH TO DATE    0.0                       0.0    0.0       T
  SINCE MAR 1      3.8                      12.4   -8.6      3.1
  SINCE JUL 1     33.1                      50.4  -17.3     27.4
  SNOW DEPTH       0

DEGREE DAYS
 HEATING
  TODAY            3                         6     -3        0
  MONTH TO DATE  230                       257    -27      174
  SINCE MAR 1   1898                      2035   -137     1620
  SINCE JUL 1   7396                      8713  -1317     7143

 COOLING
  TODAY            0                         1     -1        0
  MONTH TO DATE   11                        24    -13       39
  SINCE MAR 1     11                        27    -16       39
  SINCE JAN 1     11                        27    -16       39
..................................................................


WIND (MPH)
  HIGHEST WIND SPEED    45   HIGHEST WIND DIRECTION    NW (300)
  HIGHEST GUST SPEED    58   HIGHEST GUST DIRECTION     W (290)
  AVERAGE WIND SPEED    15.7


SKY COVER
  POSSIBLE SUNSHINE  MM
  AVERAGE SKY COVER 0.6


WEATHER CONDITIONS
 THE FOLLOWING WEATHER WAS RECORDED TODAY.
  THUNDERSTORM
  LIGHT RAIN
  HAZE


RELATIVE HUMIDITY (PERCENT)
 HIGHEST    93           500 AM
 LOWEST     34           200 PM
 AVERAGE    64

..........................................................


THE FARGO HECTOR INTL AP ND CLIMATE NORMALS FOR TOMORROW
                         NORMAL    RECORD    YEAR
 MAXIMUM TEMPERATURE (F)   73        95      2010
                                             1939
 MINIMUM TEMPERATURE (F)   50        32      1961
                                             1889


SUNRISE AND SUNSET
MAY 28 2017...........SUNRISE   539 AM CDT   SUNSET   911 PM CDT
MAY 29 2017...........SUNRISE   538 AM CDT   SUNSET   912 PM CDT


-  INDICATES NEGATIVE NUMBERS.
R  INDICATES RECORD WAS SET OR TIED.
MM INDICATES DATA IS MISSING.
T  INDICATES TRACE AMOUNT.




$$
