000
CDUS43 KFGF 210716
CLIFAR


CLIMATE REPORT
NATIONAL WEATHER SERVICE EASTERN NORTH DAKOTA/GRAND FORKS
116 AM CST SUN JAN 21 2018


...................................

...THE FARGO HECTOR INTL AP ND CLIMATE SUMMARY FOR JANUARY 20 2018...

CLIMATE NORMAL PERIOD 1981 TO 2010
CLIMATE RECORD PERIOD 1881 TO 2018


WEATHER ITEM   OBSERVED TIME   RECORD YEAR NORMAL DEPARTURE LAST
                VALUE   (LST)  VALUE       VALUE  FROM      YEAR
                                                  NORMAL
..................................................................
TEMPERATURE (F)
 YESTERDAY
  MAXIMUM         38    330 PM  54    1908  18     20       39
  MINIMUM         22    425 AM -42    1883  -1     23       35
  AVERAGE         30                         9     21       37

PRECIPITATION (IN)
  YESTERDAY        0.00          0.41 1937   0.03  -0.03     0.00
  MONTH TO DATE    0.21                      0.49  -0.28     0.92
  SINCE DEC 1      0.98                      1.32  -0.34     2.19
  SINCE JAN 1      0.21                      0.49  -0.28     0.92

SNOWFALL (IN)
  YESTERDAY        0.0           8.6  1937   0.4   -0.4      0.0
  MONTH TO DATE    3.6                       7.8   -4.2     12.9
  SINCE DEC 1     11.6                      19.0   -7.4     21.2
  SINCE JUL 1     15.3                      27.6  -12.3     24.9
  SNOW DEPTH       0

DEGREE DAYS
 HEATING
  YESTERDAY       35                        56    -21       28
  MONTH TO DATE 1137                      1116     21     1155
  SINCE DEC 1   2718                      2694     24     2665
  SINCE JUL 1   4516                      4656   -140     3970

 COOLING
  YESTERDAY        0                         0      0        0
  MONTH TO DATE    0                         0      0        0
  SINCE DEC 1      0                         0      0        0
  SINCE JAN 1      0                         0      0        0
..................................................................


WIND (MPH)
  HIGHEST WIND SPEED    12   HIGHEST WIND DIRECTION    SW (240)
  HIGHEST GUST SPEED    14   HIGHEST GUST DIRECTION    SW (230)
  AVERAGE WIND SPEED     6.8


SKY COVER
  POSSIBLE SUNSHINE  MM
  AVERAGE SKY COVER 0.2


WEATHER CONDITIONS
 THE FOLLOWING WEATHER WAS RECORDED YESTERDAY.
  FOG


RELATIVE HUMIDITY (PERCENT)
 HIGHEST   100           400 AM
 LOWEST     76           200 PM
 AVERAGE    88

..........................................................


THE FARGO HECTOR INTL AP ND CLIMATE NORMALS FOR TODAY
                         NORMAL    RECORD    YEAR
 MAXIMUM TEMPERATURE (F)   18        52      1900
 MINIMUM TEMPERATURE (F)   -1       -41      1888


SUNRISE AND SUNSET
JANUARY 21 2018.......SUNRISE   804 AM CST   SUNSET   514 PM CST
JANUARY 22 2018.......SUNRISE   803 AM CST   SUNSET   515 PM CST


-  INDICATES NEGATIVE NUMBERS.
R  INDICATES RECORD WAS SET OR TIED.
MM INDICATES DATA IS MISSING.
T  INDICATES TRACE AMOUNT.




$$
