000
CDUS46 KHNX 010827
CLIFAT


CLIMATE REPORT
NATIONAL WEATHER SERVICE SAN JOAQUIN VALLEY, CA
125 AM PDT SUN MAY 1 2016


...................................

...THE FRESNO CA CLIMATE SUMMARY FOR APRIL 30 2016...

CLIMATE NORMAL PERIOD 1981 TO 2010
CLIMATE RECORD PERIOD 1887 TO 2016


WEATHER ITEM   OBSERVED TIME   RECORD YEAR NORMAL DEPARTURE
                VALUE   (LST)  VALUE       VALUE  FROM
                                                  NORMAL
...............................................................
TEMPERATURE (F)
 YESTERDAY
  MAXIMUM         78    504 PM 100    1981  79     -1
  MINIMUM         53    540 AM  37    1951  53      0
  AVERAGE         66                        66      0

PRECIPITATION (IN)
  YESTERDAY        T             1.39 1983   0.02  -0.02
  MONTH TO DATE    1.06                      0.95   0.11
  SINCE OCT 1     13.94                     10.67   3.27
  SINCE JAN 1      8.74                      7.20   1.54

SNOWFALL (IN)
  YESTERDAY        0.0
  MONTH TO DATE    0.0
  SINCE MAR 1      0.0
  SINCE JUL 1      0.0
  SNOW DEPTH       0

DEGREE DAYS
 HEATING
  YESTERDAY        0                               -2
  MONTH TO DATE   47                              -89
  SINCE MAR 1    236                             -165
  SINCE JUL 1   1937                             -376

 COOLING
  YESTERDAY        1                               -2
  MONTH TO DATE   63                               17
  SINCE MAR 1     64                               13
  SINCE JAN 1     64                               13
...............................................................


WIND (MPH)
  HIGHEST WIND SPEED    23   HIGHEST WIND DIRECTION    NW (310)
  HIGHEST GUST SPEED    28   HIGHEST GUST DIRECTION    NW (310)
  AVERAGE WIND SPEED     6.1




RELATIVE HUMIDITY (PERCENT)
 HIGHEST    77
 LOWEST     25
 AVERAGE    51

..........................................................


THE FRESNO CA CLIMATE NORMALS FOR TODAY
                         NORMAL    RECORD    YEAR
 MAXIMUM TEMPERATURE (F)   80       101      1947
 MINIMUM TEMPERATURE (F)   53        38      1899


SUNRISE AND SUNSET
MAY  1 2016...........SUNRISE   604 AM PDT   SUNSET   748 PM PDT
MAY  2 2016...........SUNRISE   603 AM PDT   SUNSET   749 PM PDT


-  INDICATES NEGATIVE NUMBERS.
R  INDICATES RECORD WAS SET OR TIED.
MM INDICATES DATA IS MISSING.
T  INDICATES TRACE AMOUNT.




$$
