000
CDUS46 KHNX 080829
CLIFAT


CLIMATE REPORT
NATIONAL WEATHER SERVICE SAN JOAQUIN VALLEY, CA
1225 AM PST MON FEB 8 2016


...................................

...THE FRESNO CA CLIMATE SUMMARY FOR FEBRUARY 7 2016...

CLIMATE NORMAL PERIOD 1981 TO 2010
CLIMATE RECORD PERIOD 1887 TO 2016


WEATHER ITEM   OBSERVED TIME   RECORD YEAR NORMAL DEPARTURE
                VALUE   (LST)  VALUE       VALUE  FROM
                                                  NORMAL
...............................................................
TEMPERATURE (F)
 YESTERDAY
  MAXIMUM         68    421 PM  77    1930  60      8
  MINIMUM         41    710 AM  24    1989  40      1
  AVERAGE         55                        50      5

PRECIPITATION (IN)
  YESTERDAY        0.00          0.52 1962   0.07  -0.07
  MONTH TO DATE    0.00                      0.52  -0.52
  SINCE OCT 1      9.62                      6.18   3.44
  SINCE JAN 1      4.42                      2.71   1.71

SNOWFALL (IN)
  YESTERDAY        0.0
  MONTH TO DATE    0.0
  SINCE DEC 1      0.0
  SINCE JUL 1      0.0
  SNOW DEPTH       0

DEGREE DAYS
 HEATING
  YESTERDAY       10                               -5
  MONTH TO DATE  121                               12
  SINCE DEC 1   1164                              -92
  SINCE JUL 1   1554                              -90

 COOLING
  YESTERDAY        0                                0
  MONTH TO DATE    0                                0
  SINCE DEC 1      0                                0
  SINCE JAN 1      0                                0
...............................................................


WIND (MPH)
  HIGHEST WIND SPEED     6   HIGHEST WIND DIRECTION    NE (60)
  HIGHEST GUST SPEED    11   HIGHEST GUST DIRECTION    NW (300)
  AVERAGE WIND SPEED     1.8




RELATIVE HUMIDITY (PERCENT)
 HIGHEST    93
 LOWEST     42
 AVERAGE    68

..........................................................


THE FRESNO CA CLIMATE NORMALS FOR TODAY
                         NORMAL    RECORD    YEAR
 MAXIMUM TEMPERATURE (F)   60        74      1987
 MINIMUM TEMPERATURE (F)   40        28      1891


SUNRISE AND SUNSET
FEBRUARY  8 2016......SUNRISE   655 AM PST   SUNSET   532 PM PST
FEBRUARY  9 2016......SUNRISE   654 AM PST   SUNSET   533 PM PST


-  INDICATES NEGATIVE NUMBERS.
R  INDICATES RECORD WAS SET OR TIED.
MM INDICATES DATA IS MISSING.
T  INDICATES TRACE AMOUNT.




$$
