000
CDUS46 KHNX 220823
CLIFAT


CLIMATE REPORT
NATIONAL WEATHER SERVICE SAN JOAQUIN VALLEY, CA
1223 AM PST SUN JAN 22 2017


...................................

...THE FRESNO CA CLIMATE SUMMARY FOR JANUARY 21 2017...

CLIMATE NORMAL PERIOD 1981 TO 2010
CLIMATE RECORD PERIOD 1887 TO 2017


WEATHER ITEM   OBSERVED TIME   RECORD YEAR NORMAL DEPARTURE
                VALUE   (LST)  VALUE       VALUE  FROM
                                                  NORMAL
...............................................................
TEMPERATURE (F)
 YESTERDAY
  MAXIMUM         54    350 PM  72    1994  55     -1
  MINIMUM         41    323 AM  19    1937  38      3
  AVERAGE         48                        47      1

PRECIPITATION (IN)
  YESTERDAY        0.08          0.79 2012   0.07   0.01
  MONTH TO DATE    5.00                      1.50   3.50
  SINCE OCT 1      9.56                      4.97   4.59
  SINCE JAN 1      5.00                      1.50   3.50

SNOWFALL (IN)
  YESTERDAY        0.0
  MONTH TO DATE    0.0
  SINCE DEC 1      0.0
  SINCE JUL 1      0.0
  SNOW DEPTH       0

DEGREE DAYS
 HEATING
  YESTERDAY       17                               -1
  MONTH TO DATE  337                              -62
  SINCE DEC 1    881                              -93
  SINCE JUL 1   1132                             -230

 COOLING
  YESTERDAY        0                                0
  MONTH TO DATE    0                                0
  SINCE DEC 1      0                                0
  SINCE JAN 1      0                                0
...............................................................


WIND (MPH)
  HIGHEST WIND SPEED    14   HIGHEST WIND DIRECTION    SE (130)
  HIGHEST GUST SPEED    17   HIGHEST GUST DIRECTION    SE (130)
  AVERAGE WIND SPEED     7.6




RELATIVE HUMIDITY (PERCENT)
 HIGHEST    96
 LOWEST     59
 AVERAGE    78

..........................................................


THE FRESNO CA CLIMATE NORMALS FOR TODAY
                         NORMAL    RECORD    YEAR
 MAXIMUM TEMPERATURE (F)   56        70      1994
                                             1970
 MINIMUM TEMPERATURE (F)   39        25      1945


SUNRISE AND SUNSET
JANUARY 22 2017.......SUNRISE   707 AM PST   SUNSET   514 PM PST
JANUARY 23 2017.......SUNRISE   707 AM PST   SUNSET   515 PM PST


-  INDICATES NEGATIVE NUMBERS.
R  INDICATES RECORD WAS SET OR TIED.
MM INDICATES DATA IS MISSING.
T  INDICATES TRACE AMOUNT.




$$
