000
CDUS46 KHNX 100824
CLIFAT


CLIMATE REPORT
NATIONAL WEATHER SERVICE SAN JOAQUIN VALLEY, CA
1223 AM PST SAT DEC 10 2016


...................................

...THE FRESNO CA CLIMATE SUMMARY FOR DECEMBER 9 2016...

CLIMATE NORMAL PERIOD 1981 TO 2010
CLIMATE RECORD PERIOD 1887 TO 2016


WEATHER ITEM   OBSERVED TIME   RECORD YEAR NORMAL DEPARTURE
                VALUE   (LST)  VALUE       VALUE  FROM
                                                  NORMAL
...............................................................
TEMPERATURE (F)
 YESTERDAY
  MAXIMUM         65    413 PM  70    1950  56      9
                                      1939
  MINIMUM         52    627 AM  23    1972  38     14
  AVERAGE         59                        47     12

PRECIPITATION (IN)
  YESTERDAY        0.00          0.92 1996   0.05  -0.05
                                      1954
  MONTH TO DATE    0.38                      0.41  -0.03
  SINCE OCT 1      2.43                      2.11   0.32
  SINCE JAN 1     11.52                     10.14   1.38

SNOWFALL (IN)
  YESTERDAY        0.0
  MONTH TO DATE    0.0
  SINCE DEC 1      0.0
  SINCE JUL 1      0.0
  SNOW DEPTH       0

DEGREE DAYS
 HEATING
  YESTERDAY        6                              -12
  MONTH TO DATE  157                                4
  SINCE DEC 1    157                                4
  SINCE JUL 1    408                             -133

 COOLING
  YESTERDAY        0                                0
  MONTH TO DATE    0                                0
  SINCE DEC 1      0                                0
  SINCE JAN 1   2342                              218
...............................................................


WIND (MPH)
  HIGHEST WIND SPEED     9   HIGHEST WIND DIRECTION     E (90)
  HIGHEST GUST SPEED    12   HIGHEST GUST DIRECTION     E (90)
  AVERAGE WIND SPEED     3.7




RELATIVE HUMIDITY (PERCENT)
 HIGHEST    96
 LOWEST     67
 AVERAGE    82

..........................................................


THE FRESNO CA CLIMATE NORMALS FOR TODAY
                         NORMAL    RECORD    YEAR
 MAXIMUM TEMPERATURE (F)   56        74      1939
 MINIMUM TEMPERATURE (F)   38        26      1951


SUNRISE AND SUNSET
DECEMBER 10 2016......SUNRISE   701 AM PST   SUNSET   443 PM PST
DECEMBER 11 2016......SUNRISE   702 AM PST   SUNSET   443 PM PST


-  INDICATES NEGATIVE NUMBERS.
R  INDICATES RECORD WAS SET OR TIED.
MM INDICATES DATA IS MISSING.
T  INDICATES TRACE AMOUNT.




$$
