000
CDUS46 KHNX 020825
CLIFAT


CLIMATE REPORT
NATIONAL WEATHER SERVICE SAN JOAQUIN VALLEY, CA
125 AM PDT SUN AUG 2 2015


...................................

...THE FRESNO CA CLIMATE SUMMARY FOR AUGUST 1 2015...

CLIMATE NORMAL PERIOD 1981 TO 2010
CLIMATE RECORD PERIOD 1887 TO 2015


WEATHER ITEM   OBSERVED TIME   RECORD YEAR NORMAL DEPARTURE
                VALUE   (LST)  VALUE       VALUE  FROM
                                                  NORMAL
...............................................................
TEMPERATURE (F)
 YESTERDAY
  MAXIMUM        100    417 PM 112    1908  99      1
  MINIMUM         72    531 AM  56    1888  68      4
  AVERAGE         86                        83      3

PRECIPITATION (IN)
  YESTERDAY        0.00          T    1950   0.00   0.00
                                      1914
                                      1913
  MONTH TO DATE    0.00                      0.00   0.00
  SINCE OCT 1      6.85                     11.32  -4.47
  SINCE JAN 1      3.66                      7.85  -4.19

SNOWFALL (IN)
  YESTERDAY        0.0
  MONTH TO DATE    0.0
  SINCE JUN 1      0.0
  SINCE JUL 1      0.0
  SNOW DEPTH       0

DEGREE DAYS
 HEATING
  YESTERDAY        0                                0
  MONTH TO DATE    0                                0
  SINCE JUN 1      0                               -3
  SINCE JUL 1      0                                0

 COOLING
  YESTERDAY       21                                3
  MONTH TO DATE   21                                3
  SINCE JUN 1   1102                              157
  SINCE JAN 1   1375                              189
...............................................................


WIND (MPH)
  HIGHEST WIND SPEED    18   HIGHEST WIND DIRECTION    NW (310)
  HIGHEST GUST SPEED    23   HIGHEST GUST DIRECTION    NW (320)
  AVERAGE WIND SPEED     7.7




RELATIVE HUMIDITY (PERCENT)
 HIGHEST    49
 LOWEST     16
 AVERAGE    33

..........................................................


THE FRESNO CA CLIMATE NORMALS FOR TODAY
                         NORMAL    RECORD    YEAR
 MAXIMUM TEMPERATURE (F)   99       112      1908
 MINIMUM TEMPERATURE (F)   68        53      1956


SUNRISE AND SUNSET
AUGUST  2 2015........SUNRISE   605 AM PDT   SUNSET   804 PM PDT
AUGUST  3 2015........SUNRISE   606 AM PDT   SUNSET   804 PM PDT


-  INDICATES NEGATIVE NUMBERS.
R  INDICATES RECORD WAS SET OR TIED.
MM INDICATES DATA IS MISSING.
T  INDICATES TRACE AMOUNT.




$$
