000
CDUS46 KHNX 200823
CLIFAT


CLIMATE REPORT
NATIONAL WEATHER SERVICE SAN JOAQUIN VALLEY, CA
122 AM PDT FRI OCT 20 2017


...................................

...THE FRESNO CA CLIMATE SUMMARY FOR OCTOBER 19 2017...

CLIMATE NORMAL PERIOD 1981 TO 2010
CLIMATE RECORD PERIOD 1887 TO 2017


WEATHER ITEM   OBSERVED TIME   RECORD YEAR NORMAL DEPARTURE
                VALUE   (LST)  VALUE       VALUE  FROM
                                                  NORMAL
...............................................................
TEMPERATURE (F)
 YESTERDAY
  MAXIMUM         82    334 PM  92    1921  78      4
                                      1903
  MINIMUM         48    633 AM  30    1949  52     -4
  AVERAGE         65                        65      0

PRECIPITATION (IN)
  YESTERDAY        0.00          0.75 2004   0.02  -0.02
  MONTH TO DATE    0.00                      0.29  -0.29
  SINCE OCT 1      0.00                      0.29  -0.29
  SINCE JAN 1     12.80                      8.32   4.48

SNOWFALL (IN)
  YESTERDAY        0.0
  MONTH TO DATE    0.0
  SINCE SEP 1      0.0
  SINCE JUL 1      0.0
  SNOW DEPTH       0

DEGREE DAYS
 HEATING
  YESTERDAY        0                               -2
  MONTH TO DATE   19                                0
  SINCE SEP 1     23                                2
  SINCE JUL 1     23                                2

 COOLING
  YESTERDAY        0                               -2
  MONTH TO DATE   32                              -55
  SINCE SEP 1    407                              -18
  SINCE JAN 1   2446                              337
...............................................................


WIND (MPH)
  HIGHEST WIND SPEED    18   HIGHEST WIND DIRECTION    NW (310)
  HIGHEST GUST SPEED    22   HIGHEST GUST DIRECTION    NW (310)
  AVERAGE WIND SPEED     5.5




RELATIVE HUMIDITY (PERCENT)
 HIGHEST    71
 LOWEST     18
 AVERAGE    45

..........................................................


THE FRESNO CA CLIMATE NORMALS FOR TODAY
                         NORMAL    RECORD    YEAR
 MAXIMUM TEMPERATURE (F)   78        94      1927
 MINIMUM TEMPERATURE (F)   52        35      1949


SUNRISE AND SUNSET
OCTOBER 20 2017.......SUNRISE   711 AM PDT   SUNSET   615 PM PDT
OCTOBER 21 2017.......SUNRISE   712 AM PDT   SUNSET   614 PM PDT


-  INDICATES NEGATIVE NUMBERS.
R  INDICATES RECORD WAS SET OR TIED.
MM INDICATES DATA IS MISSING.
T  INDICATES TRACE AMOUNT.




$$
