000
CDUS46 KHNX 300022
CLIFAT


CLIMATE REPORT
NATIONAL WEATHER SERVICE SAN JOAQUIN VALLEY, CA
521 PM PDT SUN MAR 29 2015


...................................

...THE FRESNO CA CLIMATE SUMMARY FOR MARCH 29 2015...
VALID AS OF 0500 PM LOCAL TIME.

CLIMATE NORMAL PERIOD 1981 TO 2010
CLIMATE RECORD PERIOD 1887 TO 2015


WEATHER ITEM   OBSERVED TIME   RECORD YEAR NORMAL DEPARTURE LAST
                VALUE   (LST)  VALUE       VALUE  FROM      YEAR
                                                  NORMAL
..................................................................
TEMPERATURE (F)
 TODAY
  MAXIMUM         86    319 PM  87    1969  70     16       76
  MINIMUM         53    545 AM  32    1891  47      6       52
  AVERAGE         70                        58     12       64

PRECIPITATION (IN)
  TODAY            0.00          1.21 1946   0.05  -0.05     0.20
  MONTH TO DATE    0.06                      1.93  -1.87     0.39
  SINCE OCT 1      4.59                      9.62  -5.03     3.79
  SINCE JAN 1      1.40                      6.15  -4.75     3.07

SNOWFALL (IN)
  TODAY            0.0
  MONTH TO DATE    0.0
  SINCE MAR 1      0.0
  SINCE JUL 1      0.0
  SNOW DEPTH       0

DEGREE DAYS
 HEATING
  TODAY            0                         7     -7        1
  MONTH TO DATE   83                       251   -168       74
  SINCE MAR 1     83                       251   -168       74
  SINCE JUL 1   1409                      2163   -754     1419

 COOLING
  TODAY            5                         0      5        0
  MONTH TO DATE   50                         0     50       12
  SINCE MAR 1     50                         0     50       12
  SINCE JAN 1     50                         0     50       12
..................................................................


WIND (MPH)
  HIGHEST WIND SPEED     9   HIGHEST WIND DIRECTION     W (280)
  HIGHEST GUST SPEED    13   HIGHEST GUST DIRECTION     W (270)
  AVERAGE WIND SPEED     2.7




RELATIVE HUMIDITY (PERCENT)
 HIGHEST    77
 LOWEST     19
 AVERAGE    48

..........................................................


THE FRESNO CA CLIMATE NORMALS FOR TOMORROW
                         NORMAL    RECORD    YEAR
 MAXIMUM TEMPERATURE (F)   70        85      2013
                                             2003
                                             1968
 MINIMUM TEMPERATURE (F)   47        31      1897


SUNRISE AND SUNSET
MARCH 29 2015.........SUNRISE   649 AM PDT   SUNSET   718 PM PDT
MARCH 30 2015.........SUNRISE   648 AM PDT   SUNSET   719 PM PDT


-  INDICATES NEGATIVE NUMBERS.
R  INDICATES RECORD WAS SET OR TIED.
MM INDICATES DATA IS MISSING.
T  INDICATES TRACE AMOUNT.




$$
