733
CDUS42 KRAH 280922
CLIFAY


CLIMATE REPORT
NATIONAL WEATHER SERVICE RALEIGH NC
421 AM EST TUE FEB 28 2017


...................................

...THE FAYETTEVILLE REGL AIRPORT NC CLIMATE SUMMARY FOR FEBRUARY 27 2017...

CLIMATE NORMAL PERIOD 1981 TO 2010
CLIMATE RECORD PERIOD 1910 TO 2017


WEATHER ITEM   OBSERVED TIME   RECORD YEAR NORMAL DEPARTURE LAST
                VALUE   (LST)  VALUE       VALUE  FROM      YEAR
                                                  NORMAL
..................................................................
TEMPERATURE (F)
 YESTERDAY
  MAXIMUM         68    300 PM  81    2011  62      6       53
  MINIMUM         33    500 AM  13    1963  37     -4       27
  AVERAGE         51                        50      1       40

PRECIPITATION (IN)
  YESTERDAY        0.00          1.48 1929   0.10  -0.10     0.00
  MONTH TO DATE    0.99                      2.67  -1.68     6.14
  SINCE DEC 1      6.06                      8.62  -2.56    14.35
  SINCE JAN 1      3.42                      5.97  -2.55     7.84

DEGREE DAYS
 HEATING
  YESTERDAY       14                        16     -2       25
  MONTH TO DATE  257                       485   -228      521
  SINCE DEC 1   1271                      1763   -492     1474
  SINCE JUL 1   1622                      2211   -589     1793

 COOLING
  YESTERDAY        0                         0      0        0
  MONTH TO DATE   14                         0     14        0
  SINCE DEC 1     15                         4     11       47
  SINCE JAN 1     15                         2     13        0
..................................................................


WIND (MPH)
  HIGHEST WIND SPEED    13   HIGHEST WIND DIRECTION     S (200)
  HIGHEST GUST SPEED    MM   HIGHEST GUST DIRECTION    MM
  AVERAGE WIND SPEED     9.2


SKY COVER
  POSSIBLE SUNSHINE  MM
  AVERAGE SKY COVER 0.0


WEATHER CONDITIONS
 THE FOLLOWING WEATHER WAS RECORDED YESTERDAY.
  NO SIGNIFICANT WEATHER WAS OBSERVED.


RELATIVE HUMIDITY (PERCENT)
 HIGHEST    MM
 LOWEST     MM
 AVERAGE    MM

..........................................................


THE FAYETTEVILLE REGL AIRPORT NC CLIMATE NORMALS FOR TODAY
                         NORMAL    RECORD    YEAR
 MAXIMUM TEMPERATURE (F)   62        83      2011
 MINIMUM TEMPERATURE (F)   38        14      1963


SUNRISE AND SUNSET
FEBRUARY 28 2017......SUNRISE   646 AM EST   SUNSET   611 PM EST
MARCH  1 2017.........SUNRISE   645 AM EST   SUNSET   611 PM EST


-  INDICATES NEGATIVE NUMBERS.
R  INDICATES RECORD WAS SET OR TIED.
MM INDICATES DATA IS MISSING.
T  INDICATES TRACE AMOUNT.


&&

MAX AND MIN TEMPERATURES WERE ESTIMATED.

$$
