000
CDUS42 KRAH 300753
CLIFAY


CLIMATE REPORT
NATIONAL WEATHER SERVICE RALEIGH NC
352 AM EDT WED JUL 30 2014


...................................

...THE FAYETTEVILLE REGL AIRPORT NC CLIMATE SUMMARY FOR JULY 29 2014...

CLIMATE NORMAL PERIOD 1981 TO 2010
CLIMATE RECORD PERIOD 1910 TO 2014


WEATHER ITEM   OBSERVED TIME   RECORD YEAR NORMAL DEPARTURE LAST
                VALUE   (LST)  VALUE       VALUE  FROM      YEAR
                                                  NORMAL
..................................................................
TEMPERATURE (F)
 YESTERDAY
  MAXIMUM         87    120 PM 103    2011  91     -4       91
  MINIMUM         68   1151 PM  57    1920  71     -3       71
  AVERAGE         78                        81     -3       81

PRECIPITATION (IN)
  YESTERDAY        0.00          2.59 1965   0.17  -0.17     0.06
  MONTH TO DATE    1.83                      5.55  -3.72     7.10
  SINCE JUN 1      4.52                      9.90  -5.38    15.68
  SINCE JAN 1     22.97                     25.57  -2.60    29.02

DEGREE DAYS
 HEATING
  YESTERDAY        0                         0      0        0
  MONTH TO DATE    0                         0      0        0
  SINCE JUN 1      0                         0      0        0
  SINCE JUL 1      0                         0      0        0

 COOLING
  YESTERDAY       13                        16     -3       16
  MONTH TO DATE  460                       475    -15      470
  SINCE JUN 1    917                       871     46      865
  SINCE JAN 1   1283                      1155    128     1114
..................................................................


WIND (MPH)
  HIGHEST WIND SPEED    14   HIGHEST WIND DIRECTION    NE (30)
  HIGHEST GUST SPEED    20   HIGHEST GUST DIRECTION    NW (320)
  AVERAGE WIND SPEED     6.0


SKY COVER
  POSSIBLE SUNSHINE  MM
  AVERAGE SKY COVER 0.5


WEATHER CONDITIONS
 THE FOLLOWING WEATHER WAS RECORDED YESTERDAY.
  NO SIGNIFICANT WEATHER WAS OBSERVED.


RELATIVE HUMIDITY (PERCENT)
 HIGHEST    78          1100 PM
 LOWEST     37           100 PM
 AVERAGE    58

..........................................................


THE FAYETTEVILLE REGL AIRPORT NC CLIMATE NORMALS FOR TODAY
                         NORMAL    RECORD    YEAR
 MAXIMUM TEMPERATURE (F)   91       105      2011
 MINIMUM TEMPERATURE (F)   71        59      1920


SUNRISE AND SUNSET
JULY 30 2014..........SUNRISE   623 AM EDT   SUNSET   820 PM EDT
JULY 31 2014..........SUNRISE   624 AM EDT   SUNSET   819 PM EDT


-  INDICATES NEGATIVE NUMBERS.
R  INDICATES RECORD WAS SET OR TIED.
MM INDICATES DATA IS MISSING.
T  INDICATES TRACE AMOUNT.




$$
