767
CDUS42 KRAH 300748
CLIFAY


CLIMATE REPORT
NATIONAL WEATHER SERVICE RALEIGH NC
346 AM EDT MON MAY 30 2016


...................................

...THE FAYETTEVILLE REGL AIRPORT NC CLIMATE SUMMARY FOR MAY 29 2016...

CLIMATE NORMAL PERIOD 1981 TO 2010
CLIMATE RECORD PERIOD 1910 TO 2016


WEATHER ITEM   OBSERVED TIME   RECORD YEAR NORMAL DEPARTURE LAST
                VALUE   (LST)  VALUE       VALUE  FROM      YEAR
                                                  NORMAL
..................................................................
TEMPERATURE (F)
 YESTERDAY
  MAXIMUM         84   1256 PM 102    1941  85     -1       89
  MINIMUM         71    515 AM  32    1942  63      8       64
  AVERAGE         78                        74      4       77

PRECIPITATION (IN)
  YESTERDAY        0.77          1.34 1958   0.15   0.62     0.00
  MONTH TO DATE    4.70                      2.93   1.77     2.26
  SINCE MAR 1      9.24                      9.30  -0.06     7.62
  SINCE JAN 1     17.08                     15.36   1.72    15.27

DEGREE DAYS
 HEATING
  YESTERDAY        0                         0      0        0
  MONTH TO DATE   27                        23      4       10
  SINCE MAR 1    356                       505   -149      446
  SINCE JUL 1   2169                      2730   -561     2942

 COOLING
  YESTERDAY       13                         9      4       12
  MONTH TO DATE  174                       180     -6      214
  SINCE MAR 1    309                       259     50      306
  SINCE JAN 1    309                       263     46      306
..................................................................


WIND (MPH)
  HIGHEST WIND SPEED    18   HIGHEST WIND DIRECTION     E (90)
  HIGHEST GUST SPEED    27   HIGHEST GUST DIRECTION     E (100)
  AVERAGE WIND SPEED     6.5


SKY COVER
  POSSIBLE SUNSHINE  MM
  AVERAGE SKY COVER 0.7


WEATHER CONDITIONS
 THE FOLLOWING WEATHER WAS RECORDED YESTERDAY.
  THUNDERSTORM
  HEAVY RAIN
  RAIN
  LIGHT RAIN
  FOG


RELATIVE HUMIDITY (PERCENT)
 HIGHEST    93           500 AM
 LOWEST     65           100 PM
 AVERAGE    79

..........................................................


THE FAYETTEVILLE REGL AIRPORT NC CLIMATE NORMALS FOR TODAY
                         NORMAL    RECORD    YEAR
 MAXIMUM TEMPERATURE (F)   86        97      1941
 MINIMUM TEMPERATURE (F)   63        48      1932


SUNRISE AND SUNSET
MAY 30 2016...........SUNRISE   603 AM EDT   SUNSET   823 PM EDT
MAY 31 2016...........SUNRISE   603 AM EDT   SUNSET   824 PM EDT


-  INDICATES NEGATIVE NUMBERS.
R  INDICATES RECORD WAS SET OR TIED.
MM INDICATES DATA IS MISSING.
T  INDICATES TRACE AMOUNT.




$$
