000
CDUS42 KRAH 170553
CLIFAY


CLIMATE REPORT
NATIONAL WEATHER SERVICE RALEIGH NC
151 AM EDT WED SEP 17 2014


...................................

...THE FAYETTEVILLE REGL AIRPORT NC CLIMATE SUMMARY FOR SEPTEMBER 16 2014...

CLIMATE NORMAL PERIOD 1981 TO 2010
CLIMATE RECORD PERIOD 1910 TO 2014


WEATHER ITEM   OBSERVED TIME   RECORD YEAR NORMAL DEPARTURE LAST
                VALUE   (LST)  VALUE       VALUE  FROM      YEAR
                                                  NORMAL
..................................................................
TEMPERATURE (F)
 YESTERDAY
  MAXIMUM         86    400 PM 100    1931  84      2       91
  MINIMUM         67   1159 PM  48    1985  64      3       64
  AVERAGE         77                        74      3       78

PRECIPITATION (IN)
  YESTERDAY        0.12          8.25 1989   0.15  -0.03     0.07
  MONTH TO DATE    5.85                      2.39   3.46     0.15
  SINCE SEP 1      5.85                      2.39   3.46     0.15
  SINCE JAN 1     32.77                     33.82  -1.05    34.71

DEGREE DAYS
 HEATING
  YESTERDAY        0                         0      0        0
  MONTH TO DATE    0                         0      0        0
  SINCE SEP 1      0                         0      0        0
  SINCE JUL 1      0                         0      0        0

 COOLING
  YESTERDAY       12                         9      3       13
  MONTH TO DATE  219                       173     46      218
  SINCE SEP 1    219                       173     46      218
  SINCE JAN 1   1960                      1813    147     1797
..................................................................


WIND (MPH)
  HIGHEST WIND SPEED    20   HIGHEST WIND DIRECTION     N (360)
  HIGHEST GUST SPEED    23   HIGHEST GUST DIRECTION     N (10)
  AVERAGE WIND SPEED     4.1


SKY COVER
  POSSIBLE SUNSHINE  MM
  AVERAGE SKY COVER 0.6


WEATHER CONDITIONS
 THE FOLLOWING WEATHER WAS RECORDED YESTERDAY.
  THUNDERSTORM
  LIGHT RAIN
  FOG


RELATIVE HUMIDITY (PERCENT)
 HIGHEST   100           100 AM
 LOWEST     51           300 PM
 AVERAGE    76

..........................................................


THE FAYETTEVILLE REGL AIRPORT NC CLIMATE NORMALS FOR TODAY
                         NORMAL    RECORD    YEAR
 MAXIMUM TEMPERATURE (F)   83       102      1931
 MINIMUM TEMPERATURE (F)   64        47      1966


SUNRISE AND SUNSET
SEPTEMBER 17 2014.....SUNRISE   700 AM EDT   SUNSET   720 PM EDT
SEPTEMBER 18 2014.....SUNRISE   701 AM EDT   SUNSET   718 PM EDT


-  INDICATES NEGATIVE NUMBERS.
R  INDICATES RECORD WAS SET OR TIED.
MM INDICATES DATA IS MISSING.
T  INDICATES TRACE AMOUNT.




$$
