000
CDUS42 KRAH 280547
CLIFAY


CLIMATE REPORT
NATIONAL WEATHER SERVICE RALEIGH NC
144 AM EDT WED SEP 28 2016


...................................

...THE FAYETTEVILLE REGL AIRPORT NC CLIMATE SUMMARY FOR SEPTEMBER 27 2016...

CLIMATE NORMAL PERIOD 1981 TO 2010
CLIMATE RECORD PERIOD 1910 TO 2016


WEATHER ITEM   OBSERVED TIME   RECORD YEAR NORMAL DEPARTURE LAST
                VALUE   (LST)  VALUE       VALUE  FROM      YEAR
                                                  NORMAL
..................................................................
TEMPERATURE (F)
 YESTERDAY
  MAXIMUM         86    149 PM  94    1986  80      6       78
  MINIMUM         70    936 PM  42    1943  60     10       68
  AVERAGE         78                        70      8       73

PRECIPITATION (IN)
  YESTERDAY        0.03          2.74 1962   0.15  -0.12     0.07
  MONTH TO DATE    5.48                      3.97   1.51     2.87
  SINCE SEP 1      5.48                      3.97   1.51     2.87
  SINCE JAN 1     32.14                     35.40  -3.26    33.66

DEGREE DAYS
 HEATING
  YESTERDAY        0                         1     -1        0
  MONTH TO DATE    0                         5     -5        0
  SINCE SEP 1      0                         5     -5        0
  SINCE JUL 1      0                         5     -5        0

 COOLING
  YESTERDAY       13                         6      7        8
  MONTH TO DATE  372                       254    118      285
  SINCE SEP 1    372                       254    118      285
  SINCE JAN 1   2366                      1894    472     2120
..................................................................


WIND (MPH)
  HIGHEST WIND SPEED    14   HIGHEST WIND DIRECTION     E (110)
  HIGHEST GUST SPEED    17   HIGHEST GUST DIRECTION     N (20)
  AVERAGE WIND SPEED     3.4


SKY COVER
  POSSIBLE SUNSHINE  MM
  AVERAGE SKY COVER 0.5


WEATHER CONDITIONS
 THE FOLLOWING WEATHER WAS RECORDED YESTERDAY.
  THUNDERSTORM
  LIGHT RAIN
  FOG


RELATIVE HUMIDITY (PERCENT)
 HIGHEST    97           500 AM
 LOWEST     59           100 PM
 AVERAGE    78

..........................................................


THE FAYETTEVILLE REGL AIRPORT NC CLIMATE NORMALS FOR TODAY
                         NORMAL    RECORD    YEAR
 MAXIMUM TEMPERATURE (F)   80        95      1933
 MINIMUM TEMPERATURE (F)   59        43      1943


SUNRISE AND SUNSET
SEPTEMBER 28 2016.....SUNRISE   708 AM EDT   SUNSET   703 PM EDT
SEPTEMBER 29 2016.....SUNRISE   709 AM EDT   SUNSET   702 PM EDT


-  INDICATES NEGATIVE NUMBERS.
R  INDICATES RECORD WAS SET OR TIED.
MM INDICATES DATA IS MISSING.
T  INDICATES TRACE AMOUNT.




$$
