000
CDUS42 KRAH 021440
CLIFAY


CLIMATE REPORT
NATIONAL WEATHER SERVICE RALEIGH NC
1038 AM EDT THU OCT 2 2014


...................................

...THE FAYETTEVILLE REGL AIRPORT NC CLIMATE SUMMARY FOR OCTOBER 2 2014...
VALID AS OF 1038 AM LOCAL TIME.

CLIMATE NORMAL PERIOD 1981 TO 2010
CLIMATE RECORD PERIOD 1910 TO 2014


WEATHER ITEM   OBSERVED TIME   RECORD YEAR NORMAL DEPARTURE LAST
                VALUE   (LST)  VALUE       VALUE  FROM      YEAR
                                                  NORMAL
..................................................................
TEMPERATURE (F)
 TODAY
  MAXIMUM                       93    1986  79     -7       87
  MINIMUM         62    627 AM  39    1993  58      4       58
  AVERAGE         67                        68     -1       73

PRECIPITATION (IN)
  TODAY            0.00          4.16 1929   0.18  -0.18     0.00
  MONTH TO DATE    0.00                      0.37  -0.37     0.00
  SINCE SEP 1      6.86                      4.77   2.09     1.07
  SINCE JAN 1     33.78                     36.20  -2.42    35.63

DEGREE DAYS
 HEATING
  TODAY            0                         1     -1        0
  MONTH TO DATE    0                         2     -2        0
  SINCE SEP 1      5                        11     -6        0
  SINCE JUL 1      5                        11     -6        0

 COOLING
  TODAY            2                         4     -2        8
  MONTH TO DATE    9                         9      0       12
  SINCE SEP 1    302                       277     25      277
  SINCE JAN 1   2043                      1917    126     1856
..................................................................


WIND (MPH)
  RESULTANT WIND SPEED   1   RESULTANT WIND DIRECTION  NE (30)
  HIGHEST WIND SPEED     7   HIGHEST WIND DIRECTION     N (20)
  HIGHEST GUST SPEED     8   HIGHEST GUST DIRECTION     N (20)
  AVERAGE WIND SPEED     1.3


SKY COVER
  POSSIBLE SUNSHINE  MM
  AVERAGE SKY COVER 0.5


WEATHER CONDITIONS
 THE FOLLOWING WEATHER WAS RECORDED TODAY.
  FOG
  HAZE


RELATIVE HUMIDITY (PERCENT)
 HIGHEST   100           200 AM
 LOWEST     84           900 AM
 AVERAGE    92

..........................................................




SUNRISE AND SUNSET
OCTOBER  2 2014.......SUNRISE   711 AM EDT   SUNSET   658 PM EDT
OCTOBER  3 2014.......SUNRISE   712 AM EDT   SUNSET   657 PM EDT


-  INDICATES NEGATIVE NUMBERS.
R  INDICATES RECORD WAS SET OR TIED.
MM INDICATES DATA IS MISSING.
T  INDICATES TRACE AMOUNT.




$$
