000
CDUS42 KRAH 230539
CLIFAY


CLIMATE REPORT
NATIONAL WEATHER SERVICE RALEIGH NC
1235 AM EST FRI FEB 23 2018


...................................

...THE FAYETTEVILLE REGL AIRPORT NC CLIMATE SUMMARY FOR FEBRUARY 22 2018...

CLIMATE NORMAL PERIOD 1981 TO 2010
CLIMATE RECORD PERIOD 1910 TO 2018


WEATHER ITEM   OBSERVED TIME   RECORD YEAR NORMAL DEPARTURE LAST
                VALUE   (LST)  VALUE       VALUE  FROM      YEAR
                                                  NORMAL
..................................................................
TEMPERATURE (F)
 YESTERDAY
  MAXIMUM         79R   435 PM  77    2003  61     18       76
  MINIMUM         63   1159 PM  17    1936  36     27       47
  AVERAGE         71                        49     22       62

PRECIPITATION (IN)
  YESTERDAY        0.00          1.31 1989   0.10  -0.10     0.00
  MONTH TO DATE    1.42                      2.18  -0.76     0.99
  SINCE DEC 1      7.47                      8.13  -0.66     6.06
  SINCE JAN 1      4.50                      5.48  -0.98     3.42

DEGREE DAYS
 HEATING
  YESTERDAY        0                        17    -17        3
  MONTH TO DATE  242                       405   -163      225
  SINCE DEC 1   1596                      1683    -87     1239
  SINCE JUL 1   2029                      2131   -102     1590

 COOLING
  YESTERDAY        6                         0      6        0
  MONTH TO DATE   31                         0     31        9
  SINCE DEC 1     31                         4     27       10
  SINCE JAN 1     31                         2     29       10
..................................................................


WIND (MPH)
  HIGHEST WIND SPEED    16   HIGHEST WIND DIRECTION    SW (210)
  HIGHEST GUST SPEED    19   HIGHEST GUST DIRECTION    SW (210)
  AVERAGE WIND SPEED     7.6


SKY COVER
  POSSIBLE SUNSHINE  MM
  AVERAGE SKY COVER 0.6


WEATHER CONDITIONS
 THE FOLLOWING WEATHER WAS RECORDED YESTERDAY.
  FOG
  FOG W/VISIBILITY <= 1/4 MILE


RELATIVE HUMIDITY (PERCENT)
 HIGHEST   100           100 AM
 LOWEST     52           500 PM
 AVERAGE    76

..........................................................


THE FAYETTEVILLE REGL AIRPORT NC CLIMATE NORMALS FOR TODAY
                         NORMAL    RECORD    YEAR
 MAXIMUM TEMPERATURE (F)   61        80      1922
 MINIMUM TEMPERATURE (F)   37        15      1947


SUNRISE AND SUNSET
FEBRUARY 23 2018......SUNRISE   652 AM EST   SUNSET   606 PM EST
FEBRUARY 24 2018......SUNRISE   651 AM EST   SUNSET   607 PM EST


-  INDICATES NEGATIVE NUMBERS.
R  INDICATES RECORD WAS SET OR TIED.
MM INDICATES DATA IS MISSING.
T  INDICATES TRACE AMOUNT.

$$
