000
CDUS42 KRAH 260548
CLIFAY

CLIMATE REPORT
NATIONAL WEATHER SERVICE RALEIGH NC
147 AM EDT FRI MAY 26 2017
...................................

...THE FAYETTEVILLE REGL AIRPORT NC CLIMATE SUMMARY FOR MAY 25 2017...

CLIMATE NORMAL PERIOD 1981 TO 2010
CLIMATE RECORD PERIOD 1910 TO 2017


WEATHER ITEM   OBSERVED TIME   RECORD YEAR NORMAL DEPARTURE LAST
                VALUE   (LST)  VALUE       VALUE  FROM      YEAR
                                                  NORMAL
..................................................................
TEMPERATURE (F)
 YESTERDAY
  MAXIMUM         80    337 PM  98    2011  85     -5       89
  MINIMUM         65    438 AM  46    1967  62      3       60
  AVERAGE         73                        73      0       75

PRECIPITATION (IN)
  YESTERDAY        0.03          2.70 1977   0.12  -0.09     0.00
  MONTH TO DATE    4.25                      2.39   1.86     3.93
  SINCE MAR 1     11.19                      8.76   2.43     8.47
  SINCE JAN 1     14.61                     14.82  -0.21    16.31

DEGREE DAYS
 HEATING
  YESTERDAY        0                         0      0        0
  MONTH TO DATE   12                        23    -11       27
  SINCE MAR 1    405                       505   -100      356
  SINCE JUL 1   2027                      2730   -703     2169

 COOLING
  YESTERDAY        8                         8      0       10
  MONTH TO DATE  200                       144     56      128
  SINCE MAR 1    403                       223    180      263
  SINCE JAN 1    418                       227    191      263
..................................................................


WIND (MPH)
  HIGHEST WIND SPEED    26   HIGHEST WIND DIRECTION     W (250)
  HIGHEST GUST SPEED    37   HIGHEST GUST DIRECTION    SW (220)
  AVERAGE WIND SPEED    14.6


SKY COVER
  POSSIBLE SUNSHINE  MM
  AVERAGE SKY COVER 0.3


WEATHER CONDITIONS
 THE FOLLOWING WEATHER WAS RECORDED YESTERDAY.
  LIGHT RAIN
  FOG


RELATIVE HUMIDITY (PERCENT)
 HIGHEST   100           600 AM
 LOWEST     39          1200 PM
 AVERAGE    70

..........................................................


THE FAYETTEVILLE REGL AIRPORT NC CLIMATE NORMALS FOR TODAY
                         NORMAL    RECORD    YEAR
 MAXIMUM TEMPERATURE (F)   85        98      1926
 MINIMUM TEMPERATURE (F)   62        44      1988


SUNRISE AND SUNSET
MAY 26 2017...........SUNRISE   605 AM EDT   SUNSET   821 PM EDT
MAY 27 2017...........SUNRISE   605 AM EDT   SUNSET   821 PM EDT


-  INDICATES NEGATIVE NUMBERS.
R  INDICATES RECORD WAS SET OR TIED.
MM INDICATES DATA IS MISSING.
T  INDICATES TRACE AMOUNT.


$$
